216.73.216.145 - - [21/Oct/2025:04:07:10 +0300] "GET /?path=%2Fvar%2Fwww%2Fiq22073873%2Fdata%2Fwww%2Fbckln.ru%2Fwell-known%2Facme-challenge%2Fb%2Fc%2Fd%2Fb HTTP/1.1" 200 13509 "-" "Mozilla/5.0 AppleWebKit/537.36 (KHTML, like Gecko; compatible; ClaudeBot/1.0; +claudebot@anthropic.com)"
216.73.216.145 - - [21/Oct/2025:04:07:09 +0300] "GET /?path=%2Fvar%2Fwww%2Fiq22073873%2Fdata%2Fwww%2Fbckln.ru%2Fwell-known%2Facme-challenge%2Fc%2Fd%2Fb%2Fb HTTP/1.0" 200 13481 "-" "Mozilla/5.0 AppleWebKit/537.36 (KHTML, like Gecko; compatible; ClaudeBot/1.0; +claudebot@anthropic.com)"
216.73.216.145 - - [21/Oct/2025:04:07:10 +0300] "GET /?path=%2Fvar%2Fwww%2Fiq22073873%2Fdata%2Fwww%2Fbckln.ru%2Fwell-known%2Facme-challenge%2Fc%2Fd%2Fb%2Fb HTTP/1.1" 200 13509 "-" "Mozilla/5.0 AppleWebKit/537.36 (KHTML, like Gecko; compatible; ClaudeBot/1.0; +claudebot@anthropic.com)"
216.73.216.145 - - [21/Oct/2025:04:07:09 +0300] "GET /?path=%2Fvar%2Fwww%2Fiq22073873%2Fdata%2Fwww%2Fbckln.ru%2Fwell-known%2Facme-challenge%2Fc%2Fb%2Fd%2Fb HTTP/1.0" 200 13481 "-" "Mozilla/5.0 AppleWebKit/537.36 (KHTML, like Gecko; compatible; ClaudeBot/1.0; +claudebot@anthropic.com)"
216.73.216.145 - - [21/Oct/2025:04:07:10 +0300] "GET /?path=%2Fvar%2Fwww%2Fiq22073873%2Fdata%2Fwww%2Fbckln.ru%2Fwell-known%2Facme-challenge%2Fc%2Fb%2Fd%2Fb HTTP/1.1" 200 13509 "-" "Mozilla/5.0 AppleWebKit/537.36 (KHTML, like Gecko; compatible; ClaudeBot/1.0; +claudebot@anthropic.com)"
216.73.216.145 - - [21/Oct/2025:04:07:09 +0300] "GET /?path=%2Fvar%2Fwww%2Fiq22073873%2Fdata%2Fwww%2Fbckln.ru%2Fwell-known%2Facme-challenge%2Fc%2Ff%2Fg%2Fe HTTP/1.0" 200 13481 "-" "Mozilla/5.0 AppleWebKit/537.36 (KHTML, like Gecko; compatible; ClaudeBot/1.0; +claudebot@anthropic.com)"
216.73.216.145 - - [21/Oct/2025:04:07:10 +0300] "GET /?path=%2Fvar%2Fwww%2Fiq22073873%2Fdata%2Fwww%2Fbckln.ru%2Fwell-known%2Facme-challenge%2Fc%2Ff%2Fg%2Fe HTTP/1.1" 200 13509 "-" "Mozilla/5.0 AppleWebKit/537.36 (KHTML, like Gecko; compatible; ClaudeBot/1.0; +claudebot@anthropic.com)"
216.73.216.145 - - [21/Oct/2025:04:07:10 +0300] "GET /?path=%2Fvar%2Fwww%2Fiq22073873%2Fdata%2Fwww%2Fbckln.ru%2Fwell-known%2Facme-challenge%2Fg%2Fc%2Ff%2Fe HTTP/1.0" 200 13481 "-" "Mozilla/5.0 AppleWebKit/537.36 (KHTML, like Gecko; compatible; ClaudeBot/1.0; +claudebot@anthropic.com)"
216.73.216.145 - - [21/Oct/2025:04:07:10 +0300] "GET /?path=%2Fvar%2Fwww%2Fiq22073873%2Fdata%2Fwww%2Fbckln.ru%2Fwell-known%2Facme-challenge%2Fg%2Fc%2Ff%2Fe HTTP/1.1" 200 13509 "-" "Mozilla/5.0 AppleWebKit/537.36 (KHTML, like Gecko; compatible; ClaudeBot/1.0; +claudebot@anthropic.com)"
216.73.216.145 - - [21/Oct/2025:04:07:09 +0300] "GET /?path=%2Fvar%2Fwww%2Fiq22073873%2Fdata%2Fwww%2Fbckln.ru%2Fwell-known%2Facme-challenge%2Fd%2Fc%2Fb%2Fb HTTP/1.0" 200 13481 "-" "Mozilla/5.0 AppleWebKit/537.36 (KHTML, like Gecko; compatible; ClaudeBot/1.0; +claudebot@anthropic.com)"
216.73.216.145 - - [21/Oct/2025:04:07:10 +0300] "GET /?path=%2Fvar%2Fwww%2Fiq22073873%2Fdata%2Fwww%2Fbckln.ru%2Fwell-known%2Facme-challenge%2Fd%2Fc%2Fb%2Fb HTTP/1.1" 200 13509 "-" "Mozilla/5.0 AppleWebKit/537.36 (KHTML, like Gecko; compatible; ClaudeBot/1.0; +claudebot@anthropic.com)"
216.73.216.145 - - [21/Oct/2025:04:07:10 +0300] "GET /?path=%2Fvar%2Fwww%2Fiq22073873%2Fdata%2Fwww%2Fbckln.ru%2Fwell-known%2Facme-challenge%2Ff%2Fc%2Fg%2Fe HTTP/1.0" 200 13481 "-" "Mozilla/5.0 AppleWebKit/537.36 (KHTML, like Gecko; compatible; ClaudeBot/1.0; +claudebot@anthropic.com)"
216.73.216.145 - - [21/Oct/2025:04:07:10 +0300] "GET /?path=%2Fvar%2Fwww%2Fiq22073873%2Fdata%2Fwww%2Fbckln.ru%2Fwell-known%2Facme-challenge%2Ff%2Fc%2Fg%2Fe HTTP/1.1" 200 13509 "-" "Mozilla/5.0 AppleWebKit/537.36 (KHTML, like Gecko; compatible; ClaudeBot/1.0; +claudebot@anthropic.com)"
216.73.216.145 - - [21/Oct/2025:04:07:10 +0300] "GET /?path=%2Fvar%2Fwww%2Fiq22073873%2Fdata%2Fwww%2Fbckln.ru%2Fwell-known%2Facme-challenge%2Fc%2Fd%2Fg%2Fa HTTP/1.0" 200 13481 "-" "Mozilla/5.0 AppleWebKit/537.36 (KHTML, like Gecko; compatible; ClaudeBot/1.0; +claudebot@anthropic.com)"
216.73.216.145 - - [21/Oct/2025:04:07:11 +0300] "GET /?path=%2Fvar%2Fwww%2Fiq22073873%2Fdata%2Fwww%2Fbckln.ru%2Fwell-known%2Facme-challenge%2Fc%2Fd%2Fg%2Fa HTTP/1.1" 200 13509 "-" "Mozilla/5.0 AppleWebKit/537.36 (KHTML, like Gecko; compatible; ClaudeBot/1.0; +claudebot@anthropic.com)"
159.223.39.246 - - [21/Oct/2025:04:07:10 +0300] "GET / HTTP/1.0" 200 72774 "-" "Mozilla/5.0 (Windows NT 10.0; Win64; x64) AppleWebKit/537.36 (KHTML, like Gecko) Chrome/89.0.4389.114 Safari/537.36"
159.223.39.246 - - [21/Oct/2025:04:07:11 +0300] "GET / HTTP/1.1" 200 72827 "-" "Mozilla/5.0 (Windows NT 10.0; Win64; x64) AppleWebKit/537.36 (KHTML, like Gecko) Chrome/89.0.4389.114 Safari/537.36"
216.73.216.145 - - [21/Oct/2025:04:07:10 +0300] "GET /?path=%2Fvar%2Fwww%2Fiq22073873%2Fdata%2Fwww%2Fbckln.ru%2Fwell-known%2Facme-challenge%2Fg%2Fc%2Fd%2Fa HTTP/1.0" 200 13481 "-" "Mozilla/5.0 AppleWebKit/537.36 (KHTML, like Gecko; compatible; ClaudeBot/1.0; +claudebot@anthropic.com)"
216.73.216.145 - - [21/Oct/2025:04:07:11 +0300] "GET /?path=%2Fvar%2Fwww%2Fiq22073873%2Fdata%2Fwww%2Fbckln.ru%2Fwell-known%2Facme-challenge%2Fg%2Fc%2Fd%2Fa HTTP/1.1" 200 13509 "-" "Mozilla/5.0 AppleWebKit/537.36 (KHTML, like Gecko; compatible; ClaudeBot/1.0; +claudebot@anthropic.com)"
216.73.216.145 - - [21/Oct/2025:04:07:10 +0300] "GET /?path=%2Fvar%2Fwww%2Fiq22073873%2Fdata%2Fwww%2Fbckln.ru%2Fwell-known%2Facme-challenge%2Fd%2Fc%2Fg%2Fa HTTP/1.0" 200 13481 "-" "Mozilla/5.0 AppleWebKit/537.36 (KHTML, like Gecko; compatible; ClaudeBot/1.0; +claudebot@anthropic.com)"
216.73.216.145 - - [21/Oct/2025:04:07:11 +0300] "GET /?path=%2Fvar%2Fwww%2Fiq22073873%2Fdata%2Fwww%2Fbckln.ru%2Fwell-known%2Facme-challenge%2Fd%2Fc%2Fg%2Fa HTTP/1.1" 200 13509 "-" "Mozilla/5.0 AppleWebKit/537.36 (KHTML, like Gecko; compatible; ClaudeBot/1.0; +claudebot@anthropic.com)"
216.73.216.145 - - [21/Oct/2025:04:07:10 +0300] "GET /?path=%2Fvar%2Fwww%2Fiq22073873%2Fdata%2Fwww%2Fbckln.ru%2Fwell-known%2Facme-challenge%2Ff%2Fb%2Fg%2Fh HTTP/1.0" 200 13481 "-" "Mozilla/5.0 AppleWebKit/537.36 (KHTML, like Gecko; compatible; ClaudeBot/1.0; +claudebot@anthropic.com)"
216.73.216.145 - - [21/Oct/2025:04:07:11 +0300] "GET /?path=%2Fvar%2Fwww%2Fiq22073873%2Fdata%2Fwww%2Fbckln.ru%2Fwell-known%2Facme-challenge%2Ff%2Fb%2Fg%2Fh HTTP/1.1" 200 13509 "-" "Mozilla/5.0 AppleWebKit/537.36 (KHTML, like Gecko; compatible; ClaudeBot/1.0; +claudebot@anthropic.com)"
216.73.216.145 - - [21/Oct/2025:04:07:11 +0300] "GET /?path=%2Fvar%2Fwww%2Fiq22073873%2Fdata%2Fwww%2Fbckln.ru%2Fwell-known%2Facme-challenge%2Fb%2Ff%2Fg%2Fh HTTP/1.0" 200 13481 "-" "Mozilla/5.0 AppleWebKit/537.36 (KHTML, like Gecko; compatible; ClaudeBot/1.0; +claudebot@anthropic.com)"
216.73.216.145 - - [21/Oct/2025:04:07:11 +0300] "GET /?path=%2Fvar%2Fwww%2Fiq22073873%2Fdata%2Fwww%2Fbckln.ru%2Fwell-known%2Facme-challenge%2Fb%2Ff%2Fg%2Fh HTTP/1.1" 200 13509 "-" "Mozilla/5.0 AppleWebKit/537.36 (KHTML, like Gecko; compatible; ClaudeBot/1.0; +claudebot@anthropic.com)"
216.73.216.145 - - [21/Oct/2025:04:07:10 +0300] "GET /?path=%2Fvar%2Fwww%2Fiq22073873%2Fdata%2Fwww%2Fbckln.ru%2Fwell-known%2Facme-challenge%2Fe%2Fd%2Fd%2Fb HTTP/1.0" 200 13481 "-" "Mozilla/5.0 AppleWebKit/537.36 (KHTML, like Gecko; compatible; ClaudeBot/1.0; +claudebot@anthropic.com)"
216.73.216.145 - - [21/Oct/2025:04:07:11 +0300] "GET /?path=%2Fvar%2Fwww%2Fiq22073873%2Fdata%2Fwww%2Fbckln.ru%2Fwell-known%2Facme-challenge%2Fe%2Fd%2Fd%2Fb HTTP/1.1" 200 13509 "-" "Mozilla/5.0 AppleWebKit/537.36 (KHTML, like Gecko; compatible; ClaudeBot/1.0; +claudebot@anthropic.com)"
216.73.216.145 - - [21/Oct/2025:04:07:10 +0300] "GET /?path=%2Fvar%2Fwww%2Fiq22073873%2Fdata%2Fwww%2Fbckln.ru%2Fwell-known%2Facme-challenge%2Fe%2Fe%2Ff%2Fa HTTP/1.0" 200 13481 "-" "Mozilla/5.0 AppleWebKit/537.36 (KHTML, like Gecko; compatible; ClaudeBot/1.0; +claudebot@anthropic.com)"
216.73.216.145 - - [21/Oct/2025:04:07:11 +0300] "GET /?path=%2Fvar%2Fwww%2Fiq22073873%2Fdata%2Fwww%2Fbckln.ru%2Fwell-known%2Facme-challenge%2Fe%2Fe%2Ff%2Fa HTTP/1.1" 200 13494 "-" "Mozilla/5.0 AppleWebKit/537.36 (KHTML, like Gecko; compatible; ClaudeBot/1.0; +claudebot@anthropic.com)"
216.73.216.145 - - [21/Oct/2025:04:07:10 +0300] "GET /?path=%2Fvar%2Fwww%2Fiq22073873%2Fdata%2Fwww%2Fbckln.ru%2Fwell-known%2Facme-challenge%2Fd%2Fe%2Fd%2Fb HTTP/1.0" 200 13481 "-" "Mozilla/5.0 AppleWebKit/537.36 (KHTML, like Gecko; compatible; ClaudeBot/1.0; +claudebot@anthropic.com)"
216.73.216.145 - - [21/Oct/2025:04:07:11 +0300] "GET /?path=%2Fvar%2Fwww%2Fiq22073873%2Fdata%2Fwww%2Fbckln.ru%2Fwell-known%2Facme-challenge%2Fd%2Fe%2Fd%2Fb HTTP/1.1" 200 13509 "-" "Mozilla/5.0 AppleWebKit/537.36 (KHTML, like Gecko; compatible; ClaudeBot/1.0; +claudebot@anthropic.com)"
216.73.216.145 - - [21/Oct/2025:04:07:11 +0300] "GET /?path=%2Fvar%2Fwww%2Fiq22073873%2Fdata%2Fwww%2Fbckln.ru%2Fwell-known%2Facme-challenge%2Fd%2Fc%2Fg%2Fe HTTP/1.1" 502 184 "-" "Mozilla/5.0 AppleWebKit/537.36 (KHTML, like Gecko; compatible; ClaudeBot/1.0; +claudebot@anthropic.com)"
216.73.216.145 - - [21/Oct/2025:04:07:11 +0300] "GET /?path=%2Fvar%2Fwww%2Fiq22073873%2Fdata%2Fwww%2Fbckln.ru%2Fwell-known%2Facme-challenge%2Fg%2Ff%2Fa%2Ff HTTP/1.0" 200 13481 "-" "Mozilla/5.0 AppleWebKit/537.36 (KHTML, like Gecko; compatible; ClaudeBot/1.0; +claudebot@anthropic.com)"
216.73.216.145 - - [21/Oct/2025:04:07:11 +0300] "GET /?path=%2Fvar%2Fwww%2Fiq22073873%2Fdata%2Fwww%2Fbckln.ru%2Fwell-known%2Facme-challenge%2Fg%2Ff%2Fa%2Ff HTTP/1.1" 200 13509 "-" "Mozilla/5.0 AppleWebKit/537.36 (KHTML, like Gecko; compatible; ClaudeBot/1.0; +claudebot@anthropic.com)"
216.73.216.145 - - [21/Oct/2025:04:07:11 +0300] "GET /?path=%2Fvar%2Fwww%2Fiq22073873%2Fdata%2Fwww%2Fbckln.ru%2Fwell-known%2Facme-challenge%2Fc%2Fh%2Fd%2Fe HTTP/1.0" 200 13481 "-" "Mozilla/5.0 AppleWebKit/537.36 (KHTML, like Gecko; compatible; ClaudeBot/1.0; +claudebot@anthropic.com)"
216.73.216.145 - - [21/Oct/2025:04:07:12 +0300] "GET /?path=%2Fvar%2Fwww%2Fiq22073873%2Fdata%2Fwww%2Fbckln.ru%2Fwell-known%2Facme-challenge%2Fc%2Fh%2Fd%2Fe HTTP/1.1" 200 13509 "-" "Mozilla/5.0 AppleWebKit/537.36 (KHTML, like Gecko; compatible; ClaudeBot/1.0; +claudebot@anthropic.com)"
20.171.207.236 - - [21/Oct/2025:04:07:11 +0300] "GET /pages.php?l=48813&product/sign79?c=g HTTP/1.0" 200 62007 "-" "Mozilla/5.0 AppleWebKit/537.36 (KHTML, like Gecko; compatible; GPTBot/1.2; +https://openai.com/gptbot)"
20.171.207.236 - - [21/Oct/2025:04:07:12 +0300] "GET /pages.php?l=48813&product/sign79?c=g HTTP/1.1" 200 62083 "-" "Mozilla/5.0 AppleWebKit/537.36 (KHTML, like Gecko; compatible; GPTBot/1.2; +https://openai.com/gptbot)"
216.73.216.145 - - [21/Oct/2025:04:07:11 +0300] "GET /'?fileloc=%2Fvar%2Fwww%2Fiq22073873%2Fdata%2Fwww%2Fbckln.ru%2Fwp-admin%2Fimages%2Fspinner-2x.gif&path=%2Fvar%2Fwww%2Fiq22073873%2Fdata%2Fwww%2Fbckln.ru%2Fwp-admin%2Fimages HTTP/1.0" 200 12734 "-" "Mozilla/5.0 AppleWebKit/537.36 (KHTML, like Gecko; compatible; ClaudeBot/1.0; +claudebot@anthropic.com)"
216.73.216.145 - - [21/Oct/2025:04:07:12 +0300] "GET /'?fileloc=%2Fvar%2Fwww%2Fiq22073873%2Fdata%2Fwww%2Fbckln.ru%2Fwp-admin%2Fimages%2Fspinner-2x.gif&path=%2Fvar%2Fwww%2Fiq22073873%2Fdata%2Fwww%2Fbckln.ru%2Fwp-admin%2Fimages HTTP/1.1" 200 12762 "-" "Mozilla/5.0 AppleWebKit/537.36 (KHTML, like Gecko; compatible; ClaudeBot/1.0; +claudebot@anthropic.com)"
216.73.216.145 - - [21/Oct/2025:04:07:11 +0300] "GET /?path=%2Fvar%2Fwww%2Fiq22073873%2Fdata%2Fwww%2Fbckln.ru%2Fwell-known%2Facme-challenge%2Fh%2Fc%2Fd%2Fe HTTP/1.0" 200 13481 "-" "Mozilla/5.0 AppleWebKit/537.36 (KHTML, like Gecko; compatible; ClaudeBot/1.0; +claudebot@anthropic.com)"
216.73.216.145 - - [21/Oct/2025:04:07:12 +0300] "GET /?path=%2Fvar%2Fwww%2Fiq22073873%2Fdata%2Fwww%2Fbckln.ru%2Fwell-known%2Facme-challenge%2Fh%2Fc%2Fd%2Fe HTTP/1.1" 200 13509 "-" "Mozilla/5.0 AppleWebKit/537.36 (KHTML, like Gecko; compatible; ClaudeBot/1.0; +claudebot@anthropic.com)"
216.73.216.145 - - [21/Oct/2025:04:07:11 +0300] "GET /?path=%2Fvar%2Fwww%2Fiq22073873%2Fdata%2Fwww%2Fbckln.ru%2Fwell-known%2Facme-challenge%2Fg%2Fc%2Fd%2Fe HTTP/1.0" 200 13481 "-" "Mozilla/5.0 AppleWebKit/537.36 (KHTML, like Gecko; compatible; ClaudeBot/1.0; +claudebot@anthropic.com)"
216.73.216.145 - - [21/Oct/2025:04:07:12 +0300] "GET /?path=%2Fvar%2Fwww%2Fiq22073873%2Fdata%2Fwww%2Fbckln.ru%2Fwell-known%2Facme-challenge%2Fg%2Fc%2Fd%2Fe HTTP/1.1" 200 13509 "-" "Mozilla/5.0 AppleWebKit/537.36 (KHTML, like Gecko; compatible; ClaudeBot/1.0; +claudebot@anthropic.com)"
216.73.216.145 - - [21/Oct/2025:04:07:12 +0300] "GET /?path=%2Fvar%2Fwww%2Fiq22073873%2Fdata%2Fwww%2Fbckln.ru%2Fwell-known%2Facme-challenge%2Fd%2Fb%2Fg%2Fh HTTP/1.0" 200 13481 "-" "Mozilla/5.0 AppleWebKit/537.36 (KHTML, like Gecko; compatible; ClaudeBot/1.0; +claudebot@anthropic.com)"
216.73.216.145 - - [21/Oct/2025:04:07:12 +0300] "GET /?path=%2Fvar%2Fwww%2Fiq22073873%2Fdata%2Fwww%2Fbckln.ru%2Fwell-known%2Facme-challenge%2Fd%2Fb%2Fg%2Fh HTTP/1.1" 200 13509 "-" "Mozilla/5.0 AppleWebKit/537.36 (KHTML, like Gecko; compatible; ClaudeBot/1.0; +claudebot@anthropic.com)"
216.73.216.145 - - [21/Oct/2025:04:07:12 +0300] "GET /?path=%2Fvar%2Fwww%2Fiq22073873%2Fdata%2Fwww%2Fbckln.ru%2Fwell-known%2Facme-challenge%2Fa%2Fa%2Fa%2Fe HTTP/1.0" 200 13481 "-" "Mozilla/5.0 AppleWebKit/537.36 (KHTML, like Gecko; compatible; ClaudeBot/1.0; +claudebot@anthropic.com)"
216.73.216.145 - - [21/Oct/2025:04:07:12 +0300] "GET /?path=%2Fvar%2Fwww%2Fiq22073873%2Fdata%2Fwww%2Fbckln.ru%2Fwell-known%2Facme-challenge%2Fa%2Fa%2Fa%2Fe HTTP/1.1" 200 13509 "-" "Mozilla/5.0 AppleWebKit/537.36 (KHTML, like Gecko; compatible; ClaudeBot/1.0; +claudebot@anthropic.com)"
216.73.216.145 - - [21/Oct/2025:04:07:11 +0300] "GET /?path=%2Fvar%2Fwww%2Fiq22073873%2Fdata%2Fwww%2Fbckln.ru%2Fwell-known%2Facme-challenge%2Fc%2Fd%2Fg%2Fe HTTP/1.0" 200 13481 "-" "Mozilla/5.0 AppleWebKit/537.36 (KHTML, like Gecko; compatible; ClaudeBot/1.0; +claudebot@anthropic.com)"
216.73.216.145 - - [21/Oct/2025:04:07:12 +0300] "GET /?path=%2Fvar%2Fwww%2Fiq22073873%2Fdata%2Fwww%2Fbckln.ru%2Fwell-known%2Facme-challenge%2Fc%2Fd%2Fg%2Fe HTTP/1.1" 200 13509 "-" "Mozilla/5.0 AppleWebKit/537.36 (KHTML, like Gecko; compatible; ClaudeBot/1.0; +claudebot@anthropic.com)"
216.73.216.145 - - [21/Oct/2025:04:07:12 +0300] "GET /?path=%2Fvar%2Fwww%2Fiq22073873%2Fdata%2Fwww%2Fbckln.ru%2Fwell-known%2Facme-challenge%2Fc%2Fh%2Fb%2Ff HTTP/1.0" 200 13481 "-" "Mozilla/5.0 AppleWebKit/537.36 (KHTML, like Gecko; compatible; ClaudeBot/1.0; +claudebot@anthropic.com)"
216.73.216.145 - - [21/Oct/2025:04:07:12 +0300] "GET /?path=%2Fvar%2Fwww%2Fiq22073873%2Fdata%2Fwww%2Fbckln.ru%2Fwell-known%2Facme-challenge%2Fc%2Fh%2Fb%2Ff HTTP/1.1" 200 13509 "-" "Mozilla/5.0 AppleWebKit/537.36 (KHTML, like Gecko; compatible; ClaudeBot/1.0; +claudebot@anthropic.com)"
159.223.39.246 - - [21/Oct/2025:04:07:12 +0300] "GET / HTTP/1.0" 200 72774 "-" "Mozilla/5.0 (Windows NT 10.0; Win64; x64) AppleWebKit/537.36 (KHTML, like Gecko) Chrome/89.0.4389.114 Safari/537.36"
159.223.39.246 - - [21/Oct/2025:04:07:13 +0300] "GET / HTTP/1.1" 200 72858 "-" "Mozilla/5.0 (Windows NT 10.0; Win64; x64) AppleWebKit/537.36 (KHTML, like Gecko) Chrome/89.0.4389.114 Safari/537.36"
216.73.216.145 - - [21/Oct/2025:04:07:12 +0300] "GET /?path=%2Fvar%2Fwww%2Fiq22073873%2Fdata%2Fwww%2Fbckln.ru%2Fwell-known%2Facme-challenge%2Fg%2Fc%2Fb%2Ff HTTP/1.0" 200 13481 "-" "Mozilla/5.0 AppleWebKit/537.36 (KHTML, like Gecko; compatible; ClaudeBot/1.0; +claudebot@anthropic.com)"
216.73.216.145 - - [21/Oct/2025:04:07:13 +0300] "GET /?path=%2Fvar%2Fwww%2Fiq22073873%2Fdata%2Fwww%2Fbckln.ru%2Fwell-known%2Facme-challenge%2Fg%2Fc%2Fb%2Ff HTTP/1.1" 200 13509 "-" "Mozilla/5.0 AppleWebKit/537.36 (KHTML, like Gecko; compatible; ClaudeBot/1.0; +claudebot@anthropic.com)"
216.73.216.145 - - [21/Oct/2025:04:07:12 +0300] "GET /?path=%2Fvar%2Fwww%2Fiq22073873%2Fdata%2Fwww%2Fbckln.ru%2Fwell-known%2Facme-challenge%2Fb%2Fh%2Fc%2Ff HTTP/1.0" 200 13481 "-" "Mozilla/5.0 AppleWebKit/537.36 (KHTML, like Gecko; compatible; ClaudeBot/1.0; +claudebot@anthropic.com)"
216.73.216.145 - - [21/Oct/2025:04:07:13 +0300] "GET /?path=%2Fvar%2Fwww%2Fiq22073873%2Fdata%2Fwww%2Fbckln.ru%2Fwell-known%2Facme-challenge%2Fb%2Fh%2Fc%2Ff HTTP/1.1" 200 13509 "-" "Mozilla/5.0 AppleWebKit/537.36 (KHTML, like Gecko; compatible; ClaudeBot/1.0; +claudebot@anthropic.com)"
216.73.216.145 - - [21/Oct/2025:04:07:12 +0300] "GET /?path=%2Fvar%2Fwww%2Fiq22073873%2Fdata%2Fwww%2Fbckln.ru%2Fwell-known%2Facme-challenge%2Fd%2Fe%2Fe%2Fa HTTP/1.0" 200 13481 "-" "Mozilla/5.0 AppleWebKit/537.36 (KHTML, like Gecko; compatible; ClaudeBot/1.0; +claudebot@anthropic.com)"
216.73.216.145 - - [21/Oct/2025:04:07:13 +0300] "GET /?path=%2Fvar%2Fwww%2Fiq22073873%2Fdata%2Fwww%2Fbckln.ru%2Fwell-known%2Facme-challenge%2Fd%2Fe%2Fe%2Fa HTTP/1.1" 200 13509 "-" "Mozilla/5.0 AppleWebKit/537.36 (KHTML, like Gecko; compatible; ClaudeBot/1.0; +claudebot@anthropic.com)"
216.73.216.145 - - [21/Oct/2025:04:07:13 +0300] "GET /?path=%2Fvar%2Fwww%2Fiq22073873%2Fdata%2Fwww%2Fbckln.ru%2Fwell-known%2Facme-challenge%2Fh%2Fc%2Fa%2Fa HTTP/1.0" 200 13481 "-" "Mozilla/5.0 AppleWebKit/537.36 (KHTML, like Gecko; compatible; ClaudeBot/1.0; +claudebot@anthropic.com)"
216.73.216.145 - - [21/Oct/2025:04:07:13 +0300] "GET /?path=%2Fvar%2Fwww%2Fiq22073873%2Fdata%2Fwww%2Fbckln.ru%2Fwell-known%2Facme-challenge%2Fh%2Fc%2Fa%2Fa HTTP/1.1" 200 13509 "-" "Mozilla/5.0 AppleWebKit/537.36 (KHTML, like Gecko; compatible; ClaudeBot/1.0; +claudebot@anthropic.com)"
216.73.216.145 - - [21/Oct/2025:04:07:12 +0300] "GET /?path=%2Fvar%2Fwww%2Fiq22073873%2Fdata%2Fwww%2Fbckln.ru%2Fwell-known%2Facme-challenge%2Fe%2Fe%2Ff%2Fe HTTP/1.0" 200 13481 "-" "Mozilla/5.0 AppleWebKit/537.36 (KHTML, like Gecko; compatible; ClaudeBot/1.0; +claudebot@anthropic.com)"
216.73.216.145 - - [21/Oct/2025:04:07:13 +0300] "GET /?path=%2Fvar%2Fwww%2Fiq22073873%2Fdata%2Fwww%2Fbckln.ru%2Fwell-known%2Facme-challenge%2Fe%2Fe%2Ff%2Fe HTTP/1.1" 200 13509 "-" "Mozilla/5.0 AppleWebKit/537.36 (KHTML, like Gecko; compatible; ClaudeBot/1.0; +claudebot@anthropic.com)"
216.73.216.145 - - [21/Oct/2025:04:07:13 +0300] "GET /?path=%2Fvar%2Fwww%2Fiq22073873%2Fdata%2Fwww%2Fbckln.ru%2Fwell-known%2Facme-challenge%2Fg%2Fh%2Fc%2Fd HTTP/1.0" 200 13481 "-" "Mozilla/5.0 AppleWebKit/537.36 (KHTML, like Gecko; compatible; ClaudeBot/1.0; +claudebot@anthropic.com)"
216.73.216.145 - - [21/Oct/2025:04:07:13 +0300] "GET /?path=%2Fvar%2Fwww%2Fiq22073873%2Fdata%2Fwww%2Fbckln.ru%2Fwell-known%2Facme-challenge%2Fg%2Fh%2Fc%2Fd HTTP/1.1" 200 13509 "-" "Mozilla/5.0 AppleWebKit/537.36 (KHTML, like Gecko; compatible; ClaudeBot/1.0; +claudebot@anthropic.com)"
216.73.216.145 - - [21/Oct/2025:04:07:13 +0300] "GET /?path=%2Fvar%2Fwww%2Fiq22073873%2Fdata%2Fwww%2Fbckln.ru%2Fwell-known%2Facme-challenge%2Fe%2Fa%2Ff%2Fb HTTP/1.0" 200 13481 "-" "Mozilla/5.0 AppleWebKit/537.36 (KHTML, like Gecko; compatible; ClaudeBot/1.0; +claudebot@anthropic.com)"
216.73.216.145 - - [21/Oct/2025:04:07:13 +0300] "GET /?path=%2Fvar%2Fwww%2Fiq22073873%2Fdata%2Fwww%2Fbckln.ru%2Fwell-known%2Facme-challenge%2Fe%2Fa%2Ff%2Fb HTTP/1.1" 200 13509 "-" "Mozilla/5.0 AppleWebKit/537.36 (KHTML, like Gecko; compatible; ClaudeBot/1.0; +claudebot@anthropic.com)"
216.73.216.145 - - [21/Oct/2025:04:07:12 +0300] "GET /?path=%2Fvar%2Fwww%2Fiq22073873%2Fdata%2Fwww%2Fbckln.ru%2Fwell-known%2Facme-challenge%2Fc%2Fh%2Fa%2Fa HTTP/1.0" 200 13481 "-" "Mozilla/5.0 AppleWebKit/537.36 (KHTML, like Gecko; compatible; ClaudeBot/1.0; +claudebot@anthropic.com)"
216.73.216.145 - - [21/Oct/2025:04:07:13 +0300] "GET /?path=%2Fvar%2Fwww%2Fiq22073873%2Fdata%2Fwww%2Fbckln.ru%2Fwell-known%2Facme-challenge%2Fc%2Fh%2Fa%2Fa HTTP/1.1" 200 13509 "-" "Mozilla/5.0 AppleWebKit/537.36 (KHTML, like Gecko; compatible; ClaudeBot/1.0; +claudebot@anthropic.com)"
216.73.216.145 - - [21/Oct/2025:04:07:13 +0300] "GET /?path=%2Fvar%2Fwww%2Fiq22073873%2Fdata%2Fwww%2Fbckln.ru%2Fwell-known%2Facme-challenge%2Fa%2Fa%2Fa%2Fa HTTP/1.0" 200 13481 "-" "Mozilla/5.0 AppleWebKit/537.36 (KHTML, like Gecko; compatible; ClaudeBot/1.0; +claudebot@anthropic.com)"
216.73.216.145 - - [21/Oct/2025:04:07:14 +0300] "GET /?path=%2Fvar%2Fwww%2Fiq22073873%2Fdata%2Fwww%2Fbckln.ru%2Fwell-known%2Facme-challenge%2Fa%2Fa%2Fa%2Fa HTTP/1.1" 200 13509 "-" "Mozilla/5.0 AppleWebKit/537.36 (KHTML, like Gecko; compatible; ClaudeBot/1.0; +claudebot@anthropic.com)"
216.73.216.145 - - [21/Oct/2025:04:07:13 +0300] "GET /?path=%2Fvar%2Fwww%2Fiq22073873%2Fdata%2Fwww%2Fbckln.ru%2Fwell-known%2Facme-challenge%2Fa%2Fe%2Fa%2Fe HTTP/1.0" 200 13481 "-" "Mozilla/5.0 AppleWebKit/537.36 (KHTML, like Gecko; compatible; ClaudeBot/1.0; +claudebot@anthropic.com)"
216.73.216.145 - - [21/Oct/2025:04:07:14 +0300] "GET /?path=%2Fvar%2Fwww%2Fiq22073873%2Fdata%2Fwww%2Fbckln.ru%2Fwell-known%2Facme-challenge%2Fa%2Fe%2Fa%2Fe HTTP/1.1" 200 13509 "-" "Mozilla/5.0 AppleWebKit/537.36 (KHTML, like Gecko; compatible; ClaudeBot/1.0; +claudebot@anthropic.com)"
216.73.216.145 - - [21/Oct/2025:04:07:13 +0300] "GET /?path=%2Fvar%2Fwww%2Fiq22073873%2Fdata%2Fwww%2Fbckln.ru%2Fwell-known%2Facme-challenge%2Fe%2Fa%2Fa%2Fe HTTP/1.0" 200 13481 "-" "Mozilla/5.0 AppleWebKit/537.36 (KHTML, like Gecko; compatible; ClaudeBot/1.0; +claudebot@anthropic.com)"
216.73.216.145 - - [21/Oct/2025:04:07:14 +0300] "GET /?path=%2Fvar%2Fwww%2Fiq22073873%2Fdata%2Fwww%2Fbckln.ru%2Fwell-known%2Facme-challenge%2Fe%2Fa%2Fa%2Fe HTTP/1.1" 200 13509 "-" "Mozilla/5.0 AppleWebKit/537.36 (KHTML, like Gecko; compatible; ClaudeBot/1.0; +claudebot@anthropic.com)"
216.73.216.145 - - [21/Oct/2025:04:07:13 +0300] "GET /?path=%2Fvar%2Fwww%2Fiq22073873%2Fdata%2Fwww%2Fbckln.ru%2Fwell-known%2Facme-challenge%2Fd%2Fe%2Fe%2Fe HTTP/1.0" 200 13481 "-" "Mozilla/5.0 AppleWebKit/537.36 (KHTML, like Gecko; compatible; ClaudeBot/1.0; +claudebot@anthropic.com)"
216.73.216.145 - - [21/Oct/2025:04:07:14 +0300] "GET /?path=%2Fvar%2Fwww%2Fiq22073873%2Fdata%2Fwww%2Fbckln.ru%2Fwell-known%2Facme-challenge%2Fd%2Fe%2Fe%2Fe HTTP/1.1" 200 13509 "-" "Mozilla/5.0 AppleWebKit/537.36 (KHTML, like Gecko; compatible; ClaudeBot/1.0; +claudebot@anthropic.com)"
216.73.216.145 - - [21/Oct/2025:04:07:13 +0300] "GET /?path=%2Fvar%2Fwww%2Fiq22073873%2Fdata%2Fwww%2Fbckln.ru%2Fwell-known%2Facme-challenge%2Fe%2Fa%2Fa%2Fa HTTP/1.0" 200 13481 "-" "Mozilla/5.0 AppleWebKit/537.36 (KHTML, like Gecko; compatible; ClaudeBot/1.0; +claudebot@anthropic.com)"
216.73.216.145 - - [21/Oct/2025:04:07:14 +0300] "GET /?path=%2Fvar%2Fwww%2Fiq22073873%2Fdata%2Fwww%2Fbckln.ru%2Fwell-known%2Facme-challenge%2Fe%2Fa%2Fa%2Fa HTTP/1.1" 200 13509 "-" "Mozilla/5.0 AppleWebKit/537.36 (KHTML, like Gecko; compatible; ClaudeBot/1.0; +claudebot@anthropic.com)"
216.73.216.145 - - [21/Oct/2025:04:07:14 +0300] "GET /?path=%2Fvar%2Fwww%2Fiq22073873%2Fdata%2Fwww%2Fbckln.ru%2Fwell-known%2Facme-challenge%2Fa%2Fe%2Fa%2Fa HTTP/1.0" 200 13481 "-" "Mozilla/5.0 AppleWebKit/537.36 (KHTML, like Gecko; compatible; ClaudeBot/1.0; +claudebot@anthropic.com)"
216.73.216.145 - - [21/Oct/2025:04:07:14 +0300] "GET /?path=%2Fvar%2Fwww%2Fiq22073873%2Fdata%2Fwww%2Fbckln.ru%2Fwell-known%2Facme-challenge%2Fa%2Fe%2Fa%2Fa HTTP/1.1" 200 13509 "-" "Mozilla/5.0 AppleWebKit/537.36 (KHTML, like Gecko; compatible; ClaudeBot/1.0; +claudebot@anthropic.com)"
216.73.216.145 - - [21/Oct/2025:04:07:14 +0300] "GET /?path=%2Fvar%2Fwww%2Fiq22073873%2Fdata%2Fwww%2Fbckln.ru%2Fwell-known%2Facme-challenge%2Fa%2Fb%2Fh%2Fh HTTP/1.0" 200 13481 "-" "Mozilla/5.0 AppleWebKit/537.36 (KHTML, like Gecko; compatible; ClaudeBot/1.0; +claudebot@anthropic.com)"
216.73.216.145 - - [21/Oct/2025:04:07:14 +0300] "GET /?path=%2Fvar%2Fwww%2Fiq22073873%2Fdata%2Fwww%2Fbckln.ru%2Fwell-known%2Facme-challenge%2Fa%2Fb%2Fh%2Fh HTTP/1.1" 200 13509 "-" "Mozilla/5.0 AppleWebKit/537.36 (KHTML, like Gecko; compatible; ClaudeBot/1.0; +claudebot@anthropic.com)"
216.73.216.145 - - [21/Oct/2025:04:07:14 +0300] "GET /?path=%2Fvar%2Fwww%2Fiq22073873%2Fdata%2Fwww%2Fbckln.ru%2Fwell-known%2Facme-challenge%2Fa%2Fe%2Fd%2Fb HTTP/1.0" 200 13481 "-" "Mozilla/5.0 AppleWebKit/537.36 (KHTML, like Gecko; compatible; ClaudeBot/1.0; +claudebot@anthropic.com)"
216.73.216.145 - - [21/Oct/2025:04:07:14 +0300] "GET /?path=%2Fvar%2Fwww%2Fiq22073873%2Fdata%2Fwww%2Fbckln.ru%2Fwell-known%2Facme-challenge%2Fa%2Fe%2Fd%2Fb HTTP/1.1" 200 13509 "-" "Mozilla/5.0 AppleWebKit/537.36 (KHTML, like Gecko; compatible; ClaudeBot/1.0; +claudebot@anthropic.com)"
216.73.216.145 - - [21/Oct/2025:04:07:14 +0300] "GET /?path=%2Fvar%2Fwww%2Fiq22073873%2Fdata%2Fwww%2Fbckln.ru%2Fwell-known%2Facme-challenge%2Fe%2Fa%2Fd%2Fb HTTP/1.0" 200 13481 "-" "Mozilla/5.0 AppleWebKit/537.36 (KHTML, like Gecko; compatible; ClaudeBot/1.0; +claudebot@anthropic.com)"
216.73.216.145 - - [21/Oct/2025:04:07:14 +0300] "GET /?path=%2Fvar%2Fwww%2Fiq22073873%2Fdata%2Fwww%2Fbckln.ru%2Fwell-known%2Facme-challenge%2Fe%2Fa%2Fd%2Fb HTTP/1.1" 200 13509 "-" "Mozilla/5.0 AppleWebKit/537.36 (KHTML, like Gecko; compatible; ClaudeBot/1.0; +claudebot@anthropic.com)"
216.73.216.145 - - [21/Oct/2025:04:07:15 +0300] "GET /?path=%2Fvar%2Fwww%2Fiq22073873%2Fdata%2Fwww%2Fbckln.ru%2Fwell-known%2Facme-challenge%2Fc%2Fh%2Fa%2Fe HTTP/1.1" 502 184 "-" "Mozilla/5.0 AppleWebKit/537.36 (KHTML, like Gecko; compatible; ClaudeBot/1.0; +claudebot@anthropic.com)"
216.73.216.145 - - [21/Oct/2025:04:07:14 +0300] "GET /?path=%2Fvar%2Fwww%2Fiq22073873%2Fdata%2Fwww%2Fbckln.ru%2Fwell-known%2Facme-challenge%2Fh%2Fc%2Fa%2Fe HTTP/1.0" 200 13481 "-" "Mozilla/5.0 AppleWebKit/537.36 (KHTML, like Gecko; compatible; ClaudeBot/1.0; +claudebot@anthropic.com)"
216.73.216.145 - - [21/Oct/2025:04:07:15 +0300] "GET /?path=%2Fvar%2Fwww%2Fiq22073873%2Fdata%2Fwww%2Fbckln.ru%2Fwell-known%2Facme-challenge%2Fh%2Fc%2Fa%2Fe HTTP/1.1" 200 13509 "-" "Mozilla/5.0 AppleWebKit/537.36 (KHTML, like Gecko; compatible; ClaudeBot/1.0; +claudebot@anthropic.com)"
216.73.216.145 - - [21/Oct/2025:04:07:14 +0300] "GET /?path=%2Fvar%2Fwww%2Fiq22073873%2Fdata%2Fwww%2Fbckln.ru%2Fwell-known%2Facme-challenge%2Fg%2Fe%2Fd%2Ff HTTP/1.0" 200 13481 "-" "Mozilla/5.0 AppleWebKit/537.36 (KHTML, like Gecko; compatible; ClaudeBot/1.0; +claudebot@anthropic.com)"
216.73.216.145 - - [21/Oct/2025:04:07:15 +0300] "GET /?path=%2Fvar%2Fwww%2Fiq22073873%2Fdata%2Fwww%2Fbckln.ru%2Fwell-known%2Facme-challenge%2Fg%2Fe%2Fd%2Ff HTTP/1.1" 200 13509 "-" "Mozilla/5.0 AppleWebKit/537.36 (KHTML, like Gecko; compatible; ClaudeBot/1.0; +claudebot@anthropic.com)"
216.73.216.145 - - [21/Oct/2025:04:07:15 +0300] "GET /?path=%2Fvar%2Fwww%2Fiq22073873%2Fdata%2Fwww%2Fbckln.ru%2Fwell-known%2Facme-challenge%2Fa%2Fa%2Fa%2Fb HTTP/1.0" 200 13481 "-" "Mozilla/5.0 AppleWebKit/537.36 (KHTML, like Gecko; compatible; ClaudeBot/1.0; +claudebot@anthropic.com)"
216.73.216.145 - - [21/Oct/2025:04:07:15 +0300] "GET /?path=%2Fvar%2Fwww%2Fiq22073873%2Fdata%2Fwww%2Fbckln.ru%2Fwell-known%2Facme-challenge%2Fa%2Fa%2Fa%2Fb HTTP/1.1" 200 13509 "-" "Mozilla/5.0 AppleWebKit/537.36 (KHTML, like Gecko; compatible; ClaudeBot/1.0; +claudebot@anthropic.com)"
216.73.216.145 - - [21/Oct/2025:04:07:14 +0300] "GET /?path=%2Fvar%2Fwww%2Fiq22073873%2Fdata%2Fwww%2Fbckln.ru%2Fwell-known%2Facme-challenge%2Fg%2Fc%2Ff%2Fb HTTP/1.0" 200 13481 "-" "Mozilla/5.0 AppleWebKit/537.36 (KHTML, like Gecko; compatible; ClaudeBot/1.0; +claudebot@anthropic.com)"
216.73.216.145 - - [21/Oct/2025:04:07:15 +0300] "GET /?path=%2Fvar%2Fwww%2Fiq22073873%2Fdata%2Fwww%2Fbckln.ru%2Fwell-known%2Facme-challenge%2Fg%2Fc%2Ff%2Fb HTTP/1.1" 200 13509 "-" "Mozilla/5.0 AppleWebKit/537.36 (KHTML, like Gecko; compatible; ClaudeBot/1.0; +claudebot@anthropic.com)"
20.171.207.236 - - [21/Oct/2025:04:07:14 +0300] "GET /pages.php?l=525&product/incredible81?c=g HTTP/1.0" 200 86642 "-" "Mozilla/5.0 AppleWebKit/537.36 (KHTML, like Gecko; compatible; GPTBot/1.2; +https://openai.com/gptbot)"
20.171.207.236 - - [21/Oct/2025:04:07:15 +0300] "GET /pages.php?l=525&product/incredible81?c=g HTTP/1.1" 200 86735 "-" "Mozilla/5.0 AppleWebKit/537.36 (KHTML, like Gecko; compatible; GPTBot/1.2; +https://openai.com/gptbot)"
216.73.216.145 - - [21/Oct/2025:04:07:15 +0300] "GET /?path=%2Fvar%2Fwww%2Fiq22073873%2Fdata%2Fwww%2Fbckln.ru%2Fwell-known%2Facme-challenge%2Ff%2Fc%2Fd%2Fg HTTP/1.0" 200 13481 "-" "Mozilla/5.0 AppleWebKit/537.36 (KHTML, like Gecko; compatible; ClaudeBot/1.0; +claudebot@anthropic.com)"
216.73.216.145 - - [21/Oct/2025:04:07:15 +0300] "GET /?path=%2Fvar%2Fwww%2Fiq22073873%2Fdata%2Fwww%2Fbckln.ru%2Fwell-known%2Facme-challenge%2Ff%2Fc%2Fd%2Fg HTTP/1.1" 200 13509 "-" "Mozilla/5.0 AppleWebKit/537.36 (KHTML, like Gecko; compatible; ClaudeBot/1.0; +claudebot@anthropic.com)"
216.73.216.145 - - [21/Oct/2025:04:07:14 +0300] "GET /?path=%2Fvar%2Fwww%2Fiq22073873%2Fdata%2Fwww%2Fbckln.ru%2Fwell-known%2Facme-challenge%2Fc%2Ff%2Fg%2Fb HTTP/1.0" 200 13481 "-" "Mozilla/5.0 AppleWebKit/537.36 (KHTML, like Gecko; compatible; ClaudeBot/1.0; +claudebot@anthropic.com)"
216.73.216.145 - - [21/Oct/2025:04:07:15 +0300] "GET /?path=%2Fvar%2Fwww%2Fiq22073873%2Fdata%2Fwww%2Fbckln.ru%2Fwell-known%2Facme-challenge%2Fc%2Ff%2Fg%2Fb HTTP/1.1" 200 13509 "-" "Mozilla/5.0 AppleWebKit/537.36 (KHTML, like Gecko; compatible; ClaudeBot/1.0; +claudebot@anthropic.com)"
216.73.216.145 - - [21/Oct/2025:04:07:14 +0300] "GET /?path=%2Fvar%2Fwww%2Fiq22073873%2Fdata%2Fwww%2Fbckln.ru%2Fwell-known%2Facme-challenge%2Ff%2Fc%2Fg%2Fb HTTP/1.0" 200 13481 "-" "Mozilla/5.0 AppleWebKit/537.36 (KHTML, like Gecko; compatible; ClaudeBot/1.0; +claudebot@anthropic.com)"
216.73.216.145 - - [21/Oct/2025:04:07:15 +0300] "GET /?path=%2Fvar%2Fwww%2Fiq22073873%2Fdata%2Fwww%2Fbckln.ru%2Fwell-known%2Facme-challenge%2Ff%2Fc%2Fg%2Fb HTTP/1.1" 200 13509 "-" "Mozilla/5.0 AppleWebKit/537.36 (KHTML, like Gecko; compatible; ClaudeBot/1.0; +claudebot@anthropic.com)"
216.73.216.145 - - [21/Oct/2025:04:07:15 +0300] "GET /?path=%2Fvar%2Fwww%2Fiq22073873%2Fdata%2Fwww%2Fbckln.ru%2Fwell-known%2Facme-challenge%2Fa%2Fc%2Fg%2Fa HTTP/1.0" 200 13481 "-" "Mozilla/5.0 AppleWebKit/537.36 (KHTML, like Gecko; compatible; ClaudeBot/1.0; +claudebot@anthropic.com)"
216.73.216.145 - - [21/Oct/2025:04:07:15 +0300] "GET /?path=%2Fvar%2Fwww%2Fiq22073873%2Fdata%2Fwww%2Fbckln.ru%2Fwell-known%2Facme-challenge%2Fa%2Fc%2Fg%2Fa HTTP/1.1" 200 13509 "-" "Mozilla/5.0 AppleWebKit/537.36 (KHTML, like Gecko; compatible; ClaudeBot/1.0; +claudebot@anthropic.com)"
216.73.216.145 - - [21/Oct/2025:04:07:15 +0300] "GET /?path=%2Fvar%2Fwww%2Fiq22073873%2Fdata%2Fwww%2Fbckln.ru%2Fwell-known%2Facme-challenge%2Fc%2Fh%2Ff%2Fb HTTP/1.0" 200 13481 "-" "Mozilla/5.0 AppleWebKit/537.36 (KHTML, like Gecko; compatible; ClaudeBot/1.0; +claudebot@anthropic.com)"
216.73.216.145 - - [21/Oct/2025:04:07:16 +0300] "GET /?path=%2Fvar%2Fwww%2Fiq22073873%2Fdata%2Fwww%2Fbckln.ru%2Fwell-known%2Facme-challenge%2Fc%2Fh%2Ff%2Fb HTTP/1.1" 200 13509 "-" "Mozilla/5.0 AppleWebKit/537.36 (KHTML, like Gecko; compatible; ClaudeBot/1.0; +claudebot@anthropic.com)"
216.73.216.145 - - [21/Oct/2025:04:07:16 +0300] "GET /?path=%2Fvar%2Fwww%2Fiq22073873%2Fdata%2Fwww%2Fbckln.ru%2Fwell-known%2Facme-challenge%2Fa%2Fc%2Fg%2Fe HTTP/1.0" 500 - "-" "Mozilla/5.0 AppleWebKit/537.36 (KHTML, like Gecko; compatible; ClaudeBot/1.0; +claudebot@anthropic.com)"
216.73.216.145 - - [21/Oct/2025:04:07:16 +0300] "GET /?path=%2Fvar%2Fwww%2Fiq22073873%2Fdata%2Fwww%2Fbckln.ru%2Fwell-known%2Facme-challenge%2Fa%2Fc%2Fg%2Fe HTTP/1.1" 500 0 "-" "Mozilla/5.0 AppleWebKit/537.36 (KHTML, like Gecko; compatible; ClaudeBot/1.0; +claudebot@anthropic.com)"
216.73.216.145 - - [21/Oct/2025:04:07:15 +0300] "GET /?path=%2Fvar%2Fwww%2Fiq22073873%2Fdata%2Fwww%2Fbckln.ru%2Fwell-known%2Facme-challenge%2Fh%2Fc%2Ff%2Fb HTTP/1.0" 200 13481 "-" "Mozilla/5.0 AppleWebKit/537.36 (KHTML, like Gecko; compatible; ClaudeBot/1.0; +claudebot@anthropic.com)"
216.73.216.145 - - [21/Oct/2025:04:07:16 +0300] "GET /?path=%2Fvar%2Fwww%2Fiq22073873%2Fdata%2Fwww%2Fbckln.ru%2Fwell-known%2Facme-challenge%2Fh%2Fc%2Ff%2Fb HTTP/1.1" 200 13509 "-" "Mozilla/5.0 AppleWebKit/537.36 (KHTML, like Gecko; compatible; ClaudeBot/1.0; +claudebot@anthropic.com)"
216.73.216.145 - - [21/Oct/2025:04:07:15 +0300] "GET /?path=%2Fvar%2Fwww%2Fiq22073873%2Fdata%2Fwww%2Fbckln.ru%2Fwell-known%2Facme-challenge%2Fg%2Fc%2Fa%2Fa HTTP/1.0" 200 13481 "-" "Mozilla/5.0 AppleWebKit/537.36 (KHTML, like Gecko; compatible; ClaudeBot/1.0; +claudebot@anthropic.com)"
216.73.216.145 - - [21/Oct/2025:04:07:16 +0300] "GET /?path=%2Fvar%2Fwww%2Fiq22073873%2Fdata%2Fwww%2Fbckln.ru%2Fwell-known%2Facme-challenge%2Fg%2Fc%2Fa%2Fa HTTP/1.1" 200 13494 "-" "Mozilla/5.0 AppleWebKit/537.36 (KHTML, like Gecko; compatible; ClaudeBot/1.0; +claudebot@anthropic.com)"
216.73.216.145 - - [21/Oct/2025:04:07:15 +0300] "GET /?path=%2Fvar%2Fwww%2Fiq22073873%2Fdata%2Fwww%2Fbckln.ru%2Fwell-known%2Facme-challenge%2Fc%2Fa%2Fg%2Fa HTTP/1.0" 200 13481 "-" "Mozilla/5.0 AppleWebKit/537.36 (KHTML, like Gecko; compatible; ClaudeBot/1.0; +claudebot@anthropic.com)"
216.73.216.145 - - [21/Oct/2025:04:07:16 +0300] "GET /?path=%2Fvar%2Fwww%2Fiq22073873%2Fdata%2Fwww%2Fbckln.ru%2Fwell-known%2Facme-challenge%2Fc%2Fa%2Fg%2Fa HTTP/1.1" 200 13509 "-" "Mozilla/5.0 AppleWebKit/537.36 (KHTML, like Gecko; compatible; ClaudeBot/1.0; +claudebot@anthropic.com)"
216.73.216.145 - - [21/Oct/2025:04:07:15 +0300] "GET /?path=%2Fvar%2Fwww%2Fiq22073873%2Fdata%2Fwww%2Fbckln.ru%2Fwell-known%2Facme-challenge%2Fg%2Fc%2Fa%2Fe HTTP/1.0" 200 13481 "-" "Mozilla/5.0 AppleWebKit/537.36 (KHTML, like Gecko; compatible; ClaudeBot/1.0; +claudebot@anthropic.com)"
216.73.216.145 - - [21/Oct/2025:04:07:16 +0300] "GET /?path=%2Fvar%2Fwww%2Fiq22073873%2Fdata%2Fwww%2Fbckln.ru%2Fwell-known%2Facme-challenge%2Fg%2Fc%2Fa%2Fe HTTP/1.1" 200 13509 "-" "Mozilla/5.0 AppleWebKit/537.36 (KHTML, like Gecko; compatible; ClaudeBot/1.0; +claudebot@anthropic.com)"
216.73.216.145 - - [21/Oct/2025:04:07:16 +0300] "GET /?path=%2Fvar%2Fwww%2Fiq22073873%2Fdata%2Fwww%2Fbckln.ru%2Fwell-known%2Facme-challenge%2Fc%2Fa%2Fg%2Fe HTTP/1.0" 200 13481 "-" "Mozilla/5.0 AppleWebKit/537.36 (KHTML, like Gecko; compatible; ClaudeBot/1.0; +claudebot@anthropic.com)"
216.73.216.145 - - [21/Oct/2025:04:07:16 +0300] "GET /?path=%2Fvar%2Fwww%2Fiq22073873%2Fdata%2Fwww%2Fbckln.ru%2Fwell-known%2Facme-challenge%2Fc%2Fa%2Fg%2Fe HTTP/1.1" 200 13509 "-" "Mozilla/5.0 AppleWebKit/537.36 (KHTML, like Gecko; compatible; ClaudeBot/1.0; +claudebot@anthropic.com)"
216.73.216.145 - - [21/Oct/2025:04:07:16 +0300] "GET /?path=%2Fvar%2Fwww%2Fiq22073873%2Fdata%2Fwww%2Fbckln.ru%2Fwell-known%2Facme-challenge%2Ff%2Ff%2Ff%2Fd HTTP/1.0" 200 13481 "-" "Mozilla/5.0 AppleWebKit/537.36 (KHTML, like Gecko; compatible; ClaudeBot/1.0; +claudebot@anthropic.com)"
216.73.216.145 - - [21/Oct/2025:04:07:16 +0300] "GET /?path=%2Fvar%2Fwww%2Fiq22073873%2Fdata%2Fwww%2Fbckln.ru%2Fwell-known%2Facme-challenge%2Ff%2Ff%2Ff%2Fd HTTP/1.1" 200 13509 "-" "Mozilla/5.0 AppleWebKit/537.36 (KHTML, like Gecko; compatible; ClaudeBot/1.0; +claudebot@anthropic.com)"
159.223.39.246 - - [21/Oct/2025:04:07:13 +0300] "GET /wp-includes/wlwmanifest.xml HTTP/1.0" 200 72776 "-" "Mozilla/5.0 (Windows NT 10.0; Win64; x64) AppleWebKit/537.36 (KHTML, like Gecko) Chrome/89.0.4389.114 Safari/537.36"
159.223.39.246 - - [21/Oct/2025:04:07:17 +0300] "GET /wp-includes/wlwmanifest.xml HTTP/1.1" 200 72829 "-" "Mozilla/5.0 (Windows NT 10.0; Win64; x64) AppleWebKit/537.36 (KHTML, like Gecko) Chrome/89.0.4389.114 Safari/537.36"
159.223.39.246 - - [21/Oct/2025:04:07:18 +0300] "GET /xmlrpc.php?rsd HTTP/1.1" 404 583 "-" "Mozilla/5.0 (Windows NT 10.0; Win64; x64) AppleWebKit/537.36 (KHTML, like Gecko) Chrome/89.0.4389.114 Safari/537.36"
20.171.207.236 - - [21/Oct/2025:04:07:17 +0300] "GET /pages.php?_bd_prev_page=https://bckln.ru/collect.aspx?045023324.htm&_bdsid=8i31wb.n~FBOZA.171882992.173951532&_gz=2.198475681.196329788.172254536-860287671.160667979 HTTP/1.0" 200 88136 "-" "Mozilla/5.0 AppleWebKit/537.36 (KHTML, like Gecko; compatible; GPTBot/1.2; +https://openai.com/gptbot)"
20.171.207.236 - - [21/Oct/2025:04:07:18 +0300] "GET /pages.php?_bd_prev_page=https://bckln.ru/collect.aspx?045023324.htm&_bdsid=8i31wb.n~FBOZA.171882992.173951532&_gz=2.198475681.196329788.172254536-860287671.160667979 HTTP/1.1" 200 88244 "-" "Mozilla/5.0 AppleWebKit/537.36 (KHTML, like Gecko; compatible; GPTBot/1.2; +https://openai.com/gptbot)"
159.223.39.246 - - [21/Oct/2025:04:07:18 +0300] "GET / HTTP/1.0" 200 72776 "-" "Mozilla/5.0 (Windows NT 10.0; Win64; x64) AppleWebKit/537.36 (KHTML, like Gecko) Chrome/89.0.4389.114 Safari/537.36"
159.223.39.246 - - [21/Oct/2025:04:07:19 +0300] "GET / HTTP/1.1" 200 72860 "-" "Mozilla/5.0 (Windows NT 10.0; Win64; x64) AppleWebKit/537.36 (KHTML, like Gecko) Chrome/89.0.4389.114 Safari/537.36"
159.223.39.246 - - [21/Oct/2025:04:07:19 +0300] "GET /blog/wp-includes/wlwmanifest.xml HTTP/1.0" 200 72776 "-" "Mozilla/5.0 (Windows NT 10.0; Win64; x64) AppleWebKit/537.36 (KHTML, like Gecko) Chrome/89.0.4389.114 Safari/537.36"
159.223.39.246 - - [21/Oct/2025:04:07:20 +0300] "GET /blog/wp-includes/wlwmanifest.xml HTTP/1.1" 200 72860 "-" "Mozilla/5.0 (Windows NT 10.0; Win64; x64) AppleWebKit/537.36 (KHTML, like Gecko) Chrome/89.0.4389.114 Safari/537.36"
20.171.207.236 - - [21/Oct/2025:04:07:20 +0300] "GET /pages.php?_bd_prev_page=https://bckln.ru/collect.aspx?product/cite45?c=g&_bdsid=8i31wb.n~FBOZA.171882992.173951532&_gz=2.198475681.196329788.172254536-860287671.160667979&l=23045 HTTP/1.0" 200 76387 "-" "Mozilla/5.0 AppleWebKit/537.36 (KHTML, like Gecko; compatible; GPTBot/1.2; +https://openai.com/gptbot)"
20.171.207.236 - - [21/Oct/2025:04:07:21 +0300] "GET /pages.php?_bd_prev_page=https://bckln.ru/collect.aspx?product/cite45?c=g&_bdsid=8i31wb.n~FBOZA.171882992.173951532&_gz=2.198475681.196329788.172254536-860287671.160667979&l=23045 HTTP/1.1" 200 76479 "-" "Mozilla/5.0 AppleWebKit/537.36 (KHTML, like Gecko; compatible; GPTBot/1.2; +https://openai.com/gptbot)"
159.223.39.246 - - [21/Oct/2025:04:07:21 +0300] "GET /web/wp-includes/wlwmanifest.xml HTTP/1.0" 200 72776 "-" "Mozilla/5.0 (Windows NT 10.0; Win64; x64) AppleWebKit/537.36 (KHTML, like Gecko) Chrome/89.0.4389.114 Safari/537.36"
159.223.39.246 - - [21/Oct/2025:04:07:21 +0300] "GET /web/wp-includes/wlwmanifest.xml HTTP/1.1" 200 72860 "-" "Mozilla/5.0 (Windows NT 10.0; Win64; x64) AppleWebKit/537.36 (KHTML, like Gecko) Chrome/89.0.4389.114 Safari/537.36"
216.73.216.145 - - [21/Oct/2025:04:07:21 +0300] "GET /?path=%2Fvar%2Fwww%2Fiq22073873%2Fdata%2Fwww%2Fbckln.ru%2Fwell-known%2Facme-challenge%2Fc%2Fd%2Fg%2Fb HTTP/1.0" 200 13481 "-" "Mozilla/5.0 AppleWebKit/537.36 (KHTML, like Gecko; compatible; ClaudeBot/1.0; +claudebot@anthropic.com)"
216.73.216.145 - - [21/Oct/2025:04:07:22 +0300] "GET /?path=%2Fvar%2Fwww%2Fiq22073873%2Fdata%2Fwww%2Fbckln.ru%2Fwell-known%2Facme-challenge%2Fc%2Fd%2Fg%2Fb HTTP/1.1" 200 13509 "-" "Mozilla/5.0 AppleWebKit/537.36 (KHTML, like Gecko; compatible; ClaudeBot/1.0; +claudebot@anthropic.com)"
159.223.39.246 - - [21/Oct/2025:04:07:22 +0300] "GET /wordpress/wp-includes/wlwmanifest.xml HTTP/1.0" 200 72776 "-" "Mozilla/5.0 (Windows NT 10.0; Win64; x64) AppleWebKit/537.36 (KHTML, like Gecko) Chrome/89.0.4389.114 Safari/537.36"
159.223.39.246 - - [21/Oct/2025:04:07:23 +0300] "GET /wordpress/wp-includes/wlwmanifest.xml HTTP/1.1" 200 72860 "-" "Mozilla/5.0 (Windows NT 10.0; Win64; x64) AppleWebKit/537.36 (KHTML, like Gecko) Chrome/89.0.4389.114 Safari/537.36"
159.223.39.246 - - [21/Oct/2025:04:07:24 +0300] "GET /website/wp-includes/wlwmanifest.xml HTTP/1.0" 200 72775 "-" "Mozilla/5.0 (Windows NT 10.0; Win64; x64) AppleWebKit/537.36 (KHTML, like Gecko) Chrome/89.0.4389.114 Safari/537.36"
159.223.39.246 - - [21/Oct/2025:04:07:24 +0300] "GET /website/wp-includes/wlwmanifest.xml HTTP/1.1" 200 72859 "-" "Mozilla/5.0 (Windows NT 10.0; Win64; x64) AppleWebKit/537.36 (KHTML, like Gecko) Chrome/89.0.4389.114 Safari/537.36"
20.171.207.236 - - [21/Oct/2025:04:07:24 +0300] "GET /pages.php?_bd_prev_page=https://bckln.ru/collect.aspx?079019728.htm&_bdsid=8i31wb.n~FBOZA.171882992.173951532&_gz=2.198475681.196329788.172254536-860287671.160667979 HTTP/1.0" 200 70138 "-" "Mozilla/5.0 AppleWebKit/537.36 (KHTML, like Gecko; compatible; GPTBot/1.2; +https://openai.com/gptbot)"
20.171.207.236 - - [21/Oct/2025:04:07:25 +0300] "GET /pages.php?_bd_prev_page=https://bckln.ru/collect.aspx?079019728.htm&_bdsid=8i31wb.n~FBOZA.171882992.173951532&_gz=2.198475681.196329788.172254536-860287671.160667979 HTTP/1.1" 200 70222 "-" "Mozilla/5.0 AppleWebKit/537.36 (KHTML, like Gecko; compatible; GPTBot/1.2; +https://openai.com/gptbot)"
159.223.39.246 - - [21/Oct/2025:04:07:25 +0300] "GET /wp/wp-includes/wlwmanifest.xml HTTP/1.0" 200 72775 "-" "Mozilla/5.0 (Windows NT 10.0; Win64; x64) AppleWebKit/537.36 (KHTML, like Gecko) Chrome/89.0.4389.114 Safari/537.36"
159.223.39.246 - - [21/Oct/2025:04:07:25 +0300] "GET /wp/wp-includes/wlwmanifest.xml HTTP/1.1" 200 72859 "-" "Mozilla/5.0 (Windows NT 10.0; Win64; x64) AppleWebKit/537.36 (KHTML, like Gecko) Chrome/89.0.4389.114 Safari/537.36"
159.223.39.246 - - [21/Oct/2025:04:07:26 +0300] "GET /news/wp-includes/wlwmanifest.xml HTTP/1.0" 200 72783 "-" "Mozilla/5.0 (Windows NT 10.0; Win64; x64) AppleWebKit/537.36 (KHTML, like Gecko) Chrome/89.0.4389.114 Safari/537.36"
159.223.39.246 - - [21/Oct/2025:04:07:26 +0300] "GET /news/wp-includes/wlwmanifest.xml HTTP/1.1" 200 72867 "-" "Mozilla/5.0 (Windows NT 10.0; Win64; x64) AppleWebKit/537.36 (KHTML, like Gecko) Chrome/89.0.4389.114 Safari/537.36"
216.73.216.145 - - [21/Oct/2025:04:07:26 +0300] "GET /?path=%2Fvar%2Fwww%2Fiq22073873%2Fdata%2Fwww%2Fbckln.ru%2Fwell-known%2Facme-challenge%2Fd%2Fc%2Fg%2Fb HTTP/1.0" 200 13481 "-" "Mozilla/5.0 AppleWebKit/537.36 (KHTML, like Gecko; compatible; ClaudeBot/1.0; +claudebot@anthropic.com)"
216.73.216.145 - - [21/Oct/2025:04:07:26 +0300] "GET /?path=%2Fvar%2Fwww%2Fiq22073873%2Fdata%2Fwww%2Fbckln.ru%2Fwell-known%2Facme-challenge%2Fd%2Fc%2Fg%2Fb HTTP/1.1" 200 13509 "-" "Mozilla/5.0 AppleWebKit/537.36 (KHTML, like Gecko; compatible; ClaudeBot/1.0; +claudebot@anthropic.com)"
159.223.39.246 - - [21/Oct/2025:04:07:26 +0300] "GET /2020/wp-includes/wlwmanifest.xml HTTP/1.0" 200 72776 "-" "Mozilla/5.0 (Windows NT 10.0; Win64; x64) AppleWebKit/537.36 (KHTML, like Gecko) Chrome/89.0.4389.114 Safari/537.36"
159.223.39.246 - - [21/Oct/2025:04:07:27 +0300] "GET /2020/wp-includes/wlwmanifest.xml HTTP/1.1" 200 72860 "-" "Mozilla/5.0 (Windows NT 10.0; Win64; x64) AppleWebKit/537.36 (KHTML, like Gecko) Chrome/89.0.4389.114 Safari/537.36"
20.171.207.236 - - [21/Oct/2025:04:07:27 +0300] "GET /pages.php?_bd_prev_page=https://bckln.ru/collect.aspx?product/paint79?c=g&_bdsid=8i31wb.n~FBOZA.171882992.173951532&_gz=2.198475681.196329788.172254536-860287671.160667979&l=32583 HTTP/1.0" 200 80394 "-" "Mozilla/5.0 AppleWebKit/537.36 (KHTML, like Gecko; compatible; GPTBot/1.2; +https://openai.com/gptbot)"
20.171.207.236 - - [21/Oct/2025:04:07:28 +0300] "GET /pages.php?_bd_prev_page=https://bckln.ru/collect.aspx?product/paint79?c=g&_bdsid=8i31wb.n~FBOZA.171882992.173951532&_gz=2.198475681.196329788.172254536-860287671.160667979&l=32583 HTTP/1.1" 200 80494 "-" "Mozilla/5.0 AppleWebKit/537.36 (KHTML, like Gecko; compatible; GPTBot/1.2; +https://openai.com/gptbot)"
159.223.39.246 - - [21/Oct/2025:04:07:29 +0300] "GET /2019/wp-includes/wlwmanifest.xml HTTP/1.0" 200 72776 "-" "Mozilla/5.0 (Windows NT 10.0; Win64; x64) AppleWebKit/537.36 (KHTML, like Gecko) Chrome/89.0.4389.114 Safari/537.36"
159.223.39.246 - - [21/Oct/2025:04:07:29 +0300] "GET /2019/wp-includes/wlwmanifest.xml HTTP/1.1" 200 72860 "-" "Mozilla/5.0 (Windows NT 10.0; Win64; x64) AppleWebKit/537.36 (KHTML, like Gecko) Chrome/89.0.4389.114 Safari/537.36"
159.223.39.246 - - [21/Oct/2025:04:07:30 +0300] "GET /shop/wp-includes/wlwmanifest.xml HTTP/1.0" 200 72776 "-" "Mozilla/5.0 (Windows NT 10.0; Win64; x64) AppleWebKit/537.36 (KHTML, like Gecko) Chrome/89.0.4389.114 Safari/537.36"
159.223.39.246 - - [21/Oct/2025:04:07:30 +0300] "GET /shop/wp-includes/wlwmanifest.xml HTTP/1.1" 200 72860 "-" "Mozilla/5.0 (Windows NT 10.0; Win64; x64) AppleWebKit/537.36 (KHTML, like Gecko) Chrome/89.0.4389.114 Safari/537.36"
20.171.207.236 - - [21/Oct/2025:04:07:30 +0300] "GET /pages.php?_bd_prev_page=https://bckln.ru/collect.aspx?product/birthday35?c=g&_bdsid=8i31wb.n~FBOZA.171882992.173951532&_gz=2.198475681.196329788.172254536-860287671.160667979&l=285 HTTP/1.0" 200 71570 "-" "Mozilla/5.0 AppleWebKit/537.36 (KHTML, like Gecko; compatible; GPTBot/1.2; +https://openai.com/gptbot)"
20.171.207.236 - - [21/Oct/2025:04:07:31 +0300] "GET /pages.php?_bd_prev_page=https://bckln.ru/collect.aspx?product/birthday35?c=g&_bdsid=8i31wb.n~FBOZA.171882992.173951532&_gz=2.198475681.196329788.172254536-860287671.160667979&l=285 HTTP/1.1" 200 71654 "-" "Mozilla/5.0 AppleWebKit/537.36 (KHTML, like Gecko; compatible; GPTBot/1.2; +https://openai.com/gptbot)"
216.73.216.145 - - [21/Oct/2025:04:07:31 +0300] "GET /?path=%2Fvar%2Fwww%2Fiq22073873%2Fdata%2Fwww%2Fbckln.ru%2Fwell-known%2Facme-challenge%2Fg%2Fc%2Fd%2Fb HTTP/1.0" 200 13481 "-" "Mozilla/5.0 AppleWebKit/537.36 (KHTML, like Gecko; compatible; ClaudeBot/1.0; +claudebot@anthropic.com)"
216.73.216.145 - - [21/Oct/2025:04:07:31 +0300] "GET /?path=%2Fvar%2Fwww%2Fiq22073873%2Fdata%2Fwww%2Fbckln.ru%2Fwell-known%2Facme-challenge%2Fg%2Fc%2Fd%2Fb HTTP/1.1" 200 13509 "-" "Mozilla/5.0 AppleWebKit/537.36 (KHTML, like Gecko; compatible; ClaudeBot/1.0; +claudebot@anthropic.com)"
159.223.39.246 - - [21/Oct/2025:04:07:31 +0300] "GET /wp1/wp-includes/wlwmanifest.xml HTTP/1.0" 200 72776 "-" "Mozilla/5.0 (Windows NT 10.0; Win64; x64) AppleWebKit/537.36 (KHTML, like Gecko) Chrome/89.0.4389.114 Safari/537.36"
159.223.39.246 - - [21/Oct/2025:04:07:31 +0300] "GET /wp1/wp-includes/wlwmanifest.xml HTTP/1.1" 200 72860 "-" "Mozilla/5.0 (Windows NT 10.0; Win64; x64) AppleWebKit/537.36 (KHTML, like Gecko) Chrome/89.0.4389.114 Safari/537.36"
204.12.208.18 - - [21/Oct/2025:04:07:32 +0300] "GET /wp-content/qq7b83be/index.php HTTP/1.0" 200 6 "https://bckln.ru/wp-content/qq7b83be/index.php" "Mozilla/5.0 (Macintosh; U; PPC Mac OS X; ja-jp) AppleWebKit/523.10.6 (KHTML, like Gecko) Version/3.0.4 Safari/523.10.6"
204.12.208.18 - - [21/Oct/2025:04:07:33 +0300] "GET /wp-content/qq7b83be/index.php HTTP/1.1" 200 16 "https://bckln.ru/wp-content/qq7b83be/index.php" "Mozilla/5.0 (Macintosh; U; PPC Mac OS X; ja-jp) AppleWebKit/523.10.6 (KHTML, like Gecko) Version/3.0.4 Safari/523.10.6"
159.223.39.246 - - [21/Oct/2025:04:07:32 +0300] "GET /test/wp-includes/wlwmanifest.xml HTTP/1.0" 200 72776 "-" "Mozilla/5.0 (Windows NT 10.0; Win64; x64) AppleWebKit/537.36 (KHTML, like Gecko) Chrome/89.0.4389.114 Safari/537.36"
159.223.39.246 - - [21/Oct/2025:04:07:33 +0300] "GET /test/wp-includes/wlwmanifest.xml HTTP/1.1" 200 72860 "-" "Mozilla/5.0 (Windows NT 10.0; Win64; x64) AppleWebKit/537.36 (KHTML, like Gecko) Chrome/89.0.4389.114 Safari/537.36"
20.171.207.236 - - [21/Oct/2025:04:07:33 +0300] "GET /pages.php?_bd_prev_page=https://bckln.ru/collect.aspx?product/patent12?c=g&_bdsid=8i31wb.n~FBOZA.171882992.173951532&_gz=2.198475681.196329788.172254536-860287671.160667979&l=44132 HTTP/1.0" 200 83423 "-" "Mozilla/5.0 AppleWebKit/537.36 (KHTML, like Gecko; compatible; GPTBot/1.2; +https://openai.com/gptbot)"
20.171.207.236 - - [21/Oct/2025:04:07:34 +0300] "GET /pages.php?_bd_prev_page=https://bckln.ru/collect.aspx?product/patent12?c=g&_bdsid=8i31wb.n~FBOZA.171882992.173951532&_gz=2.198475681.196329788.172254536-860287671.160667979&l=44132 HTTP/1.1" 200 83523 "-" "Mozilla/5.0 AppleWebKit/537.36 (KHTML, like Gecko; compatible; GPTBot/1.2; +https://openai.com/gptbot)"
159.223.39.246 - - [21/Oct/2025:04:07:34 +0300] "GET /wp2/wp-includes/wlwmanifest.xml HTTP/1.0" 200 72775 "-" "Mozilla/5.0 (Windows NT 10.0; Win64; x64) AppleWebKit/537.36 (KHTML, like Gecko) Chrome/89.0.4389.114 Safari/537.36"
159.223.39.246 - - [21/Oct/2025:04:07:35 +0300] "GET /wp2/wp-includes/wlwmanifest.xml HTTP/1.1" 200 72859 "-" "Mozilla/5.0 (Windows NT 10.0; Win64; x64) AppleWebKit/537.36 (KHTML, like Gecko) Chrome/89.0.4389.114 Safari/537.36"
159.223.39.246 - - [21/Oct/2025:04:07:35 +0300] "GET /site/wp-includes/wlwmanifest.xml HTTP/1.0" 200 72776 "-" "Mozilla/5.0 (Windows NT 10.0; Win64; x64) AppleWebKit/537.36 (KHTML, like Gecko) Chrome/89.0.4389.114 Safari/537.36"
159.223.39.246 - - [21/Oct/2025:04:07:36 +0300] "GET /site/wp-includes/wlwmanifest.xml HTTP/1.1" 200 72860 "-" "Mozilla/5.0 (Windows NT 10.0; Win64; x64) AppleWebKit/537.36 (KHTML, like Gecko) Chrome/89.0.4389.114 Safari/537.36"
216.73.216.145 - - [21/Oct/2025:04:07:36 +0300] "GET /?path=%2Fvar%2Fwww%2Fiq22073873%2Fdata%2Fwww%2Fbckln.ru%2Fwell-known%2Facme-challenge%2Fc%2Fh%2Fe%2Fa HTTP/1.0" 200 13481 "-" "Mozilla/5.0 AppleWebKit/537.36 (KHTML, like Gecko; compatible; ClaudeBot/1.0; +claudebot@anthropic.com)"
216.73.216.145 - - [21/Oct/2025:04:07:37 +0300] "GET /?path=%2Fvar%2Fwww%2Fiq22073873%2Fdata%2Fwww%2Fbckln.ru%2Fwell-known%2Facme-challenge%2Fc%2Fh%2Fe%2Fa HTTP/1.1" 200 13509 "-" "Mozilla/5.0 AppleWebKit/537.36 (KHTML, like Gecko; compatible; ClaudeBot/1.0; +claudebot@anthropic.com)"
20.171.207.236 - - [21/Oct/2025:04:07:37 +0300] "GET /pages.php?_bd_prev_page=https://bckln.ru/collect.aspx?product/swing35?c=g&_bdsid=8i31wb.n~FBOZA.171882992.173951532&_gz=2.198475681.196329788.172254536-860287671.160667979&l=297 HTTP/1.0" 200 87854 "-" "Mozilla/5.0 AppleWebKit/537.36 (KHTML, like Gecko; compatible; GPTBot/1.2; +https://openai.com/gptbot)"
20.171.207.236 - - [21/Oct/2025:04:07:37 +0300] "GET /pages.php?_bd_prev_page=https://bckln.ru/collect.aspx?product/swing35?c=g&_bdsid=8i31wb.n~FBOZA.171882992.173951532&_gz=2.198475681.196329788.172254536-860287671.160667979&l=297 HTTP/1.1" 200 87947 "-" "Mozilla/5.0 AppleWebKit/537.36 (KHTML, like Gecko; compatible; GPTBot/1.2; +https://openai.com/gptbot)"
159.223.39.246 - - [21/Oct/2025:04:07:37 +0300] "GET /cms/wp-includes/wlwmanifest.xml HTTP/1.0" 200 72775 "-" "Mozilla/5.0 (Windows NT 10.0; Win64; x64) AppleWebKit/537.36 (KHTML, like Gecko) Chrome/89.0.4389.114 Safari/537.36"
