216.73.216.145 - - [21/Oct/2025:04:01:51 +0300] "GET /?path=%2Fvar%2Fwww%2Fiq22073873%2Fdata%2Fwww%2Fbckln.ru%2Fwell-known%2Fpki-validation%2Fa%2Fg%2Fd%2Fe HTTP/1.1" 200 13509 "-" "Mozilla/5.0 AppleWebKit/537.36 (KHTML, like Gecko; compatible; ClaudeBot/1.0; +claudebot@anthropic.com)"
216.73.216.145 - - [21/Oct/2025:04:01:51 +0300] "GET /?path=%2Fvar%2Fwww%2Fiq22073873%2Fdata%2Fwww%2Fbckln.ru%2Fwell-known%2Fpki-validation%2Fe%2Fd%2Fd%2Fg HTTP/1.0" 200 13481 "-" "Mozilla/5.0 AppleWebKit/537.36 (KHTML, like Gecko; compatible; ClaudeBot/1.0; +claudebot@anthropic.com)"
216.73.216.145 - - [21/Oct/2025:04:01:51 +0300] "GET /?path=%2Fvar%2Fwww%2Fiq22073873%2Fdata%2Fwww%2Fbckln.ru%2Fwell-known%2Fpki-validation%2Fe%2Fd%2Fd%2Fg HTTP/1.1" 200 13509 "-" "Mozilla/5.0 AppleWebKit/537.36 (KHTML, like Gecko; compatible; ClaudeBot/1.0; +claudebot@anthropic.com)"
216.73.216.145 - - [21/Oct/2025:04:01:51 +0300] "GET /?path=%2Fvar%2Fwww%2Fiq22073873%2Fdata%2Fwww%2Fbckln.ru%2Fwell-known%2Fpki-validation%2Fd%2Fe%2Fd%2Fg HTTP/1.0" 200 13481 "-" "Mozilla/5.0 AppleWebKit/537.36 (KHTML, like Gecko; compatible; ClaudeBot/1.0; +claudebot@anthropic.com)"
216.73.216.145 - - [21/Oct/2025:04:01:52 +0300] "GET /?path=%2Fvar%2Fwww%2Fiq22073873%2Fdata%2Fwww%2Fbckln.ru%2Fwell-known%2Fpki-validation%2Fd%2Fe%2Fd%2Fg HTTP/1.1" 200 13509 "-" "Mozilla/5.0 AppleWebKit/537.36 (KHTML, like Gecko; compatible; ClaudeBot/1.0; +claudebot@anthropic.com)"
216.73.216.145 - - [21/Oct/2025:04:01:51 +0300] "GET /?path=%2Fvar%2Fwww%2Fiq22073873%2Fdata%2Fwww%2Fbckln.ru%2Fwell-known%2Fpki-validation%2Ff%2Fe%2Fd%2Fg HTTP/1.0" 200 13481 "-" "Mozilla/5.0 AppleWebKit/537.36 (KHTML, like Gecko; compatible; ClaudeBot/1.0; +claudebot@anthropic.com)"
216.73.216.145 - - [21/Oct/2025:04:01:52 +0300] "GET /?path=%2Fvar%2Fwww%2Fiq22073873%2Fdata%2Fwww%2Fbckln.ru%2Fwell-known%2Fpki-validation%2Ff%2Fe%2Fd%2Fg HTTP/1.1" 200 13509 "-" "Mozilla/5.0 AppleWebKit/537.36 (KHTML, like Gecko; compatible; ClaudeBot/1.0; +claudebot@anthropic.com)"
216.73.216.145 - - [21/Oct/2025:04:01:51 +0300] "GET /?path=%2Fvar%2Fwww%2Fiq22073873%2Fdata%2Fwww%2Fbckln.ru%2Fwell-known%2Fpki-validation%2Fe%2Fd%2Fb%2Fd HTTP/1.0" 200 13481 "-" "Mozilla/5.0 AppleWebKit/537.36 (KHTML, like Gecko; compatible; ClaudeBot/1.0; +claudebot@anthropic.com)"
216.73.216.145 - - [21/Oct/2025:04:01:52 +0300] "GET /?path=%2Fvar%2Fwww%2Fiq22073873%2Fdata%2Fwww%2Fbckln.ru%2Fwell-known%2Fpki-validation%2Fe%2Fd%2Fb%2Fd HTTP/1.1" 200 13509 "-" "Mozilla/5.0 AppleWebKit/537.36 (KHTML, like Gecko; compatible; ClaudeBot/1.0; +claudebot@anthropic.com)"
216.73.216.145 - - [21/Oct/2025:04:01:51 +0300] "GET /?path=%2Fvar%2Fwww%2Fiq22073873%2Fdata%2Fwww%2Fbckln.ru%2Fwell-known%2Fpki-validation%2Fe%2Ff%2Fd%2Fg HTTP/1.0" 200 13481 "-" "Mozilla/5.0 AppleWebKit/537.36 (KHTML, like Gecko; compatible; ClaudeBot/1.0; +claudebot@anthropic.com)"
216.73.216.145 - - [21/Oct/2025:04:01:52 +0300] "GET /?path=%2Fvar%2Fwww%2Fiq22073873%2Fdata%2Fwww%2Fbckln.ru%2Fwell-known%2Fpki-validation%2Fe%2Ff%2Fd%2Fg HTTP/1.1" 200 13509 "-" "Mozilla/5.0 AppleWebKit/537.36 (KHTML, like Gecko; compatible; ClaudeBot/1.0; +claudebot@anthropic.com)"
216.73.216.145 - - [21/Oct/2025:04:01:51 +0300] "GET /?path=%2Fvar%2Fwww%2Fiq22073873%2Fdata%2Fwww%2Fbckln.ru%2Fwell-known%2Fpki-validation%2Fa%2Fg%2Ff%2Fe HTTP/1.0" 200 13481 "-" "Mozilla/5.0 AppleWebKit/537.36 (KHTML, like Gecko; compatible; ClaudeBot/1.0; +claudebot@anthropic.com)"
216.73.216.145 - - [21/Oct/2025:04:01:52 +0300] "GET /?path=%2Fvar%2Fwww%2Fiq22073873%2Fdata%2Fwww%2Fbckln.ru%2Fwell-known%2Fpki-validation%2Fa%2Fg%2Ff%2Fe HTTP/1.1" 200 13509 "-" "Mozilla/5.0 AppleWebKit/537.36 (KHTML, like Gecko; compatible; ClaudeBot/1.0; +claudebot@anthropic.com)"
216.73.216.145 - - [21/Oct/2025:04:01:51 +0300] "GET /?path=%2Fvar%2Fwww%2Fiq22073873%2Fdata%2Fwww%2Fbckln.ru%2Fwell-known%2Fpki-validation%2Fb%2Fh%2Fc%2Fd HTTP/1.0" 200 13481 "-" "Mozilla/5.0 AppleWebKit/537.36 (KHTML, like Gecko; compatible; ClaudeBot/1.0; +claudebot@anthropic.com)"
216.73.216.145 - - [21/Oct/2025:04:01:52 +0300] "GET /?path=%2Fvar%2Fwww%2Fiq22073873%2Fdata%2Fwww%2Fbckln.ru%2Fwell-known%2Fpki-validation%2Fb%2Fh%2Fc%2Fd HTTP/1.1" 200 13509 "-" "Mozilla/5.0 AppleWebKit/537.36 (KHTML, like Gecko; compatible; ClaudeBot/1.0; +claudebot@anthropic.com)"
216.73.216.145 - - [21/Oct/2025:04:01:52 +0300] "GET /?path=%2Fvar%2Fwww%2Fiq22073873%2Fdata%2Fwww%2Fbckln.ru%2Fwell-known%2Fpki-validation%2Ff%2Fe%2Fb%2Fd HTTP/1.0" 200 13481 "-" "Mozilla/5.0 AppleWebKit/537.36 (KHTML, like Gecko; compatible; ClaudeBot/1.0; +claudebot@anthropic.com)"
216.73.216.145 - - [21/Oct/2025:04:01:52 +0300] "GET /?path=%2Fvar%2Fwww%2Fiq22073873%2Fdata%2Fwww%2Fbckln.ru%2Fwell-known%2Fpki-validation%2Ff%2Fe%2Fb%2Fd HTTP/1.1" 200 13509 "-" "Mozilla/5.0 AppleWebKit/537.36 (KHTML, like Gecko; compatible; ClaudeBot/1.0; +claudebot@anthropic.com)"
216.73.216.145 - - [21/Oct/2025:04:01:52 +0300] "GET /?path=%2Fvar%2Fwww%2Fiq22073873%2Fdata%2Fwww%2Fbckln.ru%2Fwell-known%2Fpki-validation%2Fd%2Fe%2Fb%2Fd HTTP/1.0" 200 13481 "-" "Mozilla/5.0 AppleWebKit/537.36 (KHTML, like Gecko; compatible; ClaudeBot/1.0; +claudebot@anthropic.com)"
216.73.216.145 - - [21/Oct/2025:04:01:52 +0300] "GET /?path=%2Fvar%2Fwww%2Fiq22073873%2Fdata%2Fwww%2Fbckln.ru%2Fwell-known%2Fpki-validation%2Fd%2Fe%2Fb%2Fd HTTP/1.1" 200 13509 "-" "Mozilla/5.0 AppleWebKit/537.36 (KHTML, like Gecko; compatible; ClaudeBot/1.0; +claudebot@anthropic.com)"
216.73.216.145 - - [21/Oct/2025:04:01:52 +0300] "GET /?path=%2Fvar%2Fwww%2Fiq22073873%2Fdata%2Fwww%2Fbckln.ru%2Fwell-known%2Fpki-validation%2Fe%2Ff%2Fb%2Fd HTTP/1.0" 200 13481 "-" "Mozilla/5.0 AppleWebKit/537.36 (KHTML, like Gecko; compatible; ClaudeBot/1.0; +claudebot@anthropic.com)"
216.73.216.145 - - [21/Oct/2025:04:01:52 +0300] "GET /?path=%2Fvar%2Fwww%2Fiq22073873%2Fdata%2Fwww%2Fbckln.ru%2Fwell-known%2Fpki-validation%2Fe%2Ff%2Fb%2Fd HTTP/1.1" 200 13509 "-" "Mozilla/5.0 AppleWebKit/537.36 (KHTML, like Gecko; compatible; ClaudeBot/1.0; +claudebot@anthropic.com)"
216.73.216.145 - - [21/Oct/2025:04:01:52 +0300] "GET /?path=%2Fvar%2Fwww%2Fiq22073873%2Fdata%2Fwww%2Fbckln.ru%2Fwell-known%2Fpki-validation%2Fd%2Fd%2Fa%2Fg HTTP/1.0" 200 13481 "-" "Mozilla/5.0 AppleWebKit/537.36 (KHTML, like Gecko; compatible; ClaudeBot/1.0; +claudebot@anthropic.com)"
216.73.216.145 - - [21/Oct/2025:04:01:52 +0300] "GET /?path=%2Fvar%2Fwww%2Fiq22073873%2Fdata%2Fwww%2Fbckln.ru%2Fwell-known%2Fpki-validation%2Fd%2Fd%2Fa%2Fg HTTP/1.1" 200 13509 "-" "Mozilla/5.0 AppleWebKit/537.36 (KHTML, like Gecko; compatible; ClaudeBot/1.0; +claudebot@anthropic.com)"
216.73.216.145 - - [21/Oct/2025:04:01:52 +0300] "GET /?path=%2Fvar%2Fwww%2Fiq22073873%2Fdata%2Fwww%2Fbckln.ru%2Fwp-content%2Fwell-known%2Facme-challenge%2Fc%2Fb%2Fa HTTP/1.0" 200 18037 "-" "Mozilla/5.0 AppleWebKit/537.36 (KHTML, like Gecko; compatible; ClaudeBot/1.0; +claudebot@anthropic.com)"
216.73.216.145 - - [21/Oct/2025:04:01:53 +0300] "GET /?path=%2Fvar%2Fwww%2Fiq22073873%2Fdata%2Fwww%2Fbckln.ru%2Fwp-content%2Fwell-known%2Facme-challenge%2Fc%2Fb%2Fa HTTP/1.1" 200 18065 "-" "Mozilla/5.0 AppleWebKit/537.36 (KHTML, like Gecko; compatible; ClaudeBot/1.0; +claudebot@anthropic.com)"
216.73.216.145 - - [21/Oct/2025:04:01:52 +0300] "GET /?path=%2Fvar%2Fwww%2Fiq22073873%2Fdata%2Fwww%2Fbckln.ru%2Fwp-content%2Fwell-known%2Facme-challenge%2Fb%2Fc%2Fa HTTP/1.0" 200 18037 "-" "Mozilla/5.0 AppleWebKit/537.36 (KHTML, like Gecko; compatible; ClaudeBot/1.0; +claudebot@anthropic.com)"
216.73.216.145 - - [21/Oct/2025:04:01:53 +0300] "GET /?path=%2Fvar%2Fwww%2Fiq22073873%2Fdata%2Fwww%2Fbckln.ru%2Fwp-content%2Fwell-known%2Facme-challenge%2Fb%2Fc%2Fa HTTP/1.1" 200 18065 "-" "Mozilla/5.0 AppleWebKit/537.36 (KHTML, like Gecko; compatible; ClaudeBot/1.0; +claudebot@anthropic.com)"
216.73.216.145 - - [21/Oct/2025:04:01:52 +0300] "GET /url%20=%3Cwidth%3Ex%3Cheight%3E%20%22optional%20title%22?fileloc=%2Fvar%2Fwww%2Fiq22073873%2Fdata%2Fwww%2Fbckln.ru%2Ftheme%2FOld+Theme%2Fdt-the7.2-v.2.3.12.zip&path=%2Fvar%2Fwww%2Fiq22073873%2Fdata%2Fwww%2Fbckln.ru%2Ftheme%2FOld+Theme HTTP/1.0" 200 12739 "-" "Mozilla/5.0 AppleWebKit/537.36 (KHTML, like Gecko; compatible; ClaudeBot/1.0; +claudebot@anthropic.com)"
216.73.216.145 - - [21/Oct/2025:04:01:53 +0300] "GET /url%20=%3Cwidth%3Ex%3Cheight%3E%20%22optional%20title%22?fileloc=%2Fvar%2Fwww%2Fiq22073873%2Fdata%2Fwww%2Fbckln.ru%2Ftheme%2FOld+Theme%2Fdt-the7.2-v.2.3.12.zip&path=%2Fvar%2Fwww%2Fiq22073873%2Fdata%2Fwww%2Fbckln.ru%2Ftheme%2FOld+Theme HTTP/1.1" 200 12767 "-" "Mozilla/5.0 AppleWebKit/537.36 (KHTML, like Gecko; compatible; ClaudeBot/1.0; +claudebot@anthropic.com)"
216.73.216.145 - - [21/Oct/2025:04:01:53 +0300] "GET /?path=%2Fvar%2Fwww%2Fiq22073873%2Fdata%2Fwww%2Fbckln.ru%2Fwell-known%2Fpki-validation%2Fd%2Ff%2Fd%2Fb HTTP/1.0" 200 13481 "-" "Mozilla/5.0 AppleWebKit/537.36 (KHTML, like Gecko; compatible; ClaudeBot/1.0; +claudebot@anthropic.com)"
216.73.216.145 - - [21/Oct/2025:04:01:53 +0300] "GET /?path=%2Fvar%2Fwww%2Fiq22073873%2Fdata%2Fwww%2Fbckln.ru%2Fwell-known%2Fpki-validation%2Fd%2Ff%2Fd%2Fb HTTP/1.1" 200 13509 "-" "Mozilla/5.0 AppleWebKit/537.36 (KHTML, like Gecko; compatible; ClaudeBot/1.0; +claudebot@anthropic.com)"
216.73.216.145 - - [21/Oct/2025:04:01:52 +0300] "GET /?path=%2Fvar%2Fwww%2Fiq22073873%2Fdata%2Fwww%2Fbckln.ru%2Fwell-known%2Fpki-validation%2Ff%2Fd%2Fa%2Fg HTTP/1.0" 200 13481 "-" "Mozilla/5.0 AppleWebKit/537.36 (KHTML, like Gecko; compatible; ClaudeBot/1.0; +claudebot@anthropic.com)"
216.73.216.145 - - [21/Oct/2025:04:01:53 +0300] "GET /?path=%2Fvar%2Fwww%2Fiq22073873%2Fdata%2Fwww%2Fbckln.ru%2Fwell-known%2Fpki-validation%2Ff%2Fd%2Fa%2Fg HTTP/1.1" 200 13509 "-" "Mozilla/5.0 AppleWebKit/537.36 (KHTML, like Gecko; compatible; ClaudeBot/1.0; +claudebot@anthropic.com)"
216.73.216.145 - - [21/Oct/2025:04:01:52 +0300] "GET /?path=%2Fvar%2Fwww%2Fiq22073873%2Fdata%2Fwww%2Fbckln.ru%2Fwell-known%2Fpki-validation%2Fd%2Fd%2Fd%2Fb HTTP/1.0" 200 13481 "-" "Mozilla/5.0 AppleWebKit/537.36 (KHTML, like Gecko; compatible; ClaudeBot/1.0; +claudebot@anthropic.com)"
216.73.216.145 - - [21/Oct/2025:04:01:53 +0300] "GET /?path=%2Fvar%2Fwww%2Fiq22073873%2Fdata%2Fwww%2Fbckln.ru%2Fwell-known%2Fpki-validation%2Fd%2Fd%2Fd%2Fb HTTP/1.1" 200 13509 "-" "Mozilla/5.0 AppleWebKit/537.36 (KHTML, like Gecko; compatible; ClaudeBot/1.0; +claudebot@anthropic.com)"
216.73.216.145 - - [21/Oct/2025:04:01:53 +0300] "GET /?path=%2Fvar%2Fwww%2Fiq22073873%2Fdata%2Fwww%2Fbckln.ru%2Fwell-known%2Fpki-validation%2Ff%2Fd%2Fd%2Fb HTTP/1.0" 200 13481 "-" "Mozilla/5.0 AppleWebKit/537.36 (KHTML, like Gecko; compatible; ClaudeBot/1.0; +claudebot@anthropic.com)"
216.73.216.145 - - [21/Oct/2025:04:01:53 +0300] "GET /?path=%2Fvar%2Fwww%2Fiq22073873%2Fdata%2Fwww%2Fbckln.ru%2Fwell-known%2Fpki-validation%2Ff%2Fd%2Fd%2Fb HTTP/1.1" 200 13509 "-" "Mozilla/5.0 AppleWebKit/537.36 (KHTML, like Gecko; compatible; ClaudeBot/1.0; +claudebot@anthropic.com)"
216.73.216.145 - - [21/Oct/2025:04:01:53 +0300] "GET /?path=%2Fvar%2Fwww%2Fiq22073873%2Fdata%2Fwww%2Fbckln.ru%2Fwell-known%2Fpki-validation%2Fd%2Fd%2Ff%2Fb HTTP/1.0" 200 13481 "-" "Mozilla/5.0 AppleWebKit/537.36 (KHTML, like Gecko; compatible; ClaudeBot/1.0; +claudebot@anthropic.com)"
216.73.216.145 - - [21/Oct/2025:04:01:53 +0300] "GET /?path=%2Fvar%2Fwww%2Fiq22073873%2Fdata%2Fwww%2Fbckln.ru%2Fwell-known%2Fpki-validation%2Fd%2Fd%2Ff%2Fb HTTP/1.1" 200 13509 "-" "Mozilla/5.0 AppleWebKit/537.36 (KHTML, like Gecko; compatible; ClaudeBot/1.0; +claudebot@anthropic.com)"
216.73.216.145 - - [21/Oct/2025:04:01:53 +0300] "GET /?path=%2Fvar%2Fwww%2Fiq22073873%2Fdata%2Fwww%2Fbckln.ru%2Fwell-known%2Fpki-validation%2Ff%2Ff%2Fa%2Fg HTTP/1.0" 200 13481 "-" "Mozilla/5.0 AppleWebKit/537.36 (KHTML, like Gecko; compatible; ClaudeBot/1.0; +claudebot@anthropic.com)"
216.73.216.145 - - [21/Oct/2025:04:01:54 +0300] "GET /?path=%2Fvar%2Fwww%2Fiq22073873%2Fdata%2Fwww%2Fbckln.ru%2Fwell-known%2Fpki-validation%2Ff%2Ff%2Fa%2Fg HTTP/1.1" 200 13509 "-" "Mozilla/5.0 AppleWebKit/537.36 (KHTML, like Gecko; compatible; ClaudeBot/1.0; +claudebot@anthropic.com)"
216.73.216.145 - - [21/Oct/2025:04:01:53 +0300] "GET /?path=%2Fvar%2Fwww%2Fiq22073873%2Fdata%2Fwww%2Fbckln.ru%2Fwell-known%2Fpki-validation%2Ff%2Ff%2Ff%2Fb HTTP/1.0" 200 13481 "-" "Mozilla/5.0 AppleWebKit/537.36 (KHTML, like Gecko; compatible; ClaudeBot/1.0; +claudebot@anthropic.com)"
216.73.216.145 - - [21/Oct/2025:04:01:54 +0300] "GET /?path=%2Fvar%2Fwww%2Fiq22073873%2Fdata%2Fwww%2Fbckln.ru%2Fwell-known%2Fpki-validation%2Ff%2Ff%2Ff%2Fb HTTP/1.1" 200 13509 "-" "Mozilla/5.0 AppleWebKit/537.36 (KHTML, like Gecko; compatible; ClaudeBot/1.0; +claudebot@anthropic.com)"
216.73.216.145 - - [21/Oct/2025:04:01:53 +0300] "GET /?path=%2Fvar%2Fwww%2Fiq22073873%2Fdata%2Fwww%2Fbckln.ru%2Fwell-known%2Fpki-validation%2Fd%2Ff%2Ff%2Fb HTTP/1.0" 200 13481 "-" "Mozilla/5.0 AppleWebKit/537.36 (KHTML, like Gecko; compatible; ClaudeBot/1.0; +claudebot@anthropic.com)"
216.73.216.145 - - [21/Oct/2025:04:01:54 +0300] "GET /?path=%2Fvar%2Fwww%2Fiq22073873%2Fdata%2Fwww%2Fbckln.ru%2Fwell-known%2Fpki-validation%2Fd%2Ff%2Ff%2Fb HTTP/1.1" 200 13509 "-" "Mozilla/5.0 AppleWebKit/537.36 (KHTML, like Gecko; compatible; ClaudeBot/1.0; +claudebot@anthropic.com)"
20.171.207.236 - - [21/Oct/2025:04:01:53 +0300] "GET /pages.php?_bd_prev_page=https://bckln.ru/collect.aspx?product/remote12?c=g&_bdsid=8i31wb.n~FBOZA.171882992.173951532&_gz=2.198475681.196329788.172254536-860287671.160667979&l=502 HTTP/1.0" 200 76584 "-" "Mozilla/5.0 AppleWebKit/537.36 (KHTML, like Gecko; compatible; GPTBot/1.2; +https://openai.com/gptbot)"
20.171.207.236 - - [21/Oct/2025:04:01:54 +0300] "GET /pages.php?_bd_prev_page=https://bckln.ru/collect.aspx?product/remote12?c=g&_bdsid=8i31wb.n~FBOZA.171882992.173951532&_gz=2.198475681.196329788.172254536-860287671.160667979&l=502 HTTP/1.1" 200 76676 "-" "Mozilla/5.0 AppleWebKit/537.36 (KHTML, like Gecko; compatible; GPTBot/1.2; +https://openai.com/gptbot)"
216.73.216.145 - - [21/Oct/2025:04:01:53 +0300] "GET /?path=%2Fvar%2Fwww%2Fiq22073873%2Fdata%2Fwww%2Fbckln.ru%2Fwell-known%2Fpki-validation%2Ff%2Fd%2Ff%2Fb HTTP/1.0" 200 13481 "-" "Mozilla/5.0 AppleWebKit/537.36 (KHTML, like Gecko; compatible; ClaudeBot/1.0; +claudebot@anthropic.com)"
216.73.216.145 - - [21/Oct/2025:04:01:54 +0300] "GET /?path=%2Fvar%2Fwww%2Fiq22073873%2Fdata%2Fwww%2Fbckln.ru%2Fwell-known%2Fpki-validation%2Ff%2Fd%2Ff%2Fb HTTP/1.1" 200 13509 "-" "Mozilla/5.0 AppleWebKit/537.36 (KHTML, like Gecko; compatible; ClaudeBot/1.0; +claudebot@anthropic.com)"
216.73.216.145 - - [21/Oct/2025:04:01:54 +0300] "GET /?path=%2Fvar%2Fwww%2Fiq22073873%2Fdata%2Fwww%2Fbckln.ru%2Fwell-known%2Fpki-validation%2Fa%2Fd%2Fb%2Fd HTTP/1.0" 200 13481 "-" "Mozilla/5.0 AppleWebKit/537.36 (KHTML, like Gecko; compatible; ClaudeBot/1.0; +claudebot@anthropic.com)"
216.73.216.145 - - [21/Oct/2025:04:01:54 +0300] "GET /?path=%2Fvar%2Fwww%2Fiq22073873%2Fdata%2Fwww%2Fbckln.ru%2Fwell-known%2Fpki-validation%2Fa%2Fd%2Fb%2Fd HTTP/1.1" 200 13494 "-" "Mozilla/5.0 AppleWebKit/537.36 (KHTML, like Gecko; compatible; ClaudeBot/1.0; +claudebot@anthropic.com)"
216.73.216.145 - - [21/Oct/2025:04:01:53 +0300] "GET /?path=%2Fvar%2Fwww%2Fiq22073873%2Fdata%2Fwww%2Fbckln.ru%2Fwell-known%2Fpki-validation%2Fd%2Fa%2Fb%2Fd HTTP/1.0" 200 13481 "-" "Mozilla/5.0 AppleWebKit/537.36 (KHTML, like Gecko; compatible; ClaudeBot/1.0; +claudebot@anthropic.com)"
216.73.216.145 - - [21/Oct/2025:04:01:54 +0300] "GET /?path=%2Fvar%2Fwww%2Fiq22073873%2Fdata%2Fwww%2Fbckln.ru%2Fwell-known%2Fpki-validation%2Fd%2Fa%2Fb%2Fd HTTP/1.1" 200 13509 "-" "Mozilla/5.0 AppleWebKit/537.36 (KHTML, like Gecko; compatible; ClaudeBot/1.0; +claudebot@anthropic.com)"
216.73.216.145 - - [21/Oct/2025:04:01:54 +0300] "GET /?path=%2Fvar%2Fwww%2Fiq22073873%2Fdata%2Fwww%2Fbckln.ru%2Fwell-known%2Fpki-validation%2Fg%2Fg%2Fd%2Fd HTTP/1.0" 200 13481 "-" "Mozilla/5.0 AppleWebKit/537.36 (KHTML, like Gecko; compatible; ClaudeBot/1.0; +claudebot@anthropic.com)"
216.73.216.145 - - [21/Oct/2025:04:01:54 +0300] "GET /?path=%2Fvar%2Fwww%2Fiq22073873%2Fdata%2Fwww%2Fbckln.ru%2Fwell-known%2Fpki-validation%2Fg%2Fg%2Fd%2Fd HTTP/1.1" 200 13509 "-" "Mozilla/5.0 AppleWebKit/537.36 (KHTML, like Gecko; compatible; ClaudeBot/1.0; +claudebot@anthropic.com)"
216.73.216.145 - - [21/Oct/2025:04:01:54 +0300] "GET /?path=%2Fvar%2Fwww%2Fiq22073873%2Fdata%2Fwww%2Fbckln.ru%2Fwell-known%2Fpki-validation%2Fa%2Fb%2Fd%2Fd HTTP/1.0" 200 13481 "-" "Mozilla/5.0 AppleWebKit/537.36 (KHTML, like Gecko; compatible; ClaudeBot/1.0; +claudebot@anthropic.com)"
216.73.216.145 - - [21/Oct/2025:04:01:54 +0300] "GET /?path=%2Fvar%2Fwww%2Fiq22073873%2Fdata%2Fwww%2Fbckln.ru%2Fwell-known%2Fpki-validation%2Fa%2Fb%2Fd%2Fd HTTP/1.1" 200 13509 "-" "Mozilla/5.0 AppleWebKit/537.36 (KHTML, like Gecko; compatible; ClaudeBot/1.0; +claudebot@anthropic.com)"
216.73.216.145 - - [21/Oct/2025:04:01:54 +0300] "GET /?path=%2Fvar%2Fwww%2Fiq22073873%2Fdata%2Fwww%2Fbckln.ru%2Fwell-known%2Fpki-validation%2Ff%2Fa%2Fb%2Fd HTTP/1.0" 200 13481 "-" "Mozilla/5.0 AppleWebKit/537.36 (KHTML, like Gecko; compatible; ClaudeBot/1.0; +claudebot@anthropic.com)"
216.73.216.145 - - [21/Oct/2025:04:01:54 +0300] "GET /?path=%2Fvar%2Fwww%2Fiq22073873%2Fdata%2Fwww%2Fbckln.ru%2Fwell-known%2Fpki-validation%2Ff%2Fa%2Fb%2Fd HTTP/1.1" 200 13509 "-" "Mozilla/5.0 AppleWebKit/537.36 (KHTML, like Gecko; compatible; ClaudeBot/1.0; +claudebot@anthropic.com)"
216.73.216.145 - - [21/Oct/2025:04:01:54 +0300] "GET /?path=%2Fvar%2Fwww%2Fiq22073873%2Fdata%2Fwww%2Fbckln.ru%2Fwell-known%2Fpki-validation%2Fb%2Fa%2Fd%2Fd HTTP/1.0" 200 13481 "-" "Mozilla/5.0 AppleWebKit/537.36 (KHTML, like Gecko; compatible; ClaudeBot/1.0; +claudebot@anthropic.com)"
216.73.216.145 - - [21/Oct/2025:04:01:54 +0300] "GET /?path=%2Fvar%2Fwww%2Fiq22073873%2Fdata%2Fwww%2Fbckln.ru%2Fwell-known%2Fpki-validation%2Fb%2Fa%2Fd%2Fd HTTP/1.1" 200 13509 "-" "Mozilla/5.0 AppleWebKit/537.36 (KHTML, like Gecko; compatible; ClaudeBot/1.0; +claudebot@anthropic.com)"
216.73.216.145 - - [21/Oct/2025:04:01:54 +0300] "GET /?path=%2Fvar%2Fwww%2Fiq22073873%2Fdata%2Fwww%2Fbckln.ru%2Fwell-known%2Fpki-validation%2Fa%2Ff%2Fb%2Fd HTTP/1.0" 200 13481 "-" "Mozilla/5.0 AppleWebKit/537.36 (KHTML, like Gecko; compatible; ClaudeBot/1.0; +claudebot@anthropic.com)"
216.73.216.145 - - [21/Oct/2025:04:01:55 +0300] "GET /?path=%2Fvar%2Fwww%2Fiq22073873%2Fdata%2Fwww%2Fbckln.ru%2Fwell-known%2Fpki-validation%2Fa%2Ff%2Fb%2Fd HTTP/1.1" 200 13509 "-" "Mozilla/5.0 AppleWebKit/537.36 (KHTML, like Gecko; compatible; ClaudeBot/1.0; +claudebot@anthropic.com)"
216.73.216.145 - - [21/Oct/2025:04:01:54 +0300] "GET /?path=%2Fvar%2Fwww%2Fiq22073873%2Fdata%2Fwww%2Fbckln.ru%2Fwell-known%2Facme-challenge%2Fc%2Ff%2Fa%2Fc HTTP/1.0" 200 13481 "-" "Mozilla/5.0 AppleWebKit/537.36 (KHTML, like Gecko; compatible; ClaudeBot/1.0; +claudebot@anthropic.com)"
216.73.216.145 - - [21/Oct/2025:04:01:55 +0300] "GET /?path=%2Fvar%2Fwww%2Fiq22073873%2Fdata%2Fwww%2Fbckln.ru%2Fwell-known%2Facme-challenge%2Fc%2Ff%2Fa%2Fc HTTP/1.1" 200 13509 "-" "Mozilla/5.0 AppleWebKit/537.36 (KHTML, like Gecko; compatible; ClaudeBot/1.0; +claudebot@anthropic.com)"
216.73.216.145 - - [21/Oct/2025:04:01:54 +0300] "GET /?path=%2Fvar%2Fwww%2Fiq22073873%2Fdata%2Fwww%2Fbckln.ru%2Fwell-known%2Fpki-validation%2Fe%2Fe%2Fg%2Fb HTTP/1.0" 200 13481 "-" "Mozilla/5.0 AppleWebKit/537.36 (KHTML, like Gecko; compatible; ClaudeBot/1.0; +claudebot@anthropic.com)"
216.73.216.145 - - [21/Oct/2025:04:01:55 +0300] "GET /?path=%2Fvar%2Fwww%2Fiq22073873%2Fdata%2Fwww%2Fbckln.ru%2Fwell-known%2Fpki-validation%2Fe%2Fe%2Fg%2Fb HTTP/1.1" 200 13509 "-" "Mozilla/5.0 AppleWebKit/537.36 (KHTML, like Gecko; compatible; ClaudeBot/1.0; +claudebot@anthropic.com)"
216.73.216.145 - - [21/Oct/2025:04:01:54 +0300] "GET /?path=%2Fvar%2Fwww%2Fiq22073873%2Fdata%2Fwww%2Fbckln.ru%2Fwell-known%2Facme-challenge%2Ff%2Fc%2Fa%2Fc HTTP/1.0" 200 13481 "-" "Mozilla/5.0 AppleWebKit/537.36 (KHTML, like Gecko; compatible; ClaudeBot/1.0; +claudebot@anthropic.com)"
216.73.216.145 - - [21/Oct/2025:04:01:55 +0300] "GET /?path=%2Fvar%2Fwww%2Fiq22073873%2Fdata%2Fwww%2Fbckln.ru%2Fwell-known%2Facme-challenge%2Ff%2Fc%2Fa%2Fc HTTP/1.1" 200 13509 "-" "Mozilla/5.0 AppleWebKit/537.36 (KHTML, like Gecko; compatible; ClaudeBot/1.0; +claudebot@anthropic.com)"
216.73.216.145 - - [21/Oct/2025:04:01:55 +0300] "GET /?path=%2Fvar%2Fwww%2Fiq22073873%2Fdata%2Fwww%2Fbckln.ru%2Fwell-known%2Fpki-validation%2Fb%2Fh%2Fc%2Ff HTTP/1.0" 200 13481 "-" "Mozilla/5.0 AppleWebKit/537.36 (KHTML, like Gecko; compatible; ClaudeBot/1.0; +claudebot@anthropic.com)"
216.73.216.145 - - [21/Oct/2025:04:01:55 +0300] "GET /?path=%2Fvar%2Fwww%2Fiq22073873%2Fdata%2Fwww%2Fbckln.ru%2Fwell-known%2Fpki-validation%2Fb%2Fh%2Fc%2Ff HTTP/1.1" 200 13494 "-" "Mozilla/5.0 AppleWebKit/537.36 (KHTML, like Gecko; compatible; ClaudeBot/1.0; +claudebot@anthropic.com)"
216.73.216.145 - - [21/Oct/2025:04:01:55 +0300] "GET /%22,t+=%22%3C%22+e.getAttribute(%22src%22?fileloc=%2Fvar%2Fwww%2Fiq22073873%2Fdata%2Fwww%2Fbckln.ru%2Ftheme%2FOld+Theme%2Fdt-the7.2-v.2.3.12.zip&path=%2Fvar%2Fwww%2Fiq22073873%2Fdata%2Fwww%2Fbckln.ru%2Ftheme%2FOld+Theme HTTP/1.0" 200 12739 "-" "Mozilla/5.0 AppleWebKit/537.36 (KHTML, like Gecko; compatible; ClaudeBot/1.0; +claudebot@anthropic.com)"
216.73.216.145 - - [21/Oct/2025:04:01:55 +0300] "GET /%22,t+=%22%3C%22+e.getAttribute(%22src%22?fileloc=%2Fvar%2Fwww%2Fiq22073873%2Fdata%2Fwww%2Fbckln.ru%2Ftheme%2FOld+Theme%2Fdt-the7.2-v.2.3.12.zip&path=%2Fvar%2Fwww%2Fiq22073873%2Fdata%2Fwww%2Fbckln.ru%2Ftheme%2FOld+Theme HTTP/1.1" 200 12767 "-" "Mozilla/5.0 AppleWebKit/537.36 (KHTML, like Gecko; compatible; ClaudeBot/1.0; +claudebot@anthropic.com)"
216.73.216.145 - - [21/Oct/2025:04:01:55 +0300] "GET /?path=%2Fvar%2Fwww%2Fiq22073873%2Fdata%2Fwww%2Fbckln.ru%2Fwell-known%2Fpki-validation%2Fb%2Fc%2Fd%2Fa HTTP/1.0" 200 13481 "-" "Mozilla/5.0 AppleWebKit/537.36 (KHTML, like Gecko; compatible; ClaudeBot/1.0; +claudebot@anthropic.com)"
216.73.216.145 - - [21/Oct/2025:04:01:55 +0300] "GET /?path=%2Fvar%2Fwww%2Fiq22073873%2Fdata%2Fwww%2Fbckln.ru%2Fwell-known%2Fpki-validation%2Fb%2Fc%2Fd%2Fa HTTP/1.1" 200 13494 "-" "Mozilla/5.0 AppleWebKit/537.36 (KHTML, like Gecko; compatible; ClaudeBot/1.0; +claudebot@anthropic.com)"
216.73.216.145 - - [21/Oct/2025:04:01:55 +0300] "GET /?path=%2Fvar%2Fwww%2Fiq22073873%2Fdata%2Fwww%2Fbckln.ru%2Fwell-known%2Facme-challenge%2Fd%2Fc%2Fa%2Fc HTTP/1.0" 200 13481 "-" "Mozilla/5.0 AppleWebKit/537.36 (KHTML, like Gecko; compatible; ClaudeBot/1.0; +claudebot@anthropic.com)"
216.73.216.145 - - [21/Oct/2025:04:01:56 +0300] "GET /?path=%2Fvar%2Fwww%2Fiq22073873%2Fdata%2Fwww%2Fbckln.ru%2Fwell-known%2Facme-challenge%2Fd%2Fc%2Fa%2Fc HTTP/1.1" 200 13509 "-" "Mozilla/5.0 AppleWebKit/537.36 (KHTML, like Gecko; compatible; ClaudeBot/1.0; +claudebot@anthropic.com)"
20.171.207.236 - - [21/Oct/2025:04:01:56 +0300] "GET /pages.php?_bd_prev_page=https://bckln.ru/collect.aspx?product/refuge67?c=g&_bdsid=8i31wb.n~FBOZA.171882992.173951532&_gz=2.198475681.196329788.172254536-860287671.160667979&l=505 HTTP/1.0" 200 81088 "-" "Mozilla/5.0 AppleWebKit/537.36 (KHTML, like Gecko; compatible; GPTBot/1.2; +https://openai.com/gptbot)"
20.171.207.236 - - [21/Oct/2025:04:01:57 +0300] "GET /pages.php?_bd_prev_page=https://bckln.ru/collect.aspx?product/refuge67?c=g&_bdsid=8i31wb.n~FBOZA.171882992.173951532&_gz=2.198475681.196329788.172254536-860287671.160667979&l=505 HTTP/1.1" 200 81187 "-" "Mozilla/5.0 AppleWebKit/537.36 (KHTML, like Gecko; compatible; GPTBot/1.2; +https://openai.com/gptbot)"
20.171.207.236 - - [21/Oct/2025:04:01:59 +0300] "GET /pages.php?_bd_prev_page=https://bckln.ru/collect.aspx?055019238.htm&_bdsid=8i31wb.n~FBOZA.171882992.173951532&_gz=2.198475681.196329788.172254536-860287671.160667979 HTTP/1.0" 200 78480 "-" "Mozilla/5.0 AppleWebKit/537.36 (KHTML, like Gecko; compatible; GPTBot/1.2; +https://openai.com/gptbot)"
20.171.207.236 - - [21/Oct/2025:04:02:00 +0300] "GET /pages.php?_bd_prev_page=https://bckln.ru/collect.aspx?055019238.htm&_bdsid=8i31wb.n~FBOZA.171882992.173951532&_gz=2.198475681.196329788.172254536-860287671.160667979 HTTP/1.1" 200 78580 "-" "Mozilla/5.0 AppleWebKit/537.36 (KHTML, like Gecko; compatible; GPTBot/1.2; +https://openai.com/gptbot)"
198.204.224.34 - - [21/Oct/2025:04:02:03 +0300] "GET /wp-content/qq7b83be/index.php HTTP/1.1" 499 0 "https://bckln.ru/wp-content/qq7b83be/index.php" "Mozilla/5.0 (Windows NT 10.0; Win64; x64) AppleWebKit/537.36 (KHTML, like Gecko) Chrome/58.0.3029.110 Safari/537.3"
20.171.207.236 - - [21/Oct/2025:04:02:02 +0300] "GET /pages.php?_bd_prev_page=https://bckln.ru/collect.aspx?product/swear55?c=g&_bdsid=8i31wb.n~FBOZA.171882992.173951532&_gz=2.198475681.196329788.172254536-860287671.160667979&l=11501 HTTP/1.0" 200 91146 "-" "Mozilla/5.0 AppleWebKit/537.36 (KHTML, like Gecko; compatible; GPTBot/1.2; +https://openai.com/gptbot)"
20.171.207.236 - - [21/Oct/2025:04:02:03 +0300] "GET /pages.php?_bd_prev_page=https://bckln.ru/collect.aspx?product/swear55?c=g&_bdsid=8i31wb.n~FBOZA.171882992.173951532&_gz=2.198475681.196329788.172254536-860287671.160667979&l=11501 HTTP/1.1" 200 91254 "-" "Mozilla/5.0 AppleWebKit/537.36 (KHTML, like Gecko; compatible; GPTBot/1.2; +https://openai.com/gptbot)"
198.204.224.34 - - [21/Oct/2025:04:02:03 +0300] "GET /wp-content/qq7b83be/index.php HTTP/1.0" 200 6 "https://bckln.ru/wp-content/qq7b83be/index.php" "Mozilla/5.0 (Windows NT 10.0; Win64; x64) AppleWebKit/537.36 (KHTML, like Gecko) Chrome/58.0.3029.110 Safari/537.3"
198.204.224.34 - - [21/Oct/2025:04:02:04 +0300] "GET /wp-content/qq7b83be/index.php HTTP/1.1" 200 16 "https://bckln.ru/wp-content/qq7b83be/index.php" "Mozilla/5.0 (Windows NT 10.0; Win64; x64) AppleWebKit/537.36 (KHTML, like Gecko) Chrome/58.0.3029.110 Safari/537.3"
20.171.207.236 - - [21/Oct/2025:04:02:05 +0300] "GET /pages.php?_bd_prev_page=https://bckln.ru/collect.aspx?031006144.htm&_bdsid=8i31wb.n~FBOZA.171882992.173951532&_gz=2.198475681.196329788.172254536-860287671.160667979 HTTP/1.0" 200 93483 "-" "Mozilla/5.0 AppleWebKit/537.36 (KHTML, like Gecko; compatible; GPTBot/1.2; +https://openai.com/gptbot)"
20.171.207.236 - - [21/Oct/2025:04:02:06 +0300] "GET /pages.php?_bd_prev_page=https://bckln.ru/collect.aspx?031006144.htm&_bdsid=8i31wb.n~FBOZA.171882992.173951532&_gz=2.198475681.196329788.172254536-860287671.160667979 HTTP/1.1" 200 93591 "-" "Mozilla/5.0 AppleWebKit/537.36 (KHTML, like Gecko; compatible; GPTBot/1.2; +https://openai.com/gptbot)"
20.171.207.236 - - [21/Oct/2025:04:02:08 +0300] "GET /pages.php?_bd_prev_page=https://bckln.ru/collect.aspx?071033232.htm&_bdsid=8i31wb.n~FBOZA.171882992.173951532&_gz=2.198475681.196329788.172254536-860287671.160667979 HTTP/1.0" 200 71620 "-" "Mozilla/5.0 AppleWebKit/537.36 (KHTML, like Gecko; compatible; GPTBot/1.2; +https://openai.com/gptbot)"
20.171.207.236 - - [21/Oct/2025:04:02:09 +0300] "GET /pages.php?_bd_prev_page=https://bckln.ru/collect.aspx?071033232.htm&_bdsid=8i31wb.n~FBOZA.171882992.173951532&_gz=2.198475681.196329788.172254536-860287671.160667979 HTTP/1.1" 200 71704 "-" "Mozilla/5.0 AppleWebKit/537.36 (KHTML, like Gecko; compatible; GPTBot/1.2; +https://openai.com/gptbot)"
20.171.207.236 - - [21/Oct/2025:04:02:11 +0300] "GET /pages.php?_bd_prev_page=https://bckln.ru/collect.aspx?055019234.htm&_bdsid=8i31wb.n~FBOZA.171882992.173951532&_gz=2.198475681.196329788.172254536-860287671.160667979 HTTP/1.0" 200 88756 "-" "Mozilla/5.0 AppleWebKit/537.36 (KHTML, like Gecko; compatible; GPTBot/1.2; +https://openai.com/gptbot)"
20.171.207.236 - - [21/Oct/2025:04:02:12 +0300] "GET /pages.php?_bd_prev_page=https://bckln.ru/collect.aspx?055019234.htm&_bdsid=8i31wb.n~FBOZA.171882992.173951532&_gz=2.198475681.196329788.172254536-860287671.160667979 HTTP/1.1" 200 88849 "-" "Mozilla/5.0 AppleWebKit/537.36 (KHTML, like Gecko; compatible; GPTBot/1.2; +https://openai.com/gptbot)"
20.171.207.236 - - [21/Oct/2025:04:02:15 +0300] "GET /pages.php?_bd_prev_page=https://bckln.ru/collect.aspx?product/big71?c=g&_bdsid=8i31wb.n~FBOZA.171882992.173951532&_gz=2.198475681.196329788.172254536-860287671.160667979&l=33235 HTTP/1.0" 200 90296 "-" "Mozilla/5.0 AppleWebKit/537.36 (KHTML, like Gecko; compatible; GPTBot/1.2; +https://openai.com/gptbot)"
20.171.207.236 - - [21/Oct/2025:04:02:16 +0300] "GET /pages.php?_bd_prev_page=https://bckln.ru/collect.aspx?product/big71?c=g&_bdsid=8i31wb.n~FBOZA.171882992.173951532&_gz=2.198475681.196329788.172254536-860287671.160667979&l=33235 HTTP/1.1" 200 90404 "-" "Mozilla/5.0 AppleWebKit/537.36 (KHTML, like Gecko; compatible; GPTBot/1.2; +https://openai.com/gptbot)"
20.171.207.236 - - [21/Oct/2025:04:02:18 +0300] "GET /pages.php?_bd_prev_page=https://bckln.ru/collect.aspx?055048464.htm&_bdsid=8i31wb.n~FBOZA.171882992.173951532&_gz=2.198475681.196329788.172254536-860287671.160667979 HTTP/1.0" 200 92215 "-" "Mozilla/5.0 AppleWebKit/537.36 (KHTML, like Gecko; compatible; GPTBot/1.2; +https://openai.com/gptbot)"
20.171.207.236 - - [21/Oct/2025:04:02:19 +0300] "GET /pages.php?_bd_prev_page=https://bckln.ru/collect.aspx?055048464.htm&_bdsid=8i31wb.n~FBOZA.171882992.173951532&_gz=2.198475681.196329788.172254536-860287671.160667979 HTTP/1.1" 200 92323 "-" "Mozilla/5.0 AppleWebKit/537.36 (KHTML, like Gecko; compatible; GPTBot/1.2; +https://openai.com/gptbot)"
20.171.207.236 - - [21/Oct/2025:04:02:21 +0300] "GET /pages.php?_bd_prev_page=https://bckln.ru/collect.aspx?product/bath42?c=g&_bdsid=8i31wb.n~FBOZA.171882992.173951532&_gz=2.198475681.196329788.172254536-860287671.160667979&l=18 HTTP/1.0" 200 82077 "-" "Mozilla/5.0 AppleWebKit/537.36 (KHTML, like Gecko; compatible; GPTBot/1.2; +https://openai.com/gptbot)"
20.171.207.236 - - [21/Oct/2025:04:02:22 +0300] "GET /pages.php?_bd_prev_page=https://bckln.ru/collect.aspx?product/bath42?c=g&_bdsid=8i31wb.n~FBOZA.171882992.173951532&_gz=2.198475681.196329788.172254536-860287671.160667979&l=18 HTTP/1.1" 200 82170 "-" "Mozilla/5.0 AppleWebKit/537.36 (KHTML, like Gecko; compatible; GPTBot/1.2; +https://openai.com/gptbot)"
52.73.6.26 - - [21/Oct/2025:04:02:24 +0300] "GET /?path=/var/www/iq22073873/data/www/bckln.ru/wp-content/plugins/wp-file-manager/lib/codemirror/mode/webidl HTTP/1.0" 200 18982 "-" "Mozilla/5.0 AppleWebKit/537.36 (KHTML, like Gecko; compatible; Amazonbot/0.1; +https://developer.amazon.com/support/amazonbot) Chrome/119.0.6045.214 Safari/537.36"
52.73.6.26 - - [21/Oct/2025:04:02:25 +0300] "GET /?path=/var/www/iq22073873/data/www/bckln.ru/wp-content/plugins/wp-file-manager/lib/codemirror/mode/webidl HTTP/1.1" 200 19010 "-" "Mozilla/5.0 AppleWebKit/537.36 (KHTML, like Gecko; compatible; Amazonbot/0.1; +https://developer.amazon.com/support/amazonbot) Chrome/119.0.6045.214 Safari/537.36"
20.171.207.236 - - [21/Oct/2025:04:02:24 +0300] "GET /pages.php?_bd_prev_page=https://bckln.ru/collect.aspx?031029318.htm&_bdsid=8i31wb.n~FBOZA.171882992.173951532&_gz=2.198475681.196329788.172254536-860287671.160667979 HTTP/1.0" 200 80667 "-" "Mozilla/5.0 AppleWebKit/537.36 (KHTML, like Gecko; compatible; GPTBot/1.2; +https://openai.com/gptbot)"
20.171.207.236 - - [21/Oct/2025:04:02:25 +0300] "GET /pages.php?_bd_prev_page=https://bckln.ru/collect.aspx?031029318.htm&_bdsid=8i31wb.n~FBOZA.171882992.173951532&_gz=2.198475681.196329788.172254536-860287671.160667979 HTTP/1.1" 200 80767 "-" "Mozilla/5.0 AppleWebKit/537.36 (KHTML, like Gecko; compatible; GPTBot/1.2; +https://openai.com/gptbot)"
20.171.207.236 - - [21/Oct/2025:04:02:27 +0300] "GET /pages.php?_bd_prev_page=https://bckln.ru/collect.aspx?product/boy31?c=g&_bdsid=8i31wb.n~FBOZA.171882992.173951532&_gz=2.198475681.196329788.172254536-860287671.160667979&l=12233 HTTP/1.0" 200 81608 "-" "Mozilla/5.0 AppleWebKit/537.36 (KHTML, like Gecko; compatible; GPTBot/1.2; +https://openai.com/gptbot)"
20.171.207.236 - - [21/Oct/2025:04:02:28 +0300] "GET /pages.php?_bd_prev_page=https://bckln.ru/collect.aspx?product/boy31?c=g&_bdsid=8i31wb.n~FBOZA.171882992.173951532&_gz=2.198475681.196329788.172254536-860287671.160667979&l=12233 HTTP/1.1" 200 81708 "-" "Mozilla/5.0 AppleWebKit/537.36 (KHTML, like Gecko; compatible; GPTBot/1.2; +https://openai.com/gptbot)"
52.0.41.164 - - [21/Oct/2025:04:02:28 +0300] "GET /prokat/?path=/var/www/iq22073873/data/www/bckln.ru/wp-includes/js/tinymce/plugins/wplink HTTP/1.0" 200 19925 "-" "Mozilla/5.0 AppleWebKit/537.36 (KHTML, like Gecko; compatible; Amazonbot/0.1; +https://developer.amazon.com/support/amazonbot) Chrome/119.0.6045.214 Safari/537.36"
52.0.41.164 - - [21/Oct/2025:04:02:29 +0300] "GET /prokat/?path=/var/www/iq22073873/data/www/bckln.ru/wp-includes/js/tinymce/plugins/wplink HTTP/1.1" 200 19953 "-" "Mozilla/5.0 AppleWebKit/537.36 (KHTML, like Gecko; compatible; Amazonbot/0.1; +https://developer.amazon.com/support/amazonbot) Chrome/119.0.6045.214 Safari/537.36"
20.171.207.236 - - [21/Oct/2025:04:02:30 +0300] "GET /pages.php?_bd_prev_page=https://bckln.ru/collect.aspx?055008820.htm&_bdsid=8i31wb.n~FBOZA.171882992.173951532&_gz=2.198475681.196329788.172254536-860287671.160667979 HTTP/1.0" 200 86158 "-" "Mozilla/5.0 AppleWebKit/537.36 (KHTML, like Gecko; compatible; GPTBot/1.2; +https://openai.com/gptbot)"
20.171.207.236 - - [21/Oct/2025:04:02:31 +0300] "GET /pages.php?_bd_prev_page=https://bckln.ru/collect.aspx?055008820.htm&_bdsid=8i31wb.n~FBOZA.171882992.173951532&_gz=2.198475681.196329788.172254536-860287671.160667979 HTTP/1.1" 200 86251 "-" "Mozilla/5.0 AppleWebKit/537.36 (KHTML, like Gecko; compatible; GPTBot/1.2; +https://openai.com/gptbot)"
34.236.185.101 - - [21/Oct/2025:04:02:32 +0300] "GET /?path=/var/www/iq22073873/data/www/bckln.ru/wp-content/plugins/js_composer/include/templates/params/google_fonts HTTP/1.0" 200 17287 "-" "Mozilla/5.0 AppleWebKit/537.36 (KHTML, like Gecko; compatible; Amazonbot/0.1; +https://developer.amazon.com/support/amazonbot) Chrome/119.0.6045.214 Safari/537.36"
34.236.185.101 - - [21/Oct/2025:04:02:32 +0300] "GET /?path=/var/www/iq22073873/data/www/bckln.ru/wp-content/plugins/js_composer/include/templates/params/google_fonts HTTP/1.1" 200 17315 "-" "Mozilla/5.0 AppleWebKit/537.36 (KHTML, like Gecko; compatible; Amazonbot/0.1; +https://developer.amazon.com/support/amazonbot) Chrome/119.0.6045.214 Safari/537.36"
20.171.207.236 - - [21/Oct/2025:04:02:33 +0300] "GET /pages.php?_bd_prev_page=https://bckln.ru/collect.aspx?071000254.htm&_bdsid=8i31wb.n~FBOZA.171882992.173951532&_gz=2.198475681.196329788.172254536-860287671.160667979 HTTP/1.0" 200 79538 "-" "Mozilla/5.0 AppleWebKit/537.36 (KHTML, like Gecko; compatible; GPTBot/1.2; +https://openai.com/gptbot)"
20.171.207.236 - - [21/Oct/2025:04:02:34 +0300] "GET /pages.php?_bd_prev_page=https://bckln.ru/collect.aspx?071000254.htm&_bdsid=8i31wb.n~FBOZA.171882992.173951532&_gz=2.198475681.196329788.172254536-860287671.160667979 HTTP/1.1" 200 79638 "-" "Mozilla/5.0 AppleWebKit/537.36 (KHTML, like Gecko; compatible; GPTBot/1.2; +https://openai.com/gptbot)"
23.22.105.143 - - [21/Oct/2025:04:02:35 +0300] "GET /?path=/var/www/iq22073873/data/www/bckln.ru/wp-content/plugins/wp-smushit/app/views/meta-boxes/lazyload HTTP/1.0" 200 15403 "-" "Mozilla/5.0 AppleWebKit/537.36 (KHTML, like Gecko; compatible; Amazonbot/0.1; +https://developer.amazon.com/support/amazonbot) Chrome/119.0.6045.214 Safari/537.36"
23.22.105.143 - - [21/Oct/2025:04:02:35 +0300] "GET /?path=/var/www/iq22073873/data/www/bckln.ru/wp-content/plugins/wp-smushit/app/views/meta-boxes/lazyload HTTP/1.1" 200 15431 "-" "Mozilla/5.0 AppleWebKit/537.36 (KHTML, like Gecko; compatible; Amazonbot/0.1; +https://developer.amazon.com/support/amazonbot) Chrome/119.0.6045.214 Safari/537.36"
20.171.207.236 - - [21/Oct/2025:04:02:37 +0300] "GET /pages.php?_bd_prev_page=https://bckln.ru/collect.aspx?087001080.htm&_bdsid=8i31wb.n~FBOZA.171882992.173951532&_gz=2.198475681.196329788.172254536-860287671.160667979 HTTP/1.0" 200 90568 "-" "Mozilla/5.0 AppleWebKit/537.36 (KHTML, like Gecko; compatible; GPTBot/1.2; +https://openai.com/gptbot)"
20.171.207.236 - - [21/Oct/2025:04:02:38 +0300] "GET /pages.php?_bd_prev_page=https://bckln.ru/collect.aspx?087001080.htm&_bdsid=8i31wb.n~FBOZA.171882992.173951532&_gz=2.198475681.196329788.172254536-860287671.160667979 HTTP/1.1" 200 90676 "-" "Mozilla/5.0 AppleWebKit/537.36 (KHTML, like Gecko; compatible; GPTBot/1.2; +https://openai.com/gptbot)"
20.171.207.236 - - [21/Oct/2025:04:02:40 +0300] "GET /pages.php?_bd_prev_page=https://bckln.ru/collect.aspx?055011308.htm&_bdsid=8i31wb.n~FBOZA.171882992.173951532&_gz=2.198475681.196329788.172254536-860287671.160667979 HTTP/1.0" 200 95539 "-" "Mozilla/5.0 AppleWebKit/537.36 (KHTML, like Gecko; compatible; GPTBot/1.2; +https://openai.com/gptbot)"
54.210.152.179 - - [21/Oct/2025:04:02:40 +0300] "GET /?path=/var/www/iq22073873/data/www/bckln.ru/wp-content/plugins/wp-file-manager/lib/codemirror/mode/smarty HTTP/1.0" 200 18982 "-" "Mozilla/5.0 AppleWebKit/537.36 (KHTML, like Gecko; compatible; Amazonbot/0.1; +https://developer.amazon.com/support/amazonbot) Chrome/119.0.6045.214 Safari/537.36"
54.210.152.179 - - [21/Oct/2025:04:02:41 +0300] "GET /?path=/var/www/iq22073873/data/www/bckln.ru/wp-content/plugins/wp-file-manager/lib/codemirror/mode/smarty HTTP/1.1" 200 18995 "-" "Mozilla/5.0 AppleWebKit/537.36 (KHTML, like Gecko; compatible; Amazonbot/0.1; +https://developer.amazon.com/support/amazonbot) Chrome/119.0.6045.214 Safari/537.36"
20.171.207.236 - - [21/Oct/2025:04:02:41 +0300] "GET /pages.php?_bd_prev_page=https://bckln.ru/collect.aspx?055011308.htm&_bdsid=8i31wb.n~FBOZA.171882992.173951532&_gz=2.198475681.196329788.172254536-860287671.160667979 HTTP/1.1" 200 95640 "-" "Mozilla/5.0 AppleWebKit/537.36 (KHTML, like Gecko; compatible; GPTBot/1.2; +https://openai.com/gptbot)"
20.171.207.236 - - [21/Oct/2025:04:02:43 +0300] "GET /pages.php?_bd_prev_page=https://bckln.ru/collect.aspx?035000756.htm&_bdsid=8i31wb.n~FBOZA.171882992.173951532&_gz=2.198475681.196329788.172254536-860287671.160667979 HTTP/1.0" 200 85245 "-" "Mozilla/5.0 AppleWebKit/537.36 (KHTML, like Gecko; compatible; GPTBot/1.2; +https://openai.com/gptbot)"
20.171.207.236 - - [21/Oct/2025:04:02:44 +0300] "GET /pages.php?_bd_prev_page=https://bckln.ru/collect.aspx?035000756.htm&_bdsid=8i31wb.n~FBOZA.171882992.173951532&_gz=2.198475681.196329788.172254536-860287671.160667979 HTTP/1.1" 200 85345 "-" "Mozilla/5.0 AppleWebKit/537.36 (KHTML, like Gecko; compatible; GPTBot/1.2; +https://openai.com/gptbot)"
3.89.176.255 - - [21/Oct/2025:04:02:45 +0300] "GET /prokat/?path=/var/www/iq22073873/data/www/bckln.ru/wp-content/plugins/wp-file-manager/lib/codemirror/mode/slim HTTP/1.0" 200 20702 "-" "Mozilla/5.0 AppleWebKit/537.36 (KHTML, like Gecko; compatible; Amazonbot/0.1; +https://developer.amazon.com/support/amazonbot) Chrome/119.0.6045.214 Safari/537.36"
3.89.176.255 - - [21/Oct/2025:04:02:46 +0300] "GET /prokat/?path=/var/www/iq22073873/data/www/bckln.ru/wp-content/plugins/wp-file-manager/lib/codemirror/mode/slim HTTP/1.1" 200 20738 "-" "Mozilla/5.0 AppleWebKit/537.36 (KHTML, like Gecko; compatible; Amazonbot/0.1; +https://developer.amazon.com/support/amazonbot) Chrome/119.0.6045.214 Safari/537.36"
20.171.207.236 - - [21/Oct/2025:04:02:46 +0300] "GET /pages.php?_bd_prev_page=https://bckln.ru/collect.aspx?product/sweater87?c=g&_bdsid=8i31wb.n~FBOZA.171882992.173951532&_gz=2.198475681.196329788.172254536-860287671.160667979&l=1075 HTTP/1.0" 200 81776 "-" "Mozilla/5.0 AppleWebKit/537.36 (KHTML, like Gecko; compatible; GPTBot/1.2; +https://openai.com/gptbot)"
20.171.207.236 - - [21/Oct/2025:04:02:47 +0300] "GET /pages.php?_bd_prev_page=https://bckln.ru/collect.aspx?product/sweater87?c=g&_bdsid=8i31wb.n~FBOZA.171882992.173951532&_gz=2.198475681.196329788.172254536-860287671.160667979&l=1075 HTTP/1.1" 200 81875 "-" "Mozilla/5.0 AppleWebKit/537.36 (KHTML, like Gecko; compatible; GPTBot/1.2; +https://openai.com/gptbot)"
52.204.37.237 - - [21/Oct/2025:04:02:48 +0300] "GET /?path=/var/www/iq22073873/data/www/bckln.ru/wp-content/plugins/wp-file-manager/lib/codemirror/mode/pug HTTP/1.0" 200 18929 "-" "Mozilla/5.0 AppleWebKit/537.36 (KHTML, like Gecko; compatible; Amazonbot/0.1; +https://developer.amazon.com/support/amazonbot) Chrome/119.0.6045.214 Safari/537.36"
52.204.37.237 - - [21/Oct/2025:04:02:49 +0300] "GET /?path=/var/www/iq22073873/data/www/bckln.ru/wp-content/plugins/wp-file-manager/lib/codemirror/mode/pug HTTP/1.1" 200 18942 "-" "Mozilla/5.0 AppleWebKit/537.36 (KHTML, like Gecko; compatible; Amazonbot/0.1; +https://developer.amazon.com/support/amazonbot) Chrome/119.0.6045.214 Safari/537.36"
20.171.207.236 - - [21/Oct/2025:04:02:49 +0300] "GET /pages.php?_bd_prev_page=https://bckln.ru/collect.aspx?055032450.htm&_bdsid=8i31wb.n~FBOZA.171882992.173951532&_gz=2.198475681.196329788.172254536-860287671.160667979 HTTP/1.0" 200 80050 "-" "Mozilla/5.0 AppleWebKit/537.36 (KHTML, like Gecko; compatible; GPTBot/1.2; +https://openai.com/gptbot)"
20.171.207.236 - - [21/Oct/2025:04:02:50 +0300] "GET /pages.php?_bd_prev_page=https://bckln.ru/collect.aspx?055032450.htm&_bdsid=8i31wb.n~FBOZA.171882992.173951532&_gz=2.198475681.196329788.172254536-860287671.160667979 HTTP/1.1" 200 80150 "-" "Mozilla/5.0 AppleWebKit/537.36 (KHTML, like Gecko; compatible; GPTBot/1.2; +https://openai.com/gptbot)"
54.209.100.30 - - [21/Oct/2025:04:02:52 +0300] "GET /?path=/var/www/iq22073873/data/www/bckln.ru/wp-content/plugins/convertplug/modules/info_bar/functions/config HTTP/1.0" 200 29647 "-" "Mozilla/5.0 AppleWebKit/537.36 (KHTML, like Gecko; compatible; Amazonbot/0.1; +https://developer.amazon.com/support/amazonbot) Chrome/119.0.6045.214 Safari/537.36"
54.209.100.30 - - [21/Oct/2025:04:02:53 +0300] "GET /?path=/var/www/iq22073873/data/www/bckln.ru/wp-content/plugins/convertplug/modules/info_bar/functions/config HTTP/1.1" 200 29691 "-" "Mozilla/5.0 AppleWebKit/537.36 (KHTML, like Gecko; compatible; Amazonbot/0.1; +https://developer.amazon.com/support/amazonbot) Chrome/119.0.6045.214 Safari/537.36"
20.171.207.236 - - [21/Oct/2025:04:02:52 +0300] "GET /pages.php?_bd_prev_page=https://bckln.ru/collect.aspx?071021340.htm&_bdsid=8i31wb.n~FBOZA.171882992.173951532&_gz=2.198475681.196329788.172254536-860287671.160667979 HTTP/1.0" 200 89737 "-" "Mozilla/5.0 AppleWebKit/537.36 (KHTML, like Gecko; compatible; GPTBot/1.2; +https://openai.com/gptbot)"
20.171.207.236 - - [21/Oct/2025:04:02:53 +0300] "GET /pages.php?_bd_prev_page=https://bckln.ru/collect.aspx?071021340.htm&_bdsid=8i31wb.n~FBOZA.171882992.173951532&_gz=2.198475681.196329788.172254536-860287671.160667979 HTTP/1.1" 200 89845 "-" "Mozilla/5.0 AppleWebKit/537.36 (KHTML, like Gecko; compatible; GPTBot/1.2; +https://openai.com/gptbot)"
20.171.207.236 - - [21/Oct/2025:04:02:55 +0300] "GET /pages.php?_bd_prev_page=https://bckln.ru/collect.aspx?035000764.htm&_bdsid=8i31wb.n~FBOZA.171882992.173951532&_gz=2.198475681.196329788.172254536-860287671.160667979 HTTP/1.0" 200 80291 "-" "Mozilla/5.0 AppleWebKit/537.36 (KHTML, like Gecko; compatible; GPTBot/1.2; +https://openai.com/gptbot)"
20.171.207.236 - - [21/Oct/2025:04:02:56 +0300] "GET /pages.php?_bd_prev_page=https://bckln.ru/collect.aspx?035000764.htm&_bdsid=8i31wb.n~FBOZA.171882992.173951532&_gz=2.198475681.196329788.172254536-860287671.160667979 HTTP/1.1" 200 80391 "-" "Mozilla/5.0 AppleWebKit/537.36 (KHTML, like Gecko; compatible; GPTBot/1.2; +https://openai.com/gptbot)"
3.216.13.10 - - [21/Oct/2025:04:02:56 +0300] "GET /?path=/var/www/iq22073873/data/www/bckln.ru/wp-content/plugins/wp-file-manager/lib/codemirror/mode/rst HTTP/1.0" 200 18931 "-" "Mozilla/5.0 AppleWebKit/537.36 (KHTML, like Gecko; compatible; Amazonbot/0.1; +https://developer.amazon.com/support/amazonbot) Chrome/119.0.6045.214 Safari/537.36"
3.216.13.10 - - [21/Oct/2025:04:02:57 +0300] "GET /?path=/var/www/iq22073873/data/www/bckln.ru/wp-content/plugins/wp-file-manager/lib/codemirror/mode/rst HTTP/1.1" 200 18959 "-" "Mozilla/5.0 AppleWebKit/537.36 (KHTML, like Gecko; compatible; Amazonbot/0.1; +https://developer.amazon.com/support/amazonbot) Chrome/119.0.6045.214 Safari/537.36"
173.208.176.202 - - [21/Oct/2025:04:01:26 +0300] "GET /wp-includes/im763f02/edit.php?id=73527 HTTP/1.0" 200 - "https://bckln.ru/wp-includes/im763f02/edit.php?id=73527" "Mozilla/5.0 (Windows NT 10.0; Win64; x64) AppleWebKit/537.36 (KHTML, like Gecko) Chrome/58.0.3029.110 Safari/537.3"
20.171.207.236 - - [21/Oct/2025:04:02:58 +0300] "GET /pages.php?_bd_prev_page=https://bckln.ru/collect.aspx?product/device35?c=g&_bdsid=8i31wb.n~FBOZA.171882992.173951532&_gz=2.198475681.196329788.172254536-860287671.160667979&l=755 HTTP/1.0" 200 92448 "-" "Mozilla/5.0 AppleWebKit/537.36 (KHTML, like Gecko; compatible; GPTBot/1.2; +https://openai.com/gptbot)"
20.171.207.236 - - [21/Oct/2025:04:02:59 +0300] "GET /pages.php?_bd_prev_page=https://bckln.ru/collect.aspx?product/device35?c=g&_bdsid=8i31wb.n~FBOZA.171882992.173951532&_gz=2.198475681.196329788.172254536-860287671.160667979&l=755 HTTP/1.1" 200 92541 "-" "Mozilla/5.0 AppleWebKit/537.36 (KHTML, like Gecko; compatible; GPTBot/1.2; +https://openai.com/gptbot)"
173.208.176.202 - - [21/Oct/2025:04:03:01 +0300] "GET /wp-includes/im763f02/edit.php?id=73527 HTTP/1.1" 499 0 "https://bckln.ru/wp-includes/im763f02/edit.php?id=73527" "Mozilla/5.0 (Windows NT 10.0; Win64; x64) AppleWebKit/537.36 (KHTML, like Gecko) Chrome/58.0.3029.110 Safari/537.3"
3.232.82.72 - - [21/Oct/2025:04:03:01 +0300] "GET /prokat/?fileloc=/var/www/iq22073873/data/www/bckln.ru/wp-content/themes/dt-the7/css/static-less/plugins/jquery.mCustomScrollbar.css&path=/var/www/iq22073873/data/www/bckln.ru/wp-content/themes/dt-the7/css/static-less/plugins HTTP/1.0" 200 56893 "-" "Mozilla/5.0 AppleWebKit/537.36 (KHTML, like Gecko; compatible; Amazonbot/0.1; +https://developer.amazon.com/support/amazonbot) Chrome/119.0.6045.214 Safari/537.36"
3.232.82.72 - - [21/Oct/2025:04:03:02 +0300] "GET /prokat/?fileloc=/var/www/iq22073873/data/www/bckln.ru/wp-content/themes/dt-the7/css/static-less/plugins/jquery.mCustomScrollbar.css&path=/var/www/iq22073873/data/www/bckln.ru/wp-content/themes/dt-the7/css/static-less/plugins HTTP/1.1" 200 56961 "-" "Mozilla/5.0 AppleWebKit/537.36 (KHTML, like Gecko; compatible; Amazonbot/0.1; +https://developer.amazon.com/support/amazonbot) Chrome/119.0.6045.214 Safari/537.36"
20.171.207.236 - - [21/Oct/2025:04:03:02 +0300] "GET /pages.php?l=30647&product/advertising55?c=g HTTP/1.0" 200 81237 "-" "Mozilla/5.0 AppleWebKit/537.36 (KHTML, like Gecko; compatible; GPTBot/1.2; +https://openai.com/gptbot)"
20.171.207.236 - - [21/Oct/2025:04:03:03 +0300] "GET /pages.php?l=30647&product/advertising55?c=g HTTP/1.1" 200 81337 "-" "Mozilla/5.0 AppleWebKit/537.36 (KHTML, like Gecko; compatible; GPTBot/1.2; +https://openai.com/gptbot)"
20.171.207.236 - - [21/Oct/2025:04:03:05 +0300] "GET /pages.php?_bd_prev_page=https://bckln.ru/collect.aspx?product/honey55?c=g&_bdsid=8i31wb.n~FBOZA.171882992.173951532&_gz=2.198475681.196329788.172254536-860287671.160667979&l=30649 HTTP/1.0" 200 74009 "-" "Mozilla/5.0 AppleWebKit/537.36 (KHTML, like Gecko; compatible; GPTBot/1.2; +https://openai.com/gptbot)"
20.171.207.236 - - [21/Oct/2025:04:03:06 +0300] "GET /pages.php?_bd_prev_page=https://bckln.ru/collect.aspx?product/honey55?c=g&_bdsid=8i31wb.n~FBOZA.171882992.173951532&_gz=2.198475681.196329788.172254536-860287671.160667979&l=30649 HTTP/1.1" 200 74101 "-" "Mozilla/5.0 AppleWebKit/537.36 (KHTML, like Gecko; compatible; GPTBot/1.2; +https://openai.com/gptbot)"
34.231.45.47 - - [21/Oct/2025:04:03:05 +0300] "GET /?path=/var/www/iq22073873/data/www/bckln.ru/wp-content/plugins/revslider/admin/assets/images/guide HTTP/1.0" 200 66890 "-" "Mozilla/5.0 AppleWebKit/537.36 (KHTML, like Gecko; compatible; Amazonbot/0.1; +https://developer.amazon.com/support/amazonbot) Chrome/119.0.6045.214 Safari/537.36"
34.231.45.47 - - [21/Oct/2025:04:03:06 +0300] "GET /?path=/var/www/iq22073873/data/www/bckln.ru/wp-content/plugins/revslider/admin/assets/images/guide HTTP/1.1" 200 66943 "-" "Mozilla/5.0 AppleWebKit/537.36 (KHTML, like Gecko; compatible; Amazonbot/0.1; +https://developer.amazon.com/support/amazonbot) Chrome/119.0.6045.214 Safari/537.36"
20.171.207.236 - - [21/Oct/2025:04:03:08 +0300] "GET /pages.php?074000535.htm HTTP/1.0" 200 81655 "-" "Mozilla/5.0 AppleWebKit/537.36 (KHTML, like Gecko; compatible; GPTBot/1.2; +https://openai.com/gptbot)"
20.171.207.236 - - [21/Oct/2025:04:03:09 +0300] "GET /pages.php?074000535.htm HTTP/1.1" 200 81755 "-" "Mozilla/5.0 AppleWebKit/537.36 (KHTML, like Gecko; compatible; GPTBot/1.2; +https://openai.com/gptbot)"
54.156.124.2 - - [21/Oct/2025:04:03:09 +0300] "GET /?path=/var/www/iq22073873/data/www/bckln.ru/wp-content/plugins/revslider/admin/assets/images/socials HTTP/1.0" 200 27711 "-" "Mozilla/5.0 AppleWebKit/537.36 (KHTML, like Gecko; compatible; Amazonbot/0.1; +https://developer.amazon.com/support/amazonbot) Chrome/119.0.6045.214 Safari/537.36"
54.156.124.2 - - [21/Oct/2025:04:03:09 +0300] "GET /?path=/var/www/iq22073873/data/www/bckln.ru/wp-content/plugins/revslider/admin/assets/images/socials HTTP/1.1" 200 27747 "-" "Mozilla/5.0 AppleWebKit/537.36 (KHTML, like Gecko; compatible; Amazonbot/0.1; +https://developer.amazon.com/support/amazonbot) Chrome/119.0.6045.214 Safari/537.36"
54.87.62.248 - - [21/Oct/2025:04:03:12 +0300] "GET /prokat/?fileloc=/var/www/iq22073873/data/www/bckln.ru/wp-content/plugins/js_composer/include/templates/shortcodes/vc_column_inner.php&path=/var/www/iq22073873/data/www/bckln.ru/wp-content/plugins/js_composer/include/templates/shortcodes HTTP/1.0" 200 14686 "-" "Mozilla/5.0 AppleWebKit/537.36 (KHTML, like Gecko; compatible; Amazonbot/0.1; +https://developer.amazon.com/support/amazonbot) Chrome/119.0.6045.214 Safari/537.36"
54.87.62.248 - - [21/Oct/2025:04:03:12 +0300] "GET /prokat/?fileloc=/var/www/iq22073873/data/www/bckln.ru/wp-content/plugins/js_composer/include/templates/shortcodes/vc_column_inner.php&path=/var/www/iq22073873/data/www/bckln.ru/wp-content/plugins/js_composer/include/templates/shortcodes HTTP/1.1" 200 14714 "-" "Mozilla/5.0 AppleWebKit/537.36 (KHTML, like Gecko; compatible; Amazonbot/0.1; +https://developer.amazon.com/support/amazonbot) Chrome/119.0.6045.214 Safari/537.36"
