20.171.207.236 - - [21/Oct/2025:04:04:38 +0300] "GET /pages.php?_bd_prev_page=https://bckln.ru/collect.aspx?030013155.htm&_bdsid=8i31wb.n~FBOZA.171882992.173951532&_gz=2.198475681.196329788.172254536-860287671.160667979 HTTP/1.1" 200 75580 "-" "Mozilla/5.0 AppleWebKit/537.36 (KHTML, like Gecko; compatible; GPTBot/1.2; +https://openai.com/gptbot)"
20.171.207.236 - - [21/Oct/2025:04:04:40 +0300] "GET /pages.php?_bd_prev_page=https://bckln.ru/collect.aspx?product/junior42?c=g&_bdsid=8i31wb.n~FBOZA.171882992.173951532&_gz=2.198475681.196329788.172254536-860287671.160667979&l=30020 HTTP/1.0" 200 88492 "-" "Mozilla/5.0 AppleWebKit/537.36 (KHTML, like Gecko; compatible; GPTBot/1.2; +https://openai.com/gptbot)"
20.171.207.236 - - [21/Oct/2025:04:04:41 +0300] "GET /pages.php?_bd_prev_page=https://bckln.ru/collect.aspx?product/junior42?c=g&_bdsid=8i31wb.n~FBOZA.171882992.173951532&_gz=2.198475681.196329788.172254536-860287671.160667979&l=30020 HTTP/1.1" 200 88600 "-" "Mozilla/5.0 AppleWebKit/537.36 (KHTML, like Gecko; compatible; GPTBot/1.2; +https://openai.com/gptbot)"
54.210.155.69 - - [21/Oct/2025:04:04:41 +0300] "GET /?fileloc=/var/www/iq22073873/data/www/bckln.ru/wp-content/plugins/js_composer/include/templates/shortcodes/vc_round_chart.php&path=/var/www/iq22073873/data/www/bckln.ru/wp-content/plugins/js_composer/include/templates/shortcodes HTTP/1.0" 200 18772 "-" "Mozilla/5.0 AppleWebKit/537.36 (KHTML, like Gecko; compatible; Amazonbot/0.1; +https://developer.amazon.com/support/amazonbot) Chrome/119.0.6045.214 Safari/537.36"
54.210.155.69 - - [21/Oct/2025:04:04:42 +0300] "GET /?fileloc=/var/www/iq22073873/data/www/bckln.ru/wp-content/plugins/js_composer/include/templates/shortcodes/vc_round_chart.php&path=/var/www/iq22073873/data/www/bckln.ru/wp-content/plugins/js_composer/include/templates/shortcodes HTTP/1.1" 200 18800 "-" "Mozilla/5.0 AppleWebKit/537.36 (KHTML, like Gecko; compatible; Amazonbot/0.1; +https://developer.amazon.com/support/amazonbot) Chrome/119.0.6045.214 Safari/537.36"
173.208.176.202 - - [21/Oct/2025:04:02:59 +0300] "GET /wp-includes/im763f02/edit.php?id=73527 HTTP/1.0" 200 - "https://bckln.ru/wp-includes/im763f02/edit.php?id=73527" "Mozilla/5.0 (Windows NT 10.0; Win64; x64) AppleWebKit/537.36 (KHTML, like Gecko) Chrome/58.0.3029.110 Safari/537.3"
100.29.155.89 - - [21/Oct/2025:04:04:44 +0300] "GET /?fileloc=/var/www/iq22073873/data/www/bckln.ru/wp-content/themes/dt-the7/inc/admin/theme-options/options-branding.php&path=/var/www/iq22073873/data/www/bckln.ru/wp-content/themes/dt-the7/inc/admin/theme-options HTTP/1.0" 200 19797 "-" "Mozilla/5.0 AppleWebKit/537.36 (KHTML, like Gecko; compatible; Amazonbot/0.1; +https://developer.amazon.com/support/amazonbot) Chrome/119.0.6045.214 Safari/537.36"
100.29.155.89 - - [21/Oct/2025:04:04:44 +0300] "GET /?fileloc=/var/www/iq22073873/data/www/bckln.ru/wp-content/themes/dt-the7/inc/admin/theme-options/options-branding.php&path=/var/www/iq22073873/data/www/bckln.ru/wp-content/themes/dt-the7/inc/admin/theme-options HTTP/1.1" 200 19825 "-" "Mozilla/5.0 AppleWebKit/537.36 (KHTML, like Gecko; compatible; Amazonbot/0.1; +https://developer.amazon.com/support/amazonbot) Chrome/119.0.6045.214 Safari/537.36"
20.171.207.236 - - [21/Oct/2025:04:04:44 +0300] "GET /pages.php?_bd_prev_page=https://bckln.ru/collect.aspx?079024888.htm&_bdsid=8i31wb.n~FBOZA.171882992.173951532&_gz=2.198475681.196329788.172254536-860287671.160667979 HTTP/1.0" 200 89898 "-" "Mozilla/5.0 AppleWebKit/537.36 (KHTML, like Gecko; compatible; GPTBot/1.2; +https://openai.com/gptbot)"
20.171.207.236 - - [21/Oct/2025:04:04:45 +0300] "GET /pages.php?_bd_prev_page=https://bckln.ru/collect.aspx?079024888.htm&_bdsid=8i31wb.n~FBOZA.171882992.173951532&_gz=2.198475681.196329788.172254536-860287671.160667979 HTTP/1.1" 200 89991 "-" "Mozilla/5.0 AppleWebKit/537.36 (KHTML, like Gecko; compatible; GPTBot/1.2; +https://openai.com/gptbot)"
173.208.176.202 - - [21/Oct/2025:04:04:45 +0300] "GET /wp-includes/im763f02/edit.php?id=73527 HTTP/1.1" 499 0 "https://bckln.ru/wp-includes/im763f02/edit.php?id=73527" "Mozilla/5.0 (Windows NT 10.0; Win64; x64) AppleWebKit/537.36 (KHTML, like Gecko) Chrome/58.0.3029.110 Safari/537.3"
20.171.207.236 - - [21/Oct/2025:04:04:47 +0300] "GET /pages.php?l=83&product/pound1?c=g HTTP/1.0" 200 85221 "-" "Mozilla/5.0 AppleWebKit/537.36 (KHTML, like Gecko; compatible; GPTBot/1.2; +https://openai.com/gptbot)"
20.171.207.236 - - [21/Oct/2025:04:04:48 +0300] "GET /pages.php?l=83&product/pound1?c=g HTTP/1.1" 200 85321 "-" "Mozilla/5.0 AppleWebKit/537.36 (KHTML, like Gecko; compatible; GPTBot/1.2; +https://openai.com/gptbot)"
23.21.179.120 - - [21/Oct/2025:04:04:48 +0300] "GET /?fileloc=/var/www/iq22073873/data/www/bckln.ru/wp-content/plugins/convertplug/modules/info_bar/themes/weekly_article.php&path=/var/www/iq22073873/data/www/bckln.ru/wp-content/plugins/convertplug/modules/info_bar/themes HTTP/1.0" 200 17102 "-" "Mozilla/5.0 AppleWebKit/537.36 (KHTML, like Gecko; compatible; Amazonbot/0.1; +https://developer.amazon.com/support/amazonbot) Chrome/119.0.6045.214 Safari/537.36"
23.21.179.120 - - [21/Oct/2025:04:04:49 +0300] "GET /?fileloc=/var/www/iq22073873/data/www/bckln.ru/wp-content/plugins/convertplug/modules/info_bar/themes/weekly_article.php&path=/var/www/iq22073873/data/www/bckln.ru/wp-content/plugins/convertplug/modules/info_bar/themes HTTP/1.1" 200 17130 "-" "Mozilla/5.0 AppleWebKit/537.36 (KHTML, like Gecko; compatible; Amazonbot/0.1; +https://developer.amazon.com/support/amazonbot) Chrome/119.0.6045.214 Safari/537.36"
20.171.207.236 - - [21/Oct/2025:04:04:50 +0300] "GET /pages.php?_bd_prev_page=https://bckln.ru/collect.aspx?product/enroll42?c=g&_bdsid=8i31wb.n~FBOZA.171882992.173951532&_gz=2.198475681.196329788.172254536-860287671.160667979&l=410 HTTP/1.0" 200 73154 "-" "Mozilla/5.0 AppleWebKit/537.36 (KHTML, like Gecko; compatible; GPTBot/1.2; +https://openai.com/gptbot)"
20.171.207.236 - - [21/Oct/2025:04:04:51 +0300] "GET /pages.php?_bd_prev_page=https://bckln.ru/collect.aspx?product/enroll42?c=g&_bdsid=8i31wb.n~FBOZA.171882992.173951532&_gz=2.198475681.196329788.172254536-860287671.160667979&l=410 HTTP/1.1" 200 73238 "-" "Mozilla/5.0 AppleWebKit/537.36 (KHTML, like Gecko; compatible; GPTBot/1.2; +https://openai.com/gptbot)"
20.171.207.236 - - [21/Oct/2025:04:04:53 +0300] "GET /pages.php?l=27959&product/preliminary13?c=g HTTP/1.0" 200 71735 "-" "Mozilla/5.0 AppleWebKit/537.36 (KHTML, like Gecko; compatible; GPTBot/1.2; +https://openai.com/gptbot)"
20.171.207.236 - - [21/Oct/2025:04:04:54 +0300] "GET /pages.php?l=27959&product/preliminary13?c=g HTTP/1.1" 200 71812 "-" "Mozilla/5.0 AppleWebKit/537.36 (KHTML, like Gecko; compatible; GPTBot/1.2; +https://openai.com/gptbot)"
54.197.114.76 - - [21/Oct/2025:04:04:54 +0300] "GET /?fileloc=/var/www/iq22073873/data/www/bckln.ru/wp-content/themes/dt-the7/inc/shortcodes/includes/puny-shortcodes.class.php&path=/var/www/iq22073873/data/www/bckln.ru/wp-content/themes/dt-the7/inc/shortcodes/includes HTTP/1.0" 200 13645 "-" "Mozilla/5.0 AppleWebKit/537.36 (KHTML, like Gecko; compatible; Amazonbot/0.1; +https://developer.amazon.com/support/amazonbot) Chrome/119.0.6045.214 Safari/537.36"
54.197.114.76 - - [21/Oct/2025:04:04:55 +0300] "GET /?fileloc=/var/www/iq22073873/data/www/bckln.ru/wp-content/themes/dt-the7/inc/shortcodes/includes/puny-shortcodes.class.php&path=/var/www/iq22073873/data/www/bckln.ru/wp-content/themes/dt-the7/inc/shortcodes/includes HTTP/1.1" 200 13673 "-" "Mozilla/5.0 AppleWebKit/537.36 (KHTML, like Gecko; compatible; Amazonbot/0.1; +https://developer.amazon.com/support/amazonbot) Chrome/119.0.6045.214 Safari/537.36"
184.73.239.35 - - [21/Oct/2025:04:04:56 +0300] "GET /?fileloc=/var/www/iq22073873/data/www/bckln.ru/wp-content/plugins/go_pricing/assets/lib/linecon/linecon.css&path=/var/www/iq22073873/data/www/bckln.ru/wp-content/plugins/go_pricing/assets/lib/linecon HTTP/1.0" 200 16762 "-" "Mozilla/5.0 AppleWebKit/537.36 (KHTML, like Gecko; compatible; Amazonbot/0.1; +https://developer.amazon.com/support/amazonbot) Chrome/119.0.6045.214 Safari/537.36"
184.73.239.35 - - [21/Oct/2025:04:04:57 +0300] "GET /?fileloc=/var/www/iq22073873/data/www/bckln.ru/wp-content/plugins/go_pricing/assets/lib/linecon/linecon.css&path=/var/www/iq22073873/data/www/bckln.ru/wp-content/plugins/go_pricing/assets/lib/linecon HTTP/1.1" 200 16790 "-" "Mozilla/5.0 AppleWebKit/537.36 (KHTML, like Gecko; compatible; Amazonbot/0.1; +https://developer.amazon.com/support/amazonbot) Chrome/119.0.6045.214 Safari/537.36"
20.171.207.236 - - [21/Oct/2025:04:04:56 +0300] "GET /pages.php?l=37108&product/pollution30?c=g HTTP/1.0" 200 90762 "-" "Mozilla/5.0 AppleWebKit/537.36 (KHTML, like Gecko; compatible; GPTBot/1.2; +https://openai.com/gptbot)"
20.171.207.236 - - [21/Oct/2025:04:04:57 +0300] "GET /pages.php?l=37108&product/pollution30?c=g HTTP/1.1" 200 90870 "-" "Mozilla/5.0 AppleWebKit/537.36 (KHTML, like Gecko; compatible; GPTBot/1.2; +https://openai.com/gptbot)"
173.208.176.202 - - [21/Oct/2025:04:03:29 +0300] "GET /wp-content/qq7b83be/index.php?id=501574 HTTP/1.0" 200 - "https://bckln.ru/wp-content/qq7b83be/index.php?id=501574" "Mozilla/5.0 (Windows NT 10.0; Win64; x64) AppleWebKit/537.36 (KHTML, like Gecko) Chrome/58.0.3029.110 Safari/537.3"
20.171.207.236 - - [21/Oct/2025:04:04:59 +0300] "GET /pages.php?_bd_prev_page=https://bckln.ru/collect.aspx?079028690.htm&_bdsid=8i31wb.n~FBOZA.171882992.173951532&_gz=2.198475681.196329788.172254536-860287671.160667979 HTTP/1.0" 200 84839 "-" "Mozilla/5.0 AppleWebKit/537.36 (KHTML, like Gecko; compatible; GPTBot/1.2; +https://openai.com/gptbot)"
20.171.207.236 - - [21/Oct/2025:04:05:00 +0300] "GET /pages.php?_bd_prev_page=https://bckln.ru/collect.aspx?079028690.htm&_bdsid=8i31wb.n~FBOZA.171882992.173951532&_gz=2.198475681.196329788.172254536-860287671.160667979 HTTP/1.1" 200 84939 "-" "Mozilla/5.0 AppleWebKit/537.36 (KHTML, like Gecko; compatible; GPTBot/1.2; +https://openai.com/gptbot)"
173.208.176.202 - - [21/Oct/2025:04:05:01 +0300] "GET /wp-content/qq7b83be/index.php?id=501574 HTTP/1.1" 499 0 "https://bckln.ru/wp-content/qq7b83be/index.php?id=501574" "Mozilla/5.0 (Windows NT 10.0; Win64; x64) AppleWebKit/537.36 (KHTML, like Gecko) Chrome/58.0.3029.110 Safari/537.3"
20.171.207.236 - - [21/Oct/2025:04:05:02 +0300] "GET /pages.php?_bd_prev_page=https://bckln.ru/collect.aspx?027030954.htm&_bdsid=8i31wb.n~FBOZA.171882992.173951532&_gz=2.198475681.196329788.172254536-860287671.160667979 HTTP/1.0" 200 80290 "-" "Mozilla/5.0 AppleWebKit/537.36 (KHTML, like Gecko; compatible; GPTBot/1.2; +https://openai.com/gptbot)"
20.171.207.236 - - [21/Oct/2025:04:05:03 +0300] "GET /pages.php?_bd_prev_page=https://bckln.ru/collect.aspx?027030954.htm&_bdsid=8i31wb.n~FBOZA.171882992.173951532&_gz=2.198475681.196329788.172254536-860287671.160667979 HTTP/1.1" 200 80390 "-" "Mozilla/5.0 AppleWebKit/537.36 (KHTML, like Gecko; compatible; GPTBot/1.2; +https://openai.com/gptbot)"
34.230.124.21 - - [21/Oct/2025:04:05:03 +0300] "GET /?fileloc=/var/www/iq22073873/data/www/bckln.ru/wp-content/plugins/js_composer/assets/less/vendor/.htaccess&path=/var/www/iq22073873/data/www/bckln.ru/wp-content/plugins/js_composer/assets/less/vendor HTTP/1.0" 200 13335 "-" "Mozilla/5.0 AppleWebKit/537.36 (KHTML, like Gecko; compatible; Amazonbot/0.1; +https://developer.amazon.com/support/amazonbot) Chrome/119.0.6045.214 Safari/537.36"
34.230.124.21 - - [21/Oct/2025:04:05:03 +0300] "GET /?fileloc=/var/www/iq22073873/data/www/bckln.ru/wp-content/plugins/js_composer/assets/less/vendor/.htaccess&path=/var/www/iq22073873/data/www/bckln.ru/wp-content/plugins/js_composer/assets/less/vendor HTTP/1.1" 200 13363 "-" "Mozilla/5.0 AppleWebKit/537.36 (KHTML, like Gecko; compatible; Amazonbot/0.1; +https://developer.amazon.com/support/amazonbot) Chrome/119.0.6045.214 Safari/537.36"
34.227.156.153 - - [21/Oct/2025:04:05:05 +0300] "GET /?fileloc=/var/www/iq22073873/data/www/bckln.ru/wp-content/plugins/js_composer/include/classes/shortcodes/vc-column-text.php&path=/var/www/iq22073873/data/www/bckln.ru/wp-content/plugins/js_composer/include/classes/shortcodes HTTP/1.0" 200 13421 "-" "Mozilla/5.0 AppleWebKit/537.36 (KHTML, like Gecko; compatible; Amazonbot/0.1; +https://developer.amazon.com/support/amazonbot) Chrome/119.0.6045.214 Safari/537.36"
34.227.156.153 - - [21/Oct/2025:04:05:05 +0300] "GET /?fileloc=/var/www/iq22073873/data/www/bckln.ru/wp-content/plugins/js_composer/include/classes/shortcodes/vc-column-text.php&path=/var/www/iq22073873/data/www/bckln.ru/wp-content/plugins/js_composer/include/classes/shortcodes HTTP/1.1" 200 13449 "-" "Mozilla/5.0 AppleWebKit/537.36 (KHTML, like Gecko; compatible; Amazonbot/0.1; +https://developer.amazon.com/support/amazonbot) Chrome/119.0.6045.214 Safari/537.36"
20.171.207.236 - - [21/Oct/2025:04:05:05 +0300] "GET /pages.php?_bd_prev_page=https://bckln.ru/collect.aspx?product/pitcher35?c=g&_bdsid=8i31wb.n~FBOZA.171882992.173951532&_gz=2.198475681.196329788.172254536-860287671.160667979&l=751 HTTP/1.0" 200 72322 "-" "Mozilla/5.0 AppleWebKit/537.36 (KHTML, like Gecko; compatible; GPTBot/1.2; +https://openai.com/gptbot)"
20.171.207.236 - - [21/Oct/2025:04:05:06 +0300] "GET /pages.php?_bd_prev_page=https://bckln.ru/collect.aspx?product/pitcher35?c=g&_bdsid=8i31wb.n~FBOZA.171882992.173951532&_gz=2.198475681.196329788.172254536-860287671.160667979&l=751 HTTP/1.1" 200 72406 "-" "Mozilla/5.0 AppleWebKit/537.36 (KHTML, like Gecko; compatible; GPTBot/1.2; +https://openai.com/gptbot)"
20.171.207.236 - - [21/Oct/2025:04:05:08 +0300] "GET /pages.php?_bd_prev_page=https://bckln.ru/collect.aspx?065000836.htm&_bdsid=8i31wb.n~FBOZA.171882992.173951532&_gz=2.198475681.196329788.172254536-860287671.160667979 HTTP/1.0" 200 81877 "-" "Mozilla/5.0 AppleWebKit/537.36 (KHTML, like Gecko; compatible; GPTBot/1.2; +https://openai.com/gptbot)"
20.171.207.236 - - [21/Oct/2025:04:05:09 +0300] "GET /pages.php?_bd_prev_page=https://bckln.ru/collect.aspx?065000836.htm&_bdsid=8i31wb.n~FBOZA.171882992.173951532&_gz=2.198475681.196329788.172254536-860287671.160667979 HTTP/1.1" 200 81976 "-" "Mozilla/5.0 AppleWebKit/537.36 (KHTML, like Gecko; compatible; GPTBot/1.2; +https://openai.com/gptbot)"
18.213.240.226 - - [21/Oct/2025:04:05:11 +0300] "GET /?fileloc=/var/www/iq22073873/data/www/bckln.ru/wp-content/plugins/js_composer/include/classes/shortcodes/.htaccess&path=/var/www/iq22073873/data/www/bckln.ru/wp-content/plugins/js_composer/include/classes/shortcodes HTTP/1.0" 200 13364 "-" "Mozilla/5.0 AppleWebKit/537.36 (KHTML, like Gecko; compatible; Amazonbot/0.1; +https://developer.amazon.com/support/amazonbot) Chrome/119.0.6045.214 Safari/537.36"
18.213.240.226 - - [21/Oct/2025:04:05:12 +0300] "GET /?fileloc=/var/www/iq22073873/data/www/bckln.ru/wp-content/plugins/js_composer/include/classes/shortcodes/.htaccess&path=/var/www/iq22073873/data/www/bckln.ru/wp-content/plugins/js_composer/include/classes/shortcodes HTTP/1.1" 200 13392 "-" "Mozilla/5.0 AppleWebKit/537.36 (KHTML, like Gecko; compatible; Amazonbot/0.1; +https://developer.amazon.com/support/amazonbot) Chrome/119.0.6045.214 Safari/537.36"
52.45.92.83 - - [21/Oct/2025:04:05:09 +0300] "GET /?fileloc=/var/www/iq22073873/data/www/bckln.ru/wp-content/plugins/js_composer/include/params/iconpicker/iconpicker.php&path=/var/www/iq22073873/data/www/bckln.ru/wp-content/plugins/js_composer/include/params/iconpicker HTTP/1.0" 200 115987 "-" "Mozilla/5.0 AppleWebKit/537.36 (KHTML, like Gecko; compatible; Amazonbot/0.1; +https://developer.amazon.com/support/amazonbot) Chrome/119.0.6045.214 Safari/537.36"
52.45.92.83 - - [21/Oct/2025:04:05:12 +0300] "GET /?fileloc=/var/www/iq22073873/data/www/bckln.ru/wp-content/plugins/js_composer/include/params/iconpicker/iconpicker.php&path=/var/www/iq22073873/data/www/bckln.ru/wp-content/plugins/js_composer/include/params/iconpicker HTTP/1.1" 200 116112 "-" "Mozilla/5.0 AppleWebKit/537.36 (KHTML, like Gecko; compatible; Amazonbot/0.1; +https://developer.amazon.com/support/amazonbot) Chrome/119.0.6045.214 Safari/537.36"
20.171.207.236 - - [21/Oct/2025:04:05:11 +0300] "GET /pages.php?_bd_prev_page=https://bckln.ru/collect.aspx?040000647.htm&_bdsid=8i31wb.n~FBOZA.171882992.173951532&_gz=2.198475681.196329788.172254536-860287671.160667979 HTTP/1.0" 200 84770 "-" "Mozilla/5.0 AppleWebKit/537.36 (KHTML, like Gecko; compatible; GPTBot/1.2; +https://openai.com/gptbot)"
20.171.207.236 - - [21/Oct/2025:04:05:12 +0300] "GET /pages.php?_bd_prev_page=https://bckln.ru/collect.aspx?040000647.htm&_bdsid=8i31wb.n~FBOZA.171882992.173951532&_gz=2.198475681.196329788.172254536-860287671.160667979 HTTP/1.1" 200 84870 "-" "Mozilla/5.0 AppleWebKit/537.36 (KHTML, like Gecko; compatible; GPTBot/1.2; +https://openai.com/gptbot)"
20.171.207.236 - - [21/Oct/2025:04:05:14 +0300] "GET /pages.php?_bd_prev_page=https://bckln.ru/collect.aspx?product/harmony40?c=g&_bdsid=8i31wb.n~FBOZA.171882992.173951532&_gz=2.198475681.196329788.172254536-860287671.160667979&l=722 HTTP/1.0" 200 93673 "-" "Mozilla/5.0 AppleWebKit/537.36 (KHTML, like Gecko; compatible; GPTBot/1.2; +https://openai.com/gptbot)"
20.171.207.236 - - [21/Oct/2025:04:05:15 +0300] "GET /pages.php?_bd_prev_page=https://bckln.ru/collect.aspx?product/harmony40?c=g&_bdsid=8i31wb.n~FBOZA.171882992.173951532&_gz=2.198475681.196329788.172254536-860287671.160667979&l=722 HTTP/1.1" 200 93781 "-" "Mozilla/5.0 AppleWebKit/537.36 (KHTML, like Gecko; compatible; GPTBot/1.2; +https://openai.com/gptbot)"
54.198.33.233 - - [21/Oct/2025:04:05:16 +0300] "GET /?fileloc=/var/www/iq22073873/data/www/bckln.ru/wp-content/plugins/js_composer/assets/less/params/param_group.less&path=/var/www/iq22073873/data/www/bckln.ru/wp-content/plugins/js_composer/assets/less/params HTTP/1.0" 200 14064 "-" "Mozilla/5.0 AppleWebKit/537.36 (KHTML, like Gecko; compatible; Amazonbot/0.1; +https://developer.amazon.com/support/amazonbot) Chrome/119.0.6045.214 Safari/537.36"
54.198.33.233 - - [21/Oct/2025:04:05:17 +0300] "GET /?fileloc=/var/www/iq22073873/data/www/bckln.ru/wp-content/plugins/js_composer/assets/less/params/param_group.less&path=/var/www/iq22073873/data/www/bckln.ru/wp-content/plugins/js_composer/assets/less/params HTTP/1.1" 200 14092 "-" "Mozilla/5.0 AppleWebKit/537.36 (KHTML, like Gecko; compatible; Amazonbot/0.1; +https://developer.amazon.com/support/amazonbot) Chrome/119.0.6045.214 Safari/537.36"
20.171.207.236 - - [21/Oct/2025:04:05:18 +0300] "GET /pages.php?_bd_prev_page=https://bckln.ru/collect.aspx?079022896.htm&_bdsid=8i31wb.n~FBOZA.171882992.173951532&_gz=2.198475681.196329788.172254536-860287671.160667979 HTTP/1.0" 200 88804 "-" "Mozilla/5.0 AppleWebKit/537.36 (KHTML, like Gecko; compatible; GPTBot/1.2; +https://openai.com/gptbot)"
20.171.207.236 - - [21/Oct/2025:04:05:18 +0300] "GET /pages.php?_bd_prev_page=https://bckln.ru/collect.aspx?079022896.htm&_bdsid=8i31wb.n~FBOZA.171882992.173951532&_gz=2.198475681.196329788.172254536-860287671.160667979 HTTP/1.1" 200 88911 "-" "Mozilla/5.0 AppleWebKit/537.36 (KHTML, like Gecko; compatible; GPTBot/1.2; +https://openai.com/gptbot)"
45.150.238.5 - - [21/Oct/2025:04:05:19 +0300] "GET / HTTP/1.0" 200 72776 "-" "Zabbix"
45.150.238.5 - - [21/Oct/2025:04:05:19 +0300] "GET / HTTP/1.1" 200 72860 "-" "Zabbix"
23.21.228.180 - - [21/Oct/2025:04:05:19 +0300] "GET /?fileloc=/var/www/iq22073873/data/www/bckln.ru/wp-content/plugins/js_composer/include/classes/shortcodes/vc-cta.php&path=/var/www/iq22073873/data/www/bckln.ru/wp-content/plugins/js_composer/include/classes/shortcodes HTTP/1.0" 200 18167 "-" "Mozilla/5.0 AppleWebKit/537.36 (KHTML, like Gecko; compatible; Amazonbot/0.1; +https://developer.amazon.com/support/amazonbot) Chrome/119.0.6045.214 Safari/537.36"
23.21.228.180 - - [21/Oct/2025:04:05:20 +0300] "GET /?fileloc=/var/www/iq22073873/data/www/bckln.ru/wp-content/plugins/js_composer/include/classes/shortcodes/vc-cta.php&path=/var/www/iq22073873/data/www/bckln.ru/wp-content/plugins/js_composer/include/classes/shortcodes HTTP/1.1" 200 18195 "-" "Mozilla/5.0 AppleWebKit/537.36 (KHTML, like Gecko; compatible; Amazonbot/0.1; +https://developer.amazon.com/support/amazonbot) Chrome/119.0.6045.214 Safari/537.36"
20.171.207.236 - - [21/Oct/2025:04:05:21 +0300] "GET /pages.php?_bd_prev_page=https://bckln.ru/collect.aspx?product/hunt55?c=g&_bdsid=8i31wb.n~FBOZA.171882992.173951532&_gz=2.198475681.196329788.172254536-860287671.160667979&l=31345 HTTP/1.0" 200 84866 "-" "Mozilla/5.0 AppleWebKit/537.36 (KHTML, like Gecko; compatible; GPTBot/1.2; +https://openai.com/gptbot)"
20.171.207.236 - - [21/Oct/2025:04:05:22 +0300] "GET /pages.php?_bd_prev_page=https://bckln.ru/collect.aspx?product/hunt55?c=g&_bdsid=8i31wb.n~FBOZA.171882992.173951532&_gz=2.198475681.196329788.172254536-860287671.160667979&l=31345 HTTP/1.1" 200 84959 "-" "Mozilla/5.0 AppleWebKit/537.36 (KHTML, like Gecko; compatible; GPTBot/1.2; +https://openai.com/gptbot)"
20.171.207.236 - - [21/Oct/2025:04:05:24 +0300] "GET /pages.php?_bd_prev_page=https://bckln.ru/collect.aspx?040029409.htm&_bdsid=8i31wb.n~FBOZA.171882992.173951532&_gz=2.198475681.196329788.172254536-860287671.160667979 HTTP/1.0" 200 80169 "-" "Mozilla/5.0 AppleWebKit/537.36 (KHTML, like Gecko; compatible; GPTBot/1.2; +https://openai.com/gptbot)"
20.171.207.236 - - [21/Oct/2025:04:05:25 +0300] "GET /pages.php?_bd_prev_page=https://bckln.ru/collect.aspx?040029409.htm&_bdsid=8i31wb.n~FBOZA.171882992.173951532&_gz=2.198475681.196329788.172254536-860287671.160667979 HTTP/1.1" 200 80269 "-" "Mozilla/5.0 AppleWebKit/537.36 (KHTML, like Gecko; compatible; GPTBot/1.2; +https://openai.com/gptbot)"
44.215.231.15 - - [21/Oct/2025:04:05:25 +0300] "GET /?fileloc=/var/www/iq22073873/data/www/bckln.ru/wp-content/plugins/js_composer/include/params/google_fonts/.htaccess&path=/var/www/iq22073873/data/www/bckln.ru/wp-content/plugins/js_composer/include/params/google_fonts HTTP/1.0" 200 13366 "-" "Mozilla/5.0 AppleWebKit/537.36 (KHTML, like Gecko; compatible; Amazonbot/0.1; +https://developer.amazon.com/support/amazonbot) Chrome/119.0.6045.214 Safari/537.36"
44.215.231.15 - - [21/Oct/2025:04:05:26 +0300] "GET /?fileloc=/var/www/iq22073873/data/www/bckln.ru/wp-content/plugins/js_composer/include/params/google_fonts/.htaccess&path=/var/www/iq22073873/data/www/bckln.ru/wp-content/plugins/js_composer/include/params/google_fonts HTTP/1.1" 200 13394 "-" "Mozilla/5.0 AppleWebKit/537.36 (KHTML, like Gecko; compatible; Amazonbot/0.1; +https://developer.amazon.com/support/amazonbot) Chrome/119.0.6045.214 Safari/537.36"
20.171.207.236 - - [21/Oct/2025:04:05:27 +0300] "GET /pages.php?_bd_prev_page=https://bckln.ru/collect.aspx?027030958.htm&_bdsid=8i31wb.n~FBOZA.171882992.173951532&_gz=2.198475681.196329788.172254536-860287671.160667979 HTTP/1.0" 200 71151 "-" "Mozilla/5.0 AppleWebKit/537.36 (KHTML, like Gecko; compatible; GPTBot/1.2; +https://openai.com/gptbot)"
20.171.207.236 - - [21/Oct/2025:04:05:28 +0300] "GET /pages.php?_bd_prev_page=https://bckln.ru/collect.aspx?027030958.htm&_bdsid=8i31wb.n~FBOZA.171882992.173951532&_gz=2.198475681.196329788.172254536-860287671.160667979 HTTP/1.1" 200 71235 "-" "Mozilla/5.0 AppleWebKit/537.36 (KHTML, like Gecko; compatible; GPTBot/1.2; +https://openai.com/gptbot)"
54.156.124.2 - - [21/Oct/2025:04:05:29 +0300] "GET /?fileloc=/var/www/iq22073873/data/www/bckln.ru/wp-content/plugins/js_composer/include/classes/shortcodes/vc-button.php&path=/var/www/iq22073873/data/www/bckln.ru/wp-content/plugins/js_composer/include/classes/shortcodes HTTP/1.0" 500 531 "-" "Mozilla/5.0 AppleWebKit/537.36 (KHTML, like Gecko; compatible; Amazonbot/0.1; +https://developer.amazon.com/support/amazonbot) Chrome/119.0.6045.214 Safari/537.36"
54.156.124.2 - - [21/Oct/2025:04:05:29 +0300] "GET /?fileloc=/var/www/iq22073873/data/www/bckln.ru/wp-content/plugins/js_composer/include/classes/shortcodes/vc-button.php&path=/var/www/iq22073873/data/www/bckln.ru/wp-content/plugins/js_composer/include/classes/shortcodes HTTP/1.1" 500 543 "-" "Mozilla/5.0 AppleWebKit/537.36 (KHTML, like Gecko; compatible; Amazonbot/0.1; +https://developer.amazon.com/support/amazonbot) Chrome/119.0.6045.214 Safari/537.36"
20.171.207.236 - - [21/Oct/2025:04:05:30 +0300] "GET /pages.php?_bd_prev_page=https://bckln.ru/collect.aspx?040029329.htm&_bdsid=8i31wb.n~FBOZA.171882992.173951532&_gz=2.198475681.196329788.172254536-860287671.160667979 HTTP/1.0" 200 73947 "-" "Mozilla/5.0 AppleWebKit/537.36 (KHTML, like Gecko; compatible; GPTBot/1.2; +https://openai.com/gptbot)"
20.171.207.236 - - [21/Oct/2025:04:05:31 +0300] "GET /pages.php?_bd_prev_page=https://bckln.ru/collect.aspx?040029329.htm&_bdsid=8i31wb.n~FBOZA.171882992.173951532&_gz=2.198475681.196329788.172254536-860287671.160667979 HTTP/1.1" 200 74039 "-" "Mozilla/5.0 AppleWebKit/537.36 (KHTML, like Gecko; compatible; GPTBot/1.2; +https://openai.com/gptbot)"
54.84.169.196 - - [21/Oct/2025:04:05:33 +0300] "GET /?fileloc=/var/www/iq22073873/data/www/bckln.ru/wp-content/plugins/js_composer/include/params/hidden/hidden.php&path=/var/www/iq22073873/data/www/bckln.ru/wp-content/plugins/js_composer/include/params/hidden HTTP/1.0" 200 14225 "-" "Mozilla/5.0 AppleWebKit/537.36 (KHTML, like Gecko; compatible; Amazonbot/0.1; +https://developer.amazon.com/support/amazonbot) Chrome/119.0.6045.214 Safari/537.36"
54.84.169.196 - - [21/Oct/2025:04:05:33 +0300] "GET /?fileloc=/var/www/iq22073873/data/www/bckln.ru/wp-content/plugins/js_composer/include/params/hidden/hidden.php&path=/var/www/iq22073873/data/www/bckln.ru/wp-content/plugins/js_composer/include/params/hidden HTTP/1.1" 200 14253 "-" "Mozilla/5.0 AppleWebKit/537.36 (KHTML, like Gecko; compatible; Amazonbot/0.1; +https://developer.amazon.com/support/amazonbot) Chrome/119.0.6045.214 Safari/537.36"
20.171.207.236 - - [21/Oct/2025:04:05:33 +0300] "GET /pages.php?_bd_prev_page=https://bckln.ru/collect.aspx?012043651.htm&_bdsid=8i31wb.n~FBOZA.171882992.173951532&_gz=2.198475681.196329788.172254536-860287671.160667979 HTTP/1.0" 200 88944 "-" "Mozilla/5.0 AppleWebKit/537.36 (KHTML, like Gecko; compatible; GPTBot/1.2; +https://openai.com/gptbot)"
20.171.207.236 - - [21/Oct/2025:04:05:34 +0300] "GET /pages.php?_bd_prev_page=https://bckln.ru/collect.aspx?012043651.htm&_bdsid=8i31wb.n~FBOZA.171882992.173951532&_gz=2.198475681.196329788.172254536-860287671.160667979 HTTP/1.1" 200 89052 "-" "Mozilla/5.0 AppleWebKit/537.36 (KHTML, like Gecko; compatible; GPTBot/1.2; +https://openai.com/gptbot)"
54.84.102.81 - - [21/Oct/2025:04:05:36 +0300] "GET /?fileloc=/var/www/iq22073873/data/www/bckln.ru/wp-content/plugins/Ultimate_VC_Addons/woocomposer/admin/js/ultimate-woocomposer-backend.min.js&path=/var/www/iq22073873/data/www/bckln.ru/wp-content/plugins/Ultimate_VC_Addons/woocomposer/admin/js HTTP/1.0" 200 99750 "-" "Mozilla/5.0 AppleWebKit/537.36 (KHTML, like Gecko; compatible; Amazonbot/0.1; +https://developer.amazon.com/support/amazonbot) Chrome/119.0.6045.214 Safari/537.36"
54.84.102.81 - - [21/Oct/2025:04:05:36 +0300] "GET /?fileloc=/var/www/iq22073873/data/www/bckln.ru/wp-content/plugins/Ultimate_VC_Addons/woocomposer/admin/js/ultimate-woocomposer-backend.min.js&path=/var/www/iq22073873/data/www/bckln.ru/wp-content/plugins/Ultimate_VC_Addons/woocomposer/admin/js HTTP/1.1" 200 99866 "-" "Mozilla/5.0 AppleWebKit/537.36 (KHTML, like Gecko; compatible; Amazonbot/0.1; +https://developer.amazon.com/support/amazonbot) Chrome/119.0.6045.214 Safari/537.36"
20.171.207.236 - - [21/Oct/2025:04:05:36 +0300] "GET /pages.php?_bd_prev_page=https://bckln.ru/collect.aspx?084029369.htm&_bdsid=8i31wb.n~FBOZA.171882992.173951532&_gz=2.198475681.196329788.172254536-860287671.160667979 HTTP/1.0" 200 80216 "-" "Mozilla/5.0 AppleWebKit/537.36 (KHTML, like Gecko; compatible; GPTBot/1.2; +https://openai.com/gptbot)"
20.171.207.236 - - [21/Oct/2025:04:05:37 +0300] "GET /pages.php?_bd_prev_page=https://bckln.ru/collect.aspx?084029369.htm&_bdsid=8i31wb.n~FBOZA.171882992.173951532&_gz=2.198475681.196329788.172254536-860287671.160667979 HTTP/1.1" 200 80316 "-" "Mozilla/5.0 AppleWebKit/537.36 (KHTML, like Gecko; compatible; GPTBot/1.2; +https://openai.com/gptbot)"
159.223.39.246 - - [21/Oct/2025:04:05:39 +0300] "POST /wp-login.php HTTP/1.0" 200 72775 "https://bckln.ru/wp-admin/" "Mozilla/5.0 (Windows NT 10.0; Win64; x64) AppleWebKit/537.36 (KHTML, like Gecko) Chrome/90.0.4430.85 Safari/537.36"
159.223.39.246 - - [21/Oct/2025:04:05:39 +0300] "POST /wp-login.php HTTP/1.1" 200 72828 "https://bckln.ru/wp-admin/" "Mozilla/5.0 (Windows NT 10.0; Win64; x64) AppleWebKit/537.36 (KHTML, like Gecko) Chrome/90.0.4430.85 Safari/537.36"
20.171.207.236 - - [21/Oct/2025:04:05:40 +0300] "GET /pages.php?_bd_prev_page=https://bckln.ru/collect.aspx?079006660.htm&_bdsid=8i31wb.n~FBOZA.171882992.173951532&_gz=2.198475681.196329788.172254536-860287671.160667979 HTTP/1.0" 200 84039 "-" "Mozilla/5.0 AppleWebKit/537.36 (KHTML, like Gecko; compatible; GPTBot/1.2; +https://openai.com/gptbot)"
20.171.207.236 - - [21/Oct/2025:04:05:41 +0300] "GET /pages.php?_bd_prev_page=https://bckln.ru/collect.aspx?079006660.htm&_bdsid=8i31wb.n~FBOZA.171882992.173951532&_gz=2.198475681.196329788.172254536-860287671.160667979 HTTP/1.1" 200 84139 "-" "Mozilla/5.0 AppleWebKit/537.36 (KHTML, like Gecko; compatible; GPTBot/1.2; +https://openai.com/gptbot)"
18.213.240.226 - - [21/Oct/2025:04:05:41 +0300] "GET /?fileloc=/var/www/iq22073873/data/www/bckln.ru/wp-content/plugins/Ultimate_VC_Addons/woocomposer/admin/img/select2x2.png&path=/var/www/iq22073873/data/www/bckln.ru/wp-content/plugins/Ultimate_VC_Addons/woocomposer/admin/img HTTP/1.0" 200 13262 "-" "Mozilla/5.0 AppleWebKit/537.36 (KHTML, like Gecko; compatible; Amazonbot/0.1; +https://developer.amazon.com/support/amazonbot) Chrome/119.0.6045.214 Safari/537.36"
18.213.240.226 - - [21/Oct/2025:04:05:42 +0300] "GET /?fileloc=/var/www/iq22073873/data/www/bckln.ru/wp-content/plugins/Ultimate_VC_Addons/woocomposer/admin/img/select2x2.png&path=/var/www/iq22073873/data/www/bckln.ru/wp-content/plugins/Ultimate_VC_Addons/woocomposer/admin/img HTTP/1.1" 200 13290 "-" "Mozilla/5.0 AppleWebKit/537.36 (KHTML, like Gecko; compatible; Amazonbot/0.1; +https://developer.amazon.com/support/amazonbot) Chrome/119.0.6045.214 Safari/537.36"
159.223.39.246 - - [21/Oct/2025:04:05:42 +0300] "GET /wp-admin/ HTTP/1.0" 200 187282 "www.google.com" "Mozilla/5.0 (Windows NT 10.0; Win64; x64) AppleWebKit/537.36 (KHTML, like Gecko) Chrome/90.0.4430.85 Safari/537.36"
159.223.39.246 - - [21/Oct/2025:04:05:43 +0300] "GET /wp-admin/ HTTP/1.1" 200 187438 "www.google.com" "Mozilla/5.0 (Windows NT 10.0; Win64; x64) AppleWebKit/537.36 (KHTML, like Gecko) Chrome/90.0.4430.85 Safari/537.36"
216.73.216.145 - - [21/Oct/2025:04:05:43 +0300] "GET /?path=%2Fvar%2Fwww%2Fiq22073873%2Fdata%2Fwww%2Fbckln.ru%2Fwell-known%2Facme-challenge%2Ff%2Fb%2Fh%2Fc HTTP/1.0" 200 13481 "-" "Mozilla/5.0 AppleWebKit/537.36 (KHTML, like Gecko; compatible; ClaudeBot/1.0; +claudebot@anthropic.com)"
216.73.216.145 - - [21/Oct/2025:04:05:43 +0300] "GET /?path=%2Fvar%2Fwww%2Fiq22073873%2Fdata%2Fwww%2Fbckln.ru%2Fwell-known%2Facme-challenge%2Ff%2Fb%2Fh%2Fc HTTP/1.1" 200 13509 "-" "Mozilla/5.0 AppleWebKit/537.36 (KHTML, like Gecko; compatible; ClaudeBot/1.0; +claudebot@anthropic.com)"
216.73.216.145 - - [21/Oct/2025:04:05:43 +0300] "GET /?path=%2Fvar%2Fwww%2Fiq22073873%2Fdata%2Fwww%2Fbckln.ru%2Fwell-known%2Facme-challenge%2Fb%2Ff%2Fh%2Fc HTTP/1.0" 200 13481 "-" "Mozilla/5.0 AppleWebKit/537.36 (KHTML, like Gecko; compatible; ClaudeBot/1.0; +claudebot@anthropic.com)"
216.73.216.145 - - [21/Oct/2025:04:05:43 +0300] "GET /?path=%2Fvar%2Fwww%2Fiq22073873%2Fdata%2Fwww%2Fbckln.ru%2Fwell-known%2Facme-challenge%2Fb%2Ff%2Fh%2Fc HTTP/1.1" 200 13509 "-" "Mozilla/5.0 AppleWebKit/537.36 (KHTML, like Gecko; compatible; ClaudeBot/1.0; +claudebot@anthropic.com)"
216.73.216.145 - - [21/Oct/2025:04:05:43 +0300] "GET /?path=%2Fvar%2Fwww%2Fiq22073873%2Fdata%2Fwww%2Fbckln.ru%2Fwell-known%2Facme-challenge%2Ff%2Fh%2Fb%2Fc HTTP/1.0" 200 13481 "-" "Mozilla/5.0 AppleWebKit/537.36 (KHTML, like Gecko; compatible; ClaudeBot/1.0; +claudebot@anthropic.com)"
216.73.216.145 - - [21/Oct/2025:04:05:43 +0300] "GET /?path=%2Fvar%2Fwww%2Fiq22073873%2Fdata%2Fwww%2Fbckln.ru%2Fwell-known%2Facme-challenge%2Ff%2Fh%2Fb%2Fc HTTP/1.1" 200 13509 "-" "Mozilla/5.0 AppleWebKit/537.36 (KHTML, like Gecko; compatible; ClaudeBot/1.0; +claudebot@anthropic.com)"
216.73.216.145 - - [21/Oct/2025:04:05:43 +0300] "GET /?path=%2Fvar%2Fwww%2Fiq22073873%2Fdata%2Fwww%2Fbckln.ru%2Fwell-known%2Facme-challenge%2Fb%2Fh%2Ff%2Fc HTTP/1.0" 200 13481 "-" "Mozilla/5.0 AppleWebKit/537.36 (KHTML, like Gecko; compatible; ClaudeBot/1.0; +claudebot@anthropic.com)"
216.73.216.145 - - [21/Oct/2025:04:05:44 +0300] "GET /?path=%2Fvar%2Fwww%2Fiq22073873%2Fdata%2Fwww%2Fbckln.ru%2Fwell-known%2Facme-challenge%2Fb%2Fh%2Ff%2Fc HTTP/1.1" 200 13509 "-" "Mozilla/5.0 AppleWebKit/537.36 (KHTML, like Gecko; compatible; ClaudeBot/1.0; +claudebot@anthropic.com)"
34.236.185.101 - - [21/Oct/2025:04:05:43 +0300] "GET /?fileloc=/var/www/iq22073873/data/www/bckln.ru/wp-content/plugins/js_composer/assets/less/shortcodes/vc_button.less&path=/var/www/iq22073873/data/www/bckln.ru/wp-content/plugins/js_composer/assets/less/shortcodes HTTP/1.0" 200 17428 "-" "Mozilla/5.0 AppleWebKit/537.36 (KHTML, like Gecko; compatible; Amazonbot/0.1; +https://developer.amazon.com/support/amazonbot) Chrome/119.0.6045.214 Safari/537.36"
34.236.185.101 - - [21/Oct/2025:04:05:44 +0300] "GET /?fileloc=/var/www/iq22073873/data/www/bckln.ru/wp-content/plugins/js_composer/assets/less/shortcodes/vc_button.less&path=/var/www/iq22073873/data/www/bckln.ru/wp-content/plugins/js_composer/assets/less/shortcodes HTTP/1.1" 200 17456 "-" "Mozilla/5.0 AppleWebKit/537.36 (KHTML, like Gecko; compatible; Amazonbot/0.1; +https://developer.amazon.com/support/amazonbot) Chrome/119.0.6045.214 Safari/537.36"
20.171.207.236 - - [21/Oct/2025:04:05:43 +0300] "GET /pages.php?_bd_prev_page=https://bckln.ru/collect.aspx?027000152.htm&_bdsid=8i31wb.n~FBOZA.171882992.173951532&_gz=2.198475681.196329788.172254536-860287671.160667979 HTTP/1.0" 200 72969 "-" "Mozilla/5.0 AppleWebKit/537.36 (KHTML, like Gecko; compatible; GPTBot/1.2; +https://openai.com/gptbot)"
20.171.207.236 - - [21/Oct/2025:04:05:44 +0300] "GET /pages.php?_bd_prev_page=https://bckln.ru/collect.aspx?027000152.htm&_bdsid=8i31wb.n~FBOZA.171882992.173951532&_gz=2.198475681.196329788.172254536-860287671.160667979 HTTP/1.1" 200 73022 "-" "Mozilla/5.0 AppleWebKit/537.36 (KHTML, like Gecko; compatible; GPTBot/1.2; +https://openai.com/gptbot)"
216.73.216.145 - - [21/Oct/2025:04:05:43 +0300] "GET /?path=%2Fvar%2Fwww%2Fiq22073873%2Fdata%2Fwww%2Fbckln.ru%2Fwell-known%2Facme-challenge%2Fh%2Ff%2Fb%2Fc HTTP/1.0" 200 13481 "-" "Mozilla/5.0 AppleWebKit/537.36 (KHTML, like Gecko; compatible; ClaudeBot/1.0; +claudebot@anthropic.com)"
216.73.216.145 - - [21/Oct/2025:04:05:44 +0300] "GET /?path=%2Fvar%2Fwww%2Fiq22073873%2Fdata%2Fwww%2Fbckln.ru%2Fwell-known%2Facme-challenge%2Fh%2Ff%2Fb%2Fc HTTP/1.1" 200 13509 "-" "Mozilla/5.0 AppleWebKit/537.36 (KHTML, like Gecko; compatible; ClaudeBot/1.0; +claudebot@anthropic.com)"
216.73.216.145 - - [21/Oct/2025:04:05:44 +0300] "GET /?path=%2Fvar%2Fwww%2Fiq22073873%2Fdata%2Fwww%2Fbckln.ru%2Fwell-known%2Facme-challenge%2Fd%2Fe%2Fd%2Fd HTTP/1.0" 200 13481 "-" "Mozilla/5.0 AppleWebKit/537.36 (KHTML, like Gecko; compatible; ClaudeBot/1.0; +claudebot@anthropic.com)"
216.73.216.145 - - [21/Oct/2025:04:05:44 +0300] "GET /?path=%2Fvar%2Fwww%2Fiq22073873%2Fdata%2Fwww%2Fbckln.ru%2Fwell-known%2Facme-challenge%2Fd%2Fe%2Fd%2Fd HTTP/1.1" 200 13509 "-" "Mozilla/5.0 AppleWebKit/537.36 (KHTML, like Gecko; compatible; ClaudeBot/1.0; +claudebot@anthropic.com)"
216.73.216.145 - - [21/Oct/2025:04:05:44 +0300] "GET /?path=%2Fvar%2Fwww%2Fiq22073873%2Fdata%2Fwww%2Fbckln.ru%2Fwell-known%2Facme-challenge%2Fe%2Fd%2Fd%2Fd HTTP/1.0" 200 13481 "-" "Mozilla/5.0 AppleWebKit/537.36 (KHTML, like Gecko; compatible; ClaudeBot/1.0; +claudebot@anthropic.com)"
216.73.216.145 - - [21/Oct/2025:04:05:44 +0300] "GET /?path=%2Fvar%2Fwww%2Fiq22073873%2Fdata%2Fwww%2Fbckln.ru%2Fwell-known%2Facme-challenge%2Fe%2Fd%2Fd%2Fd HTTP/1.1" 200 13509 "-" "Mozilla/5.0 AppleWebKit/537.36 (KHTML, like Gecko; compatible; ClaudeBot/1.0; +claudebot@anthropic.com)"
216.73.216.145 - - [21/Oct/2025:04:05:44 +0300] "GET /'?fileloc=%2Fvar%2Fwww%2Fiq22073873%2Fdata%2Fwww%2Fbckln.ru%2Fwp-admin%2Fimages%2Fcontribute-main.svg&path=%2Fvar%2Fwww%2Fiq22073873%2Fdata%2Fwww%2Fbckln.ru%2Fwp-admin%2Fimages HTTP/1.0" 200 34685 "-" "Mozilla/5.0 AppleWebKit/537.36 (KHTML, like Gecko; compatible; ClaudeBot/1.0; +claudebot@anthropic.com)"
216.73.216.145 - - [21/Oct/2025:04:05:44 +0300] "GET /'?fileloc=%2Fvar%2Fwww%2Fiq22073873%2Fdata%2Fwww%2Fbckln.ru%2Fwp-admin%2Fimages%2Fcontribute-main.svg&path=%2Fvar%2Fwww%2Fiq22073873%2Fdata%2Fwww%2Fbckln.ru%2Fwp-admin%2Fimages HTTP/1.1" 200 34729 "-" "Mozilla/5.0 AppleWebKit/537.36 (KHTML, like Gecko; compatible; ClaudeBot/1.0; +claudebot@anthropic.com)"
216.73.216.145 - - [21/Oct/2025:04:05:43 +0300] "GET /?path=%2Fvar%2Fwww%2Fiq22073873%2Fdata%2Fwww%2Fbckln.ru%2Fwell-known%2Facme-challenge%2Fa%2Fc%2Fa%2Fg HTTP/1.0" 200 13481 "-" "Mozilla/5.0 AppleWebKit/537.36 (KHTML, like Gecko; compatible; ClaudeBot/1.0; +claudebot@anthropic.com)"
216.73.216.145 - - [21/Oct/2025:04:05:44 +0300] "GET /?path=%2Fvar%2Fwww%2Fiq22073873%2Fdata%2Fwww%2Fbckln.ru%2Fwell-known%2Facme-challenge%2Fa%2Fc%2Fa%2Fg HTTP/1.1" 200 13509 "-" "Mozilla/5.0 AppleWebKit/537.36 (KHTML, like Gecko; compatible; ClaudeBot/1.0; +claudebot@anthropic.com)"
216.73.216.145 - - [21/Oct/2025:04:05:43 +0300] "GET /?path=%2Fvar%2Fwww%2Fiq22073873%2Fdata%2Fwww%2Fbckln.ru%2Fwell-known%2Facme-challenge%2Fc%2Fa%2Fa%2Fg HTTP/1.0" 200 13481 "-" "Mozilla/5.0 AppleWebKit/537.36 (KHTML, like Gecko; compatible; ClaudeBot/1.0; +claudebot@anthropic.com)"
216.73.216.145 - - [21/Oct/2025:04:05:44 +0300] "GET /?path=%2Fvar%2Fwww%2Fiq22073873%2Fdata%2Fwww%2Fbckln.ru%2Fwell-known%2Facme-challenge%2Fc%2Fa%2Fa%2Fg HTTP/1.1" 200 13509 "-" "Mozilla/5.0 AppleWebKit/537.36 (KHTML, like Gecko; compatible; ClaudeBot/1.0; +claudebot@anthropic.com)"
216.73.216.145 - - [21/Oct/2025:04:05:44 +0300] "GET /?path=%2Fvar%2Fwww%2Fiq22073873%2Fdata%2Fwww%2Fbckln.ru%2Fwell-known%2Facme-challenge%2Fc%2Fb%2Fa%2Fd HTTP/1.0" 200 13481 "-" "Mozilla/5.0 AppleWebKit/537.36 (KHTML, like Gecko; compatible; ClaudeBot/1.0; +claudebot@anthropic.com)"
216.73.216.145 - - [21/Oct/2025:04:05:45 +0300] "GET /?path=%2Fvar%2Fwww%2Fiq22073873%2Fdata%2Fwww%2Fbckln.ru%2Fwell-known%2Facme-challenge%2Fc%2Fb%2Fa%2Fd HTTP/1.1" 200 13509 "-" "Mozilla/5.0 AppleWebKit/537.36 (KHTML, like Gecko; compatible; ClaudeBot/1.0; +claudebot@anthropic.com)"
216.73.216.145 - - [21/Oct/2025:04:05:45 +0300] "GET /?path=%2Fvar%2Fwww%2Fiq22073873%2Fdata%2Fwww%2Fbckln.ru%2Fwell-known%2Facme-challenge%2Ff%2Fc%2Fd%2Fa HTTP/1.1" 502 184 "-" "Mozilla/5.0 AppleWebKit/537.36 (KHTML, like Gecko; compatible; ClaudeBot/1.0; +claudebot@anthropic.com)"
216.73.216.145 - - [21/Oct/2025:04:05:44 +0300] "GET /?path=%2Fvar%2Fwww%2Fiq22073873%2Fdata%2Fwww%2Fbckln.ru%2Fwell-known%2Facme-challenge%2Fb%2Fc%2Fa%2Fd HTTP/1.0" 200 13481 "-" "Mozilla/5.0 AppleWebKit/537.36 (KHTML, like Gecko; compatible; ClaudeBot/1.0; +claudebot@anthropic.com)"
216.73.216.145 - - [21/Oct/2025:04:05:45 +0300] "GET /?path=%2Fvar%2Fwww%2Fiq22073873%2Fdata%2Fwww%2Fbckln.ru%2Fwell-known%2Facme-challenge%2Fb%2Fc%2Fa%2Fd HTTP/1.1" 200 13509 "-" "Mozilla/5.0 AppleWebKit/537.36 (KHTML, like Gecko; compatible; ClaudeBot/1.0; +claudebot@anthropic.com)"
216.73.216.145 - - [21/Oct/2025:04:05:44 +0300] "GET /?path=%2Fvar%2Fwww%2Fiq22073873%2Fdata%2Fwww%2Fbckln.ru%2Fwell-known%2Facme-challenge%2Fg%2Fh%2Fa%2Fh HTTP/1.0" 200 13481 "-" "Mozilla/5.0 AppleWebKit/537.36 (KHTML, like Gecko; compatible; ClaudeBot/1.0; +claudebot@anthropic.com)"
216.73.216.145 - - [21/Oct/2025:04:05:45 +0300] "GET /?path=%2Fvar%2Fwww%2Fiq22073873%2Fdata%2Fwww%2Fbckln.ru%2Fwell-known%2Facme-challenge%2Fg%2Fh%2Fa%2Fh HTTP/1.1" 200 13509 "-" "Mozilla/5.0 AppleWebKit/537.36 (KHTML, like Gecko; compatible; ClaudeBot/1.0; +claudebot@anthropic.com)"
216.73.216.145 - - [21/Oct/2025:04:05:44 +0300] "GET /?path=%2Fvar%2Fwww%2Fiq22073873%2Fdata%2Fwww%2Fbckln.ru%2Fwell-known%2Facme-challenge%2Fd%2Fh%2Fb%2Fc HTTP/1.0" 200 13481 "-" "Mozilla/5.0 AppleWebKit/537.36 (KHTML, like Gecko; compatible; ClaudeBot/1.0; +claudebot@anthropic.com)"
216.73.216.145 - - [21/Oct/2025:04:05:45 +0300] "GET /?path=%2Fvar%2Fwww%2Fiq22073873%2Fdata%2Fwww%2Fbckln.ru%2Fwell-known%2Facme-challenge%2Fd%2Fh%2Fb%2Fc HTTP/1.1" 200 13509 "-" "Mozilla/5.0 AppleWebKit/537.36 (KHTML, like Gecko; compatible; ClaudeBot/1.0; +claudebot@anthropic.com)"
216.73.216.145 - - [21/Oct/2025:04:05:45 +0300] "GET /?path=%2Fvar%2Fwww%2Fiq22073873%2Fdata%2Fwww%2Fbckln.ru%2Fwell-known%2Facme-challenge%2Fg%2Ff%2Fb%2Fc HTTP/1.0" 200 13481 "-" "Mozilla/5.0 AppleWebKit/537.36 (KHTML, like Gecko; compatible; ClaudeBot/1.0; +claudebot@anthropic.com)"
216.73.216.145 - - [21/Oct/2025:04:05:45 +0300] "GET /?path=%2Fvar%2Fwww%2Fiq22073873%2Fdata%2Fwww%2Fbckln.ru%2Fwell-known%2Facme-challenge%2Fg%2Ff%2Fb%2Fc HTTP/1.1" 200 13509 "-" "Mozilla/5.0 AppleWebKit/537.36 (KHTML, like Gecko; compatible; ClaudeBot/1.0; +claudebot@anthropic.com)"
216.73.216.145 - - [21/Oct/2025:04:05:44 +0300] "GET /?path=%2Fvar%2Fwww%2Fiq22073873%2Fdata%2Fwww%2Fbckln.ru%2Fwell-known%2Facme-challenge%2Fh%2Fd%2Fb%2Fc HTTP/1.0" 200 13481 "-" "Mozilla/5.0 AppleWebKit/537.36 (KHTML, like Gecko; compatible; ClaudeBot/1.0; +claudebot@anthropic.com)"
216.73.216.145 - - [21/Oct/2025:04:05:45 +0300] "GET /?path=%2Fvar%2Fwww%2Fiq22073873%2Fdata%2Fwww%2Fbckln.ru%2Fwell-known%2Facme-challenge%2Fh%2Fd%2Fb%2Fc HTTP/1.1" 200 13509 "-" "Mozilla/5.0 AppleWebKit/537.36 (KHTML, like Gecko; compatible; ClaudeBot/1.0; +claudebot@anthropic.com)"
216.73.216.145 - - [21/Oct/2025:04:05:44 +0300] "GET /?path=%2Fvar%2Fwww%2Fiq22073873%2Fdata%2Fwww%2Fbckln.ru%2Fwell-known%2Facme-challenge%2Fe%2Fb%2Fb%2Fc HTTP/1.0" 200 13481 "-" "Mozilla/5.0 AppleWebKit/537.36 (KHTML, like Gecko; compatible; ClaudeBot/1.0; +claudebot@anthropic.com)"
216.73.216.145 - - [21/Oct/2025:04:05:45 +0300] "GET /?path=%2Fvar%2Fwww%2Fiq22073873%2Fdata%2Fwww%2Fbckln.ru%2Fwell-known%2Facme-challenge%2Fe%2Fb%2Fb%2Fc HTTP/1.1" 200 13494 "-" "Mozilla/5.0 AppleWebKit/537.36 (KHTML, like Gecko; compatible; ClaudeBot/1.0; +claudebot@anthropic.com)"
216.73.216.145 - - [21/Oct/2025:04:05:45 +0300] "GET /?path=%2Fvar%2Fwww%2Fiq22073873%2Fdata%2Fwww%2Fbckln.ru%2Fwell-known%2Facme-challenge%2Ff%2Fb%2Fg%2Fc HTTP/1.0" 200 13481 "-" "Mozilla/5.0 AppleWebKit/537.36 (KHTML, like Gecko; compatible; ClaudeBot/1.0; +claudebot@anthropic.com)"
216.73.216.145 - - [21/Oct/2025:04:05:45 +0300] "GET /?path=%2Fvar%2Fwww%2Fiq22073873%2Fdata%2Fwww%2Fbckln.ru%2Fwell-known%2Facme-challenge%2Ff%2Fb%2Fg%2Fc HTTP/1.1" 200 13509 "-" "Mozilla/5.0 AppleWebKit/537.36 (KHTML, like Gecko; compatible; ClaudeBot/1.0; +claudebot@anthropic.com)"
216.73.216.145 - - [21/Oct/2025:04:05:45 +0300] "GET /?path=%2Fvar%2Fwww%2Fiq22073873%2Fdata%2Fwww%2Fbckln.ru%2Fwell-known%2Facme-challenge%2Fe%2Fh%2Fh%2Fh HTTP/1.0" 200 13481 "-" "Mozilla/5.0 AppleWebKit/537.36 (KHTML, like Gecko; compatible; ClaudeBot/1.0; +claudebot@anthropic.com)"
216.73.216.145 - - [21/Oct/2025:04:05:45 +0300] "GET /?path=%2Fvar%2Fwww%2Fiq22073873%2Fdata%2Fwww%2Fbckln.ru%2Fwell-known%2Facme-challenge%2Fe%2Fh%2Fh%2Fh HTTP/1.1" 200 13509 "-" "Mozilla/5.0 AppleWebKit/537.36 (KHTML, like Gecko; compatible; ClaudeBot/1.0; +claudebot@anthropic.com)"
216.73.216.145 - - [21/Oct/2025:04:05:45 +0300] "GET /?path=%2Fvar%2Fwww%2Fiq22073873%2Fdata%2Fwww%2Fbckln.ru%2Fwell-known%2Facme-challenge%2Fb%2Ff%2Fg%2Fc HTTP/1.0" 200 13481 "-" "Mozilla/5.0 AppleWebKit/537.36 (KHTML, like Gecko; compatible; ClaudeBot/1.0; +claudebot@anthropic.com)"
216.73.216.145 - - [21/Oct/2025:04:05:46 +0300] "GET /?path=%2Fvar%2Fwww%2Fiq22073873%2Fdata%2Fwww%2Fbckln.ru%2Fwell-known%2Facme-challenge%2Fb%2Ff%2Fg%2Fc HTTP/1.1" 200 13509 "-" "Mozilla/5.0 AppleWebKit/537.36 (KHTML, like Gecko; compatible; ClaudeBot/1.0; +claudebot@anthropic.com)"
216.73.216.145 - - [21/Oct/2025:04:05:45 +0300] "GET /%22,t+=%22%3C%22+e.getAttribute(%22src%22?path=%2Fvar%2Fwww%2Fiq22073873%2Fdata%2Fwww%2Fbckln.ru%2Fwell-known%2Facme-challenge%2Fe HTTP/1.0" 200 24885 "-" "Mozilla/5.0 AppleWebKit/537.36 (KHTML, like Gecko; compatible; ClaudeBot/1.0; +claudebot@anthropic.com)"
216.73.216.145 - - [21/Oct/2025:04:05:46 +0300] "GET /%22,t+=%22%3C%22+e.getAttribute(%22src%22?path=%2Fvar%2Fwww%2Fiq22073873%2Fdata%2Fwww%2Fbckln.ru%2Fwell-known%2Facme-challenge%2Fe HTTP/1.1" 200 24921 "-" "Mozilla/5.0 AppleWebKit/537.36 (KHTML, like Gecko; compatible; ClaudeBot/1.0; +claudebot@anthropic.com)"
216.73.216.145 - - [21/Oct/2025:04:05:45 +0300] "GET /?path=%2Fvar%2Fwww%2Fiq22073873%2Fdata%2Fwww%2Fbckln.ru%2Fwell-known%2Facme-challenge%2Ff%2Fb%2Ff%2Fh HTTP/1.0" 200 13481 "-" "Mozilla/5.0 AppleWebKit/537.36 (KHTML, like Gecko; compatible; ClaudeBot/1.0; +claudebot@anthropic.com)"
216.73.216.145 - - [21/Oct/2025:04:05:46 +0300] "GET /?path=%2Fvar%2Fwww%2Fiq22073873%2Fdata%2Fwww%2Fbckln.ru%2Fwell-known%2Facme-challenge%2Ff%2Fb%2Ff%2Fh HTTP/1.1" 200 13509 "-" "Mozilla/5.0 AppleWebKit/537.36 (KHTML, like Gecko; compatible; ClaudeBot/1.0; +claudebot@anthropic.com)"
216.73.216.145 - - [21/Oct/2025:04:05:46 +0300] "GET /%22,t+=%22%3C%22+e.getAttribute(%22src%22?path=%2Fvar%2Fwww%2Fiq22073873%2Fdata%2Fwww%2Fbckln.ru%2Fwell-known%2Facme-challenge%2Fb HTTP/1.0" 200 24885 "-" "Mozilla/5.0 AppleWebKit/537.36 (KHTML, like Gecko; compatible; ClaudeBot/1.0; +claudebot@anthropic.com)"
216.73.216.145 - - [21/Oct/2025:04:05:46 +0300] "GET /%22,t+=%22%3C%22+e.getAttribute(%22src%22?path=%2Fvar%2Fwww%2Fiq22073873%2Fdata%2Fwww%2Fbckln.ru%2Fwell-known%2Facme-challenge%2Fb HTTP/1.1" 200 24921 "-" "Mozilla/5.0 AppleWebKit/537.36 (KHTML, like Gecko; compatible; ClaudeBot/1.0; +claudebot@anthropic.com)"
216.73.216.145 - - [21/Oct/2025:04:05:45 +0300] "GET /?path=%2Fvar%2Fwww%2Fiq22073873%2Fdata%2Fwww%2Fbckln.ru%2Fwell-known%2Facme-challenge%2Ff%2Ff%2Fb%2Fh HTTP/1.0" 200 13481 "-" "Mozilla/5.0 AppleWebKit/537.36 (KHTML, like Gecko; compatible; ClaudeBot/1.0; +claudebot@anthropic.com)"
216.73.216.145 - - [21/Oct/2025:04:05:46 +0300] "GET /?path=%2Fvar%2Fwww%2Fiq22073873%2Fdata%2Fwww%2Fbckln.ru%2Fwell-known%2Facme-challenge%2Ff%2Ff%2Fb%2Fh HTTP/1.1" 200 13509 "-" "Mozilla/5.0 AppleWebKit/537.36 (KHTML, like Gecko; compatible; ClaudeBot/1.0; +claudebot@anthropic.com)"
216.73.216.145 - - [21/Oct/2025:04:05:46 +0300] "GET /?path=%2Fvar%2Fwww%2Fiq22073873%2Fdata%2Fwww%2Fbckln.ru%2Fwell-known%2Facme-challenge%2Fe%2Fe%2Fe%2Fb HTTP/1.0" 200 13481 "-" "Mozilla/5.0 AppleWebKit/537.36 (KHTML, like Gecko; compatible; ClaudeBot/1.0; +claudebot@anthropic.com)"
216.73.216.145 - - [21/Oct/2025:04:05:46 +0300] "GET /?path=%2Fvar%2Fwww%2Fiq22073873%2Fdata%2Fwww%2Fbckln.ru%2Fwell-known%2Facme-challenge%2Fe%2Fe%2Fe%2Fb HTTP/1.1" 200 13509 "-" "Mozilla/5.0 AppleWebKit/537.36 (KHTML, like Gecko; compatible; ClaudeBot/1.0; +claudebot@anthropic.com)"
216.73.216.145 - - [21/Oct/2025:04:05:45 +0300] "GET /?path=%2Fvar%2Fwww%2Fiq22073873%2Fdata%2Fwww%2Fbckln.ru%2Fwell-known%2Facme-challenge%2Fb%2Ff%2Ff%2Fh HTTP/1.0" 200 13481 "-" "Mozilla/5.0 AppleWebKit/537.36 (KHTML, like Gecko; compatible; ClaudeBot/1.0; +claudebot@anthropic.com)"
216.73.216.145 - - [21/Oct/2025:04:05:46 +0300] "GET /?path=%2Fvar%2Fwww%2Fiq22073873%2Fdata%2Fwww%2Fbckln.ru%2Fwell-known%2Facme-challenge%2Fb%2Ff%2Ff%2Fh HTTP/1.1" 200 13509 "-" "Mozilla/5.0 AppleWebKit/537.36 (KHTML, like Gecko; compatible; ClaudeBot/1.0; +claudebot@anthropic.com)"
216.73.216.145 - - [21/Oct/2025:04:05:46 +0300] "GET /?path=%2Fvar%2Fwww%2Fiq22073873%2Fdata%2Fwww%2Fbckln.ru%2Fwell-known%2Facme-challenge%2Fd%2Fb%2Fg%2Fc HTTP/1.0" 200 13481 "-" "Mozilla/5.0 AppleWebKit/537.36 (KHTML, like Gecko; compatible; ClaudeBot/1.0; +claudebot@anthropic.com)"
216.73.216.145 - - [21/Oct/2025:04:05:47 +0300] "GET /?path=%2Fvar%2Fwww%2Fiq22073873%2Fdata%2Fwww%2Fbckln.ru%2Fwell-known%2Facme-challenge%2Fd%2Fb%2Fg%2Fc HTTP/1.1" 200 13509 "-" "Mozilla/5.0 AppleWebKit/537.36 (KHTML, like Gecko; compatible; ClaudeBot/1.0; +claudebot@anthropic.com)"
216.73.216.145 - - [21/Oct/2025:04:05:46 +0300] "GET /?path=%2Fvar%2Fwww%2Fiq22073873%2Fdata%2Fwww%2Fbckln.ru%2Fwell-known%2Facme-challenge%2Fa%2Ff%2Ff%2Ff HTTP/1.0" 200 13481 "-" "Mozilla/5.0 AppleWebKit/537.36 (KHTML, like Gecko; compatible; ClaudeBot/1.0; +claudebot@anthropic.com)"
216.73.216.145 - - [21/Oct/2025:04:05:47 +0300] "GET /?path=%2Fvar%2Fwww%2Fiq22073873%2Fdata%2Fwww%2Fbckln.ru%2Fwell-known%2Facme-challenge%2Fa%2Ff%2Ff%2Ff HTTP/1.1" 200 13509 "-" "Mozilla/5.0 AppleWebKit/537.36 (KHTML, like Gecko; compatible; ClaudeBot/1.0; +claudebot@anthropic.com)"
216.73.216.145 - - [21/Oct/2025:04:05:46 +0300] "GET /?path=%2Fvar%2Fwww%2Fiq22073873%2Fdata%2Fwww%2Fbckln.ru%2Fwell-known%2Facme-challenge%2Fg%2Fd%2Fb%2Fc HTTP/1.0" 200 13481 "-" "Mozilla/5.0 AppleWebKit/537.36 (KHTML, like Gecko; compatible; ClaudeBot/1.0; +claudebot@anthropic.com)"
216.73.216.145 - - [21/Oct/2025:04:05:47 +0300] "GET /?path=%2Fvar%2Fwww%2Fiq22073873%2Fdata%2Fwww%2Fbckln.ru%2Fwell-known%2Facme-challenge%2Fg%2Fd%2Fb%2Fc HTTP/1.1" 200 13509 "-" "Mozilla/5.0 AppleWebKit/537.36 (KHTML, like Gecko; compatible; ClaudeBot/1.0; +claudebot@anthropic.com)"
216.73.216.145 - - [21/Oct/2025:04:05:46 +0300] "GET /?path=%2Fvar%2Fwww%2Fiq22073873%2Fdata%2Fwww%2Fbckln.ru%2Fwell-known%2Facme-challenge%2Ff%2Ff%2Fa%2Ff HTTP/1.0" 200 13481 "-" "Mozilla/5.0 AppleWebKit/537.36 (KHTML, like Gecko; compatible; ClaudeBot/1.0; +claudebot@anthropic.com)"
216.73.216.145 - - [21/Oct/2025:04:05:47 +0300] "GET /?path=%2Fvar%2Fwww%2Fiq22073873%2Fdata%2Fwww%2Fbckln.ru%2Fwell-known%2Facme-challenge%2Ff%2Ff%2Fa%2Ff HTTP/1.1" 200 13509 "-" "Mozilla/5.0 AppleWebKit/537.36 (KHTML, like Gecko; compatible; ClaudeBot/1.0; +claudebot@anthropic.com)"
