20.171.207.28 - - [20/Oct/2025:03:52:11 +0300] "GET /pages.php?_bd_prev_page=https://bckln.ru/collect.aspx?060019595.htm&_bdsid=8i31wb.n~FBOZA.171882992.173951532&_gz=2.198475681.196329788.172254536-860287671.160667979 HTTP/1.0" 200 88003 "-" "Mozilla/5.0 AppleWebKit/537.36 (KHTML, like Gecko; compatible; GPTBot/1.2; +https://openai.com/gptbot)"
20.171.207.28 - - [20/Oct/2025:03:52:12 +0300] "GET /pages.php?_bd_prev_page=https://bckln.ru/collect.aspx?060019595.htm&_bdsid=8i31wb.n~FBOZA.171882992.173951532&_gz=2.198475681.196329788.172254536-860287671.160667979 HTTP/1.1" 200 88110 "-" "Mozilla/5.0 AppleWebKit/537.36 (KHTML, like Gecko; compatible; GPTBot/1.2; +https://openai.com/gptbot)"
20.171.207.28 - - [20/Oct/2025:03:52:14 +0300] "GET /pages.php?_bd_prev_page=https://bckln.ru/collect.aspx?022000909.htm&_bdsid=8i31wb.n~FBOZA.171882992.173951532&_gz=2.198475681.196329788.172254536-860287671.160667979 HTTP/1.0" 200 91985 "-" "Mozilla/5.0 AppleWebKit/537.36 (KHTML, like Gecko; compatible; GPTBot/1.2; +https://openai.com/gptbot)"
20.171.207.28 - - [20/Oct/2025:03:52:15 +0300] "GET /pages.php?_bd_prev_page=https://bckln.ru/collect.aspx?022000909.htm&_bdsid=8i31wb.n~FBOZA.171882992.173951532&_gz=2.198475681.196329788.172254536-860287671.160667979 HTTP/1.1" 200 92093 "-" "Mozilla/5.0 AppleWebKit/537.36 (KHTML, like Gecko; compatible; GPTBot/1.2; +https://openai.com/gptbot)"
20.171.207.28 - - [20/Oct/2025:03:52:17 +0300] "GET /pages.php?_bd_prev_page=https://bckln.ru/collect.aspx?037003676.htm&_bdsid=8i31wb.n~FBOZA.171882992.173951532&_gz=2.198475681.196329788.172254536-860287671.160667979 HTTP/1.0" 200 80767 "-" "Mozilla/5.0 AppleWebKit/537.36 (KHTML, like Gecko; compatible; GPTBot/1.2; +https://openai.com/gptbot)"
20.171.207.28 - - [20/Oct/2025:03:52:18 +0300] "GET /pages.php?_bd_prev_page=https://bckln.ru/collect.aspx?037003676.htm&_bdsid=8i31wb.n~FBOZA.171882992.173951532&_gz=2.198475681.196329788.172254536-860287671.160667979 HTTP/1.1" 200 80867 "-" "Mozilla/5.0 AppleWebKit/537.36 (KHTML, like Gecko; compatible; GPTBot/1.2; +https://openai.com/gptbot)"
20.171.207.28 - - [20/Oct/2025:03:52:20 +0300] "GET /pages.php?_bd_prev_page=https://bckln.ru/collect.aspx?product/drop46?c=g&_bdsid=8i31wb.n~FBOZA.171882992.173951532&_gz=2.198475681.196329788.172254536-860287671.160667979&l=39210 HTTP/1.0" 200 80763 "-" "Mozilla/5.0 AppleWebKit/537.36 (KHTML, like Gecko; compatible; GPTBot/1.2; +https://openai.com/gptbot)"
20.171.207.28 - - [20/Oct/2025:03:52:22 +0300] "GET /pages.php?_bd_prev_page=https://bckln.ru/collect.aspx?product/drop46?c=g&_bdsid=8i31wb.n~FBOZA.171882992.173951532&_gz=2.198475681.196329788.172254536-860287671.160667979&l=39210 HTTP/1.1" 200 80863 "-" "Mozilla/5.0 AppleWebKit/537.36 (KHTML, like Gecko; compatible; GPTBot/1.2; +https://openai.com/gptbot)"
20.171.207.28 - - [20/Oct/2025:03:52:24 +0300] "GET /pages.php?l=3677&product/within37?c=g HTTP/1.0" 200 76024 "-" "Mozilla/5.0 AppleWebKit/537.36 (KHTML, like Gecko; compatible; GPTBot/1.2; +https://openai.com/gptbot)"
20.171.207.28 - - [20/Oct/2025:03:52:28 +0300] "GET /pages.php?l=3677&product/within37?c=g HTTP/1.1" 200 76116 "-" "Mozilla/5.0 AppleWebKit/537.36 (KHTML, like Gecko; compatible; GPTBot/1.2; +https://openai.com/gptbot)"
20.171.207.28 - - [20/Oct/2025:03:52:29 +0300] "GET /pages.php?l=13428&product/combination60?c=g HTTP/1.0" 200 82576 "-" "Mozilla/5.0 AppleWebKit/537.36 (KHTML, like Gecko; compatible; GPTBot/1.2; +https://openai.com/gptbot)"
20.171.207.28 - - [20/Oct/2025:03:52:30 +0300] "GET /pages.php?l=13428&product/combination60?c=g HTTP/1.1" 200 82669 "-" "Mozilla/5.0 AppleWebKit/537.36 (KHTML, like Gecko; compatible; GPTBot/1.2; +https://openai.com/gptbot)"
20.171.207.28 - - [20/Oct/2025:03:52:32 +0300] "GET /pages.php?_bd_prev_page=https://bckln.ru/collect.aspx?product/Iraqi55?c=g&_bdsid=8i31wb.n~FBOZA.171882992.173951532&_gz=2.198475681.196329788.172254536-860287671.160667979&l=33195 HTTP/1.0" 200 78200 "-" "Mozilla/5.0 AppleWebKit/537.36 (KHTML, like Gecko; compatible; GPTBot/1.2; +https://openai.com/gptbot)"
20.171.207.28 - - [20/Oct/2025:03:52:33 +0300] "GET /pages.php?_bd_prev_page=https://bckln.ru/collect.aspx?product/Iraqi55?c=g&_bdsid=8i31wb.n~FBOZA.171882992.173951532&_gz=2.198475681.196329788.172254536-860287671.160667979&l=33195 HTTP/1.1" 200 78300 "-" "Mozilla/5.0 AppleWebKit/537.36 (KHTML, like Gecko; compatible; GPTBot/1.2; +https://openai.com/gptbot)"
213.180.203.47 - - [20/Oct/2025:03:52:35 +0300] "GET /robots.txt HTTP/1.0" 200 320 "-" "Mozilla/5.0 (compatible; YandexBot/3.0; +http://yandex.com/bots)"
213.180.203.47 - - [20/Oct/2025:03:52:35 +0300] "GET /robots.txt HTTP/1.1" 200 320 "-" "Mozilla/5.0 (compatible; YandexBot/3.0; +http://yandex.com/bots)"
213.180.203.221 - - [20/Oct/2025:03:52:35 +0300] "GET / HTTP/1.0" 200 13 "-" "Mozilla/5.0 (compatible; YandexBot/3.0; +http://yandex.com/bots)"
213.180.203.221 - - [20/Oct/2025:03:52:36 +0300] "GET / HTTP/1.1" 200 23 "-" "Mozilla/5.0 (compatible; YandexBot/3.0; +http://yandex.com/bots)"
20.171.207.28 - - [20/Oct/2025:03:52:35 +0300] "GET /pages.php?_bd_prev_page=https://bckln.ru/collect.aspx?product/in55?c=g&_bdsid=8i31wb.n~FBOZA.171882992.173951532&_gz=2.198475681.196329788.172254536-860287671.160667979&l=417 HTTP/1.0" 200 72339 "-" "Mozilla/5.0 AppleWebKit/537.36 (KHTML, like Gecko; compatible; GPTBot/1.2; +https://openai.com/gptbot)"
20.171.207.28 - - [20/Oct/2025:03:52:36 +0300] "GET /pages.php?_bd_prev_page=https://bckln.ru/collect.aspx?product/in55?c=g&_bdsid=8i31wb.n~FBOZA.171882992.173951532&_gz=2.198475681.196329788.172254536-860287671.160667979&l=417 HTTP/1.1" 200 72423 "-" "Mozilla/5.0 AppleWebKit/537.36 (KHTML, like Gecko; compatible; GPTBot/1.2; +https://openai.com/gptbot)"
141.8.143.1 - - [20/Oct/2025:03:52:37 +0300] "GET / HTTP/1.0" 200 13 "-" "Mozilla/5.0 (compatible; YandexBot/3.0; +http://yandex.com/bots)"
141.8.143.1 - - [20/Oct/2025:03:52:37 +0300] "GET / HTTP/1.1" 200 23 "-" "Mozilla/5.0 (compatible; YandexBot/3.0; +http://yandex.com/bots)"
77.88.9.144 - - [20/Oct/2025:03:52:37 +0300] "GET / HTTP/1.0" 200 13 "-" "Mozilla/5.0 (compatible; YandexBot/3.0; +http://yandex.com/bots)"
77.88.9.144 - - [20/Oct/2025:03:52:37 +0300] "GET / HTTP/1.1" 200 23 "-" "Mozilla/5.0 (compatible; YandexBot/3.0; +http://yandex.com/bots)"
87.250.233.1 - - [20/Oct/2025:03:52:37 +0300] "GET / HTTP/1.0" 200 13 "-" "Mozilla/5.0 (compatible; YandexBot/3.0; +http://yandex.com/bots)"
87.250.233.1 - - [20/Oct/2025:03:52:38 +0300] "GET / HTTP/1.1" 200 23 "-" "Mozilla/5.0 (compatible; YandexBot/3.0; +http://yandex.com/bots)"
87.250.224.15 - - [20/Oct/2025:03:52:38 +0300] "GET / HTTP/1.0" 200 13 "-" "Mozilla/5.0 (compatible; YandexBot/3.0; +http://yandex.com/bots) AppleWebKit/537.36 (KHTML, like Gecko) Chrome/108.0.0.0"
87.250.224.15 - - [20/Oct/2025:03:52:39 +0300] "GET / HTTP/1.1" 200 23 "-" "Mozilla/5.0 (compatible; YandexBot/3.0; +http://yandex.com/bots) AppleWebKit/537.36 (KHTML, like Gecko) Chrome/108.0.0.0"
77.88.9.1 - - [20/Oct/2025:03:52:38 +0300] "GET / HTTP/1.0" 200 13 "-" "Mozilla/5.0 (compatible; YandexBot/3.0; +http://yandex.com/bots)"
77.88.9.1 - - [20/Oct/2025:03:52:39 +0300] "GET / HTTP/1.1" 200 23 "-" "Mozilla/5.0 (compatible; YandexBot/3.0; +http://yandex.com/bots)"
20.171.207.28 - - [20/Oct/2025:03:52:38 +0300] "GET /pages.php?_bd_prev_page=https://bckln.ru/collect.aspx?product/mix24?c=g&_bdsid=8i31wb.n~FBOZA.171882992.173951532&_gz=2.198475681.196329788.172254536-860287671.160667979&l=11442 HTTP/1.0" 200 80511 "-" "Mozilla/5.0 AppleWebKit/537.36 (KHTML, like Gecko; compatible; GPTBot/1.2; +https://openai.com/gptbot)"
20.171.207.28 - - [20/Oct/2025:03:52:39 +0300] "GET /pages.php?_bd_prev_page=https://bckln.ru/collect.aspx?product/mix24?c=g&_bdsid=8i31wb.n~FBOZA.171882992.173951532&_gz=2.198475681.196329788.172254536-860287671.160667979&l=11442 HTTP/1.1" 200 80611 "-" "Mozilla/5.0 AppleWebKit/537.36 (KHTML, like Gecko; compatible; GPTBot/1.2; +https://openai.com/gptbot)"
95.108.213.108 - - [20/Oct/2025:03:52:40 +0300] "GET /favicon.ico HTTP/1.0" 200 13 "https://bckln.ru/" "Mozilla/5.0 (compatible; YandexRenderResourcesBot/1.0; +http://yandex.com/bots) AppleWebKit/537.36 (KHTML, like Gecko) Chrome/108.0.0.0"
95.108.213.108 - - [20/Oct/2025:03:52:40 +0300] "GET /favicon.ico HTTP/1.1" 200 23 "https://bckln.ru/" "Mozilla/5.0 (compatible; YandexRenderResourcesBot/1.0; +http://yandex.com/bots) AppleWebKit/537.36 (KHTML, like Gecko) Chrome/108.0.0.0"
5.255.251.136 - - [20/Oct/2025:03:52:40 +0300] "GET / HTTP/1.0" 200 13 "-" "Mozilla/5.0 (compatible; YandexBot/3.0; +http://yandex.com/bots)"
5.255.251.136 - - [20/Oct/2025:03:52:41 +0300] "GET / HTTP/1.1" 200 23 "-" "Mozilla/5.0 (compatible; YandexBot/3.0; +http://yandex.com/bots)"
77.88.47.6 - - [20/Oct/2025:03:52:40 +0300] "GET / HTTP/1.0" 200 13 "-" "Mozilla/5.0 (compatible; YandexBot/3.0; +http://yandex.com/bots)"
77.88.47.6 - - [20/Oct/2025:03:52:41 +0300] "GET / HTTP/1.1" 200 23 "-" "Mozilla/5.0 (compatible; YandexBot/3.0; +http://yandex.com/bots)"
20.171.207.28 - - [20/Oct/2025:03:52:41 +0300] "GET /pages.php?_bd_prev_page=https://bckln.ru/collect.aspx?065023860.htm&_bdsid=8i31wb.n~FBOZA.171882992.173951532&_gz=2.198475681.196329788.172254536-860287671.160667979 HTTP/1.0" 200 80647 "-" "Mozilla/5.0 AppleWebKit/537.36 (KHTML, like Gecko; compatible; GPTBot/1.2; +https://openai.com/gptbot)"
20.171.207.28 - - [20/Oct/2025:03:52:42 +0300] "GET /pages.php?_bd_prev_page=https://bckln.ru/collect.aspx?065023860.htm&_bdsid=8i31wb.n~FBOZA.171882992.173951532&_gz=2.198475681.196329788.172254536-860287671.160667979 HTTP/1.1" 200 80747 "-" "Mozilla/5.0 AppleWebKit/537.36 (KHTML, like Gecko; compatible; GPTBot/1.2; +https://openai.com/gptbot)"
20.171.207.28 - - [20/Oct/2025:03:52:44 +0300] "GET /pages.php?_bd_prev_page=https://bckln.ru/collect.aspx?065023858.htm&_bdsid=8i31wb.n~FBOZA.171882992.173951532&_gz=2.198475681.196329788.172254536-860287671.160667979 HTTP/1.0" 200 76284 "-" "Mozilla/5.0 AppleWebKit/537.36 (KHTML, like Gecko; compatible; GPTBot/1.2; +https://openai.com/gptbot)"
20.171.207.28 - - [20/Oct/2025:03:52:45 +0300] "GET /pages.php?_bd_prev_page=https://bckln.ru/collect.aspx?065023858.htm&_bdsid=8i31wb.n~FBOZA.171882992.173951532&_gz=2.198475681.196329788.172254536-860287671.160667979 HTTP/1.1" 200 76376 "-" "Mozilla/5.0 AppleWebKit/537.36 (KHTML, like Gecko; compatible; GPTBot/1.2; +https://openai.com/gptbot)"
20.171.207.28 - - [20/Oct/2025:03:52:48 +0300] "GET /pages.php?l=1165&product/clerk7?c=g HTTP/1.0" 200 84426 "-" "Mozilla/5.0 AppleWebKit/537.36 (KHTML, like Gecko; compatible; GPTBot/1.2; +https://openai.com/gptbot)"
20.171.207.28 - - [20/Oct/2025:03:52:48 +0300] "GET /pages.php?l=1165&product/clerk7?c=g HTTP/1.1" 200 84526 "-" "Mozilla/5.0 AppleWebKit/537.36 (KHTML, like Gecko; compatible; GPTBot/1.2; +https://openai.com/gptbot)"
20.171.207.28 - - [20/Oct/2025:03:52:51 +0300] "GET /pages.php?_bd_prev_page=https://bckln.ru/collect.aspx?036031877.htm&_bdsid=8i31wb.n~FBOZA.171882992.173951532&_gz=2.198475681.196329788.172254536-860287671.160667979 HTTP/1.0" 200 77220 "-" "Mozilla/5.0 AppleWebKit/537.36 (KHTML, like Gecko; compatible; GPTBot/1.2; +https://openai.com/gptbot)"
20.171.207.28 - - [20/Oct/2025:03:52:52 +0300] "GET /pages.php?_bd_prev_page=https://bckln.ru/collect.aspx?036031877.htm&_bdsid=8i31wb.n~FBOZA.171882992.173951532&_gz=2.198475681.196329788.172254536-860287671.160667979 HTTP/1.1" 200 77312 "-" "Mozilla/5.0 AppleWebKit/537.36 (KHTML, like Gecko; compatible; GPTBot/1.2; +https://openai.com/gptbot)"
20.171.207.28 - - [20/Oct/2025:03:52:54 +0300] "GET /pages.php?_bd_prev_page=https://bckln.ru/collect.aspx?084008813.htm&_bdsid=8i31wb.n~FBOZA.171882992.173951532&_gz=2.198475681.196329788.172254536-860287671.160667979 HTTP/1.0" 200 83473 "-" "Mozilla/5.0 AppleWebKit/537.36 (KHTML, like Gecko; compatible; GPTBot/1.2; +https://openai.com/gptbot)"
20.171.207.28 - - [20/Oct/2025:03:52:55 +0300] "GET /pages.php?_bd_prev_page=https://bckln.ru/collect.aspx?084008813.htm&_bdsid=8i31wb.n~FBOZA.171882992.173951532&_gz=2.198475681.196329788.172254536-860287671.160667979 HTTP/1.1" 200 83573 "-" "Mozilla/5.0 AppleWebKit/537.36 (KHTML, like Gecko; compatible; GPTBot/1.2; +https://openai.com/gptbot)"
45.150.238.5 - - [20/Oct/2025:03:52:53 +0300] "GET / HTTP/1.0" 200 69659 "-" "Zabbix"
45.150.238.5 - - [20/Oct/2025:03:52:56 +0300] "GET / HTTP/1.1" 200 69742 "-" "Zabbix"
20.171.207.28 - - [20/Oct/2025:03:52:57 +0300] "GET /pages.php?_bd_prev_page=https://bckln.ru/collect.aspx?065023862.htm&_bdsid=8i31wb.n~FBOZA.171882992.173951532&_gz=2.198475681.196329788.172254536-860287671.160667979 HTTP/1.0" 200 73941 "-" "Mozilla/5.0 AppleWebKit/537.36 (KHTML, like Gecko; compatible; GPTBot/1.2; +https://openai.com/gptbot)"
20.171.207.28 - - [20/Oct/2025:03:52:58 +0300] "GET /pages.php?_bd_prev_page=https://bckln.ru/collect.aspx?065023862.htm&_bdsid=8i31wb.n~FBOZA.171882992.173951532&_gz=2.198475681.196329788.172254536-860287671.160667979 HTTP/1.1" 200 74033 "-" "Mozilla/5.0 AppleWebKit/537.36 (KHTML, like Gecko; compatible; GPTBot/1.2; +https://openai.com/gptbot)"
20.171.207.28 - - [20/Oct/2025:03:53:00 +0300] "GET /pages.php?l=8878&product/database84?c=g HTTP/1.0" 200 70528 "-" "Mozilla/5.0 AppleWebKit/537.36 (KHTML, like Gecko; compatible; GPTBot/1.2; +https://openai.com/gptbot)"
20.171.207.28 - - [20/Oct/2025:03:53:01 +0300] "GET /pages.php?l=8878&product/database84?c=g HTTP/1.1" 200 70612 "-" "Mozilla/5.0 AppleWebKit/537.36 (KHTML, like Gecko; compatible; GPTBot/1.2; +https://openai.com/gptbot)"
20.171.207.28 - - [20/Oct/2025:03:53:03 +0300] "GET /pages.php?_bd_prev_page=https://bckln.ru/collect.aspx?product/stage36?c=g&_bdsid=8i31wb.n~FBOZA.171882992.173951532&_gz=2.198475681.196329788.172254536-860287671.160667979&l=31784 HTTP/1.0" 200 82288 "-" "Mozilla/5.0 AppleWebKit/537.36 (KHTML, like Gecko; compatible; GPTBot/1.2; +https://openai.com/gptbot)"
20.171.207.28 - - [20/Oct/2025:03:53:04 +0300] "GET /pages.php?_bd_prev_page=https://bckln.ru/collect.aspx?product/stage36?c=g&_bdsid=8i31wb.n~FBOZA.171882992.173951532&_gz=2.198475681.196329788.172254536-860287671.160667979&l=31784 HTTP/1.1" 200 82388 "-" "Mozilla/5.0 AppleWebKit/537.36 (KHTML, like Gecko; compatible; GPTBot/1.2; +https://openai.com/gptbot)"
173.208.176.202 - - [20/Oct/2025:03:51:29 +0300] "GET /wp-content/qq7b83be/index.php?id=501574 HTTP/1.0" 200 - "https://bckln.ru/wp-content/qq7b83be/index.php?id=501574" "Mozilla/5.0 (Windows NT 10.0; Win64; x64) AppleWebKit/537.36 (KHTML, like Gecko) Chrome/58.0.3029.110 Safari/537.3"
20.171.207.28 - - [20/Oct/2025:03:53:06 +0300] "GET /pages.php?_bd_prev_page=https://bckln.ru/collect.aspx?028009515.htm&_bdsid=8i31wb.n~FBOZA.171882992.173951532&_gz=2.198475681.196329788.172254536-860287671.160667979 HTTP/1.0" 200 87882 "-" "Mozilla/5.0 AppleWebKit/537.36 (KHTML, like Gecko; compatible; GPTBot/1.2; +https://openai.com/gptbot)"
20.171.207.28 - - [20/Oct/2025:03:53:07 +0300] "GET /pages.php?_bd_prev_page=https://bckln.ru/collect.aspx?028009515.htm&_bdsid=8i31wb.n~FBOZA.171882992.173951532&_gz=2.198475681.196329788.172254536-860287671.160667979 HTTP/1.1" 200 87990 "-" "Mozilla/5.0 AppleWebKit/537.36 (KHTML, like Gecko; compatible; GPTBot/1.2; +https://openai.com/gptbot)"
20.171.207.28 - - [20/Oct/2025:03:53:10 +0300] "GET /pages.php?_bd_prev_page=https://bckln.ru/collect.aspx?product/king65?c=g&_bdsid=8i31wb.n~FBOZA.171882992.173951532&_gz=2.198475681.196329788.172254536-860287671.160667979&l=23859 HTTP/1.0" 200 90078 "-" "Mozilla/5.0 AppleWebKit/537.36 (KHTML, like Gecko; compatible; GPTBot/1.2; +https://openai.com/gptbot)"
20.171.207.28 - - [20/Oct/2025:03:53:10 +0300] "GET /pages.php?_bd_prev_page=https://bckln.ru/collect.aspx?product/king65?c=g&_bdsid=8i31wb.n~FBOZA.171882992.173951532&_gz=2.198475681.196329788.172254536-860287671.160667979&l=23859 HTTP/1.1" 200 90185 "-" "Mozilla/5.0 AppleWebKit/537.36 (KHTML, like Gecko; compatible; GPTBot/1.2; +https://openai.com/gptbot)"
20.171.207.28 - - [20/Oct/2025:03:53:12 +0300] "GET /pages.php?_bd_prev_page=https://bckln.ru/collect.aspx?product/makeup65?c=g&_bdsid=8i31wb.n~FBOZA.171882992.173951532&_gz=2.198475681.196329788.172254536-860287671.160667979&l=10757 HTTP/1.0" 200 73483 "-" "Mozilla/5.0 AppleWebKit/537.36 (KHTML, like Gecko; compatible; GPTBot/1.2; +https://openai.com/gptbot)"
20.171.207.28 - - [20/Oct/2025:03:53:13 +0300] "GET /pages.php?_bd_prev_page=https://bckln.ru/collect.aspx?product/makeup65?c=g&_bdsid=8i31wb.n~FBOZA.171882992.173951532&_gz=2.198475681.196329788.172254536-860287671.160667979&l=10757 HTTP/1.1" 200 73567 "-" "Mozilla/5.0 AppleWebKit/537.36 (KHTML, like Gecko; compatible; GPTBot/1.2; +https://openai.com/gptbot)"
20.171.207.28 - - [20/Oct/2025:03:53:16 +0300] "GET /pages.php?_bd_prev_page=https://bckln.ru/collect.aspx?product/chill36?c=g&_bdsid=8i31wb.n~FBOZA.171882992.173951532&_gz=2.198475681.196329788.172254536-860287671.160667979&l=12252 HTTP/1.0" 200 77873 "-" "Mozilla/5.0 AppleWebKit/537.36 (KHTML, like Gecko; compatible; GPTBot/1.2; +https://openai.com/gptbot)"
20.171.207.28 - - [20/Oct/2025:03:53:17 +0300] "GET /pages.php?_bd_prev_page=https://bckln.ru/collect.aspx?product/chill36?c=g&_bdsid=8i31wb.n~FBOZA.171882992.173951532&_gz=2.198475681.196329788.172254536-860287671.160667979&l=12252 HTTP/1.1" 200 77973 "-" "Mozilla/5.0 AppleWebKit/537.36 (KHTML, like Gecko; compatible; GPTBot/1.2; +https://openai.com/gptbot)"
20.171.207.28 - - [20/Oct/2025:03:53:19 +0300] "GET /pages.php?_bd_prev_page=https://bckln.ru/collect.aspx?067000522.htm&_bdsid=8i31wb.n~FBOZA.171882992.173951532&_gz=2.198475681.196329788.172254536-860287671.160667979 HTTP/1.0" 200 79060 "-" "Mozilla/5.0 AppleWebKit/537.36 (KHTML, like Gecko; compatible; GPTBot/1.2; +https://openai.com/gptbot)"
20.171.207.28 - - [20/Oct/2025:03:53:20 +0300] "GET /pages.php?_bd_prev_page=https://bckln.ru/collect.aspx?067000522.htm&_bdsid=8i31wb.n~FBOZA.171882992.173951532&_gz=2.198475681.196329788.172254536-860287671.160667979 HTTP/1.1" 200 79160 "-" "Mozilla/5.0 AppleWebKit/537.36 (KHTML, like Gecko; compatible; GPTBot/1.2; +https://openai.com/gptbot)"
173.208.176.202 - - [20/Oct/2025:03:53:20 +0300] "GET /wp-content/qq7b83be/index.php?id=501574 HTTP/1.1" 499 0 "https://bckln.ru/wp-content/qq7b83be/index.php?id=501574" "Mozilla/5.0 (Windows NT 10.0; Win64; x64) AppleWebKit/537.36 (KHTML, like Gecko) Chrome/58.0.3029.110 Safari/537.3"
20.171.207.28 - - [20/Oct/2025:03:53:22 +0300] "GET /pages.php?_bd_prev_page=https://bckln.ru/collect.aspx?028004837.htm&_bdsid=8i31wb.n~FBOZA.171882992.173951532&_gz=2.198475681.196329788.172254536-860287671.160667979 HTTP/1.0" 200 73082 "-" "Mozilla/5.0 AppleWebKit/537.36 (KHTML, like Gecko; compatible; GPTBot/1.2; +https://openai.com/gptbot)"
20.171.207.28 - - [20/Oct/2025:03:53:23 +0300] "GET /pages.php?_bd_prev_page=https://bckln.ru/collect.aspx?028004837.htm&_bdsid=8i31wb.n~FBOZA.171882992.173951532&_gz=2.198475681.196329788.172254536-860287671.160667979 HTTP/1.1" 200 73166 "-" "Mozilla/5.0 AppleWebKit/537.36 (KHTML, like Gecko; compatible; GPTBot/1.2; +https://openai.com/gptbot)"
63.141.249.210 - - [20/Oct/2025:03:53:25 +0300] "GET /wp-content/qq7b83be/index.php HTTP/1.0" 200 6 "https://bckln.ru/wp-content/qq7b83be/index.php" "Mozilla/5.0 (Windows NT 10.0; Win64; x64) AppleWebKit/537.36 (KHTML, like Gecko) Chrome/58.0.3029.110 Safari/537.3"
63.141.249.210 - - [20/Oct/2025:03:53:25 +0300] "GET /wp-content/qq7b83be/index.php HTTP/1.1" 200 16 "https://bckln.ru/wp-content/qq7b83be/index.php" "Mozilla/5.0 (Windows NT 10.0; Win64; x64) AppleWebKit/537.36 (KHTML, like Gecko) Chrome/58.0.3029.110 Safari/537.3"
20.171.207.28 - - [20/Oct/2025:03:53:25 +0300] "GET /pages.php?l=36024&product/continuous44?c=g HTTP/1.0" 200 70169 "-" "Mozilla/5.0 AppleWebKit/537.36 (KHTML, like Gecko; compatible; GPTBot/1.2; +https://openai.com/gptbot)"
20.171.207.28 - - [20/Oct/2025:03:53:26 +0300] "GET /pages.php?l=36024&product/continuous44?c=g HTTP/1.1" 200 70253 "-" "Mozilla/5.0 AppleWebKit/537.36 (KHTML, like Gecko; compatible; GPTBot/1.2; +https://openai.com/gptbot)"
20.171.207.28 - - [20/Oct/2025:03:53:28 +0300] "GET /pages.php?_bd_prev_page=https://bckln.ru/collect.aspx?008046425.htm&_bdsid=8i31wb.n~FBOZA.171882992.173951532&_gz=2.198475681.196329788.172254536-860287671.160667979 HTTP/1.0" 200 79112 "-" "Mozilla/5.0 AppleWebKit/537.36 (KHTML, like Gecko; compatible; GPTBot/1.2; +https://openai.com/gptbot)"
20.171.207.28 - - [20/Oct/2025:03:53:29 +0300] "GET /pages.php?_bd_prev_page=https://bckln.ru/collect.aspx?008046425.htm&_bdsid=8i31wb.n~FBOZA.171882992.173951532&_gz=2.198475681.196329788.172254536-860287671.160667979 HTTP/1.1" 200 79212 "-" "Mozilla/5.0 AppleWebKit/537.36 (KHTML, like Gecko; compatible; GPTBot/1.2; +https://openai.com/gptbot)"
20.171.207.28 - - [20/Oct/2025:03:53:31 +0300] "GET /pages.php?_bd_prev_page=https://bckln.ru/collect.aspx?product/harvest44?c=g&_bdsid=8i31wb.n~FBOZA.171882992.173951532&_gz=2.198475681.196329788.172254536-860287671.160667979&l=14 HTTP/1.0" 200 91086 "-" "Mozilla/5.0 AppleWebKit/537.36 (KHTML, like Gecko; compatible; GPTBot/1.2; +https://openai.com/gptbot)"
20.171.207.28 - - [20/Oct/2025:03:53:32 +0300] "GET /pages.php?_bd_prev_page=https://bckln.ru/collect.aspx?product/harvest44?c=g&_bdsid=8i31wb.n~FBOZA.171882992.173951532&_gz=2.198475681.196329788.172254536-860287671.160667979&l=14 HTTP/1.1" 200 91178 "-" "Mozilla/5.0 AppleWebKit/537.36 (KHTML, like Gecko; compatible; GPTBot/1.2; +https://openai.com/gptbot)"
20.171.207.28 - - [20/Oct/2025:03:53:35 +0300] "GET /pages.php?_bd_prev_page=https://bckln.ru/collect.aspx?067006370.htm&_bdsid=8i31wb.n~FBOZA.171882992.173951532&_gz=2.198475681.196329788.172254536-860287671.160667979 HTTP/1.0" 200 79797 "-" "Mozilla/5.0 AppleWebKit/537.36 (KHTML, like Gecko; compatible; GPTBot/1.2; +https://openai.com/gptbot)"
20.171.207.28 - - [20/Oct/2025:03:53:36 +0300] "GET /pages.php?_bd_prev_page=https://bckln.ru/collect.aspx?067006370.htm&_bdsid=8i31wb.n~FBOZA.171882992.173951532&_gz=2.198475681.196329788.172254536-860287671.160667979 HTTP/1.1" 200 79890 "-" "Mozilla/5.0 AppleWebKit/537.36 (KHTML, like Gecko; compatible; GPTBot/1.2; +https://openai.com/gptbot)"
20.171.207.28 - - [20/Oct/2025:03:53:38 +0300] "GET /pages.php?_bd_prev_page=https://bckln.ru/collect.aspx?067009562.htm&_bdsid=8i31wb.n~FBOZA.171882992.173951532&_gz=2.198475681.196329788.172254536-860287671.160667979 HTTP/1.0" 200 85384 "-" "Mozilla/5.0 AppleWebKit/537.36 (KHTML, like Gecko; compatible; GPTBot/1.2; +https://openai.com/gptbot)"
20.171.207.28 - - [20/Oct/2025:03:53:39 +0300] "GET /pages.php?_bd_prev_page=https://bckln.ru/collect.aspx?067009562.htm&_bdsid=8i31wb.n~FBOZA.171882992.173951532&_gz=2.198475681.196329788.172254536-860287671.160667979 HTTP/1.1" 200 85484 "-" "Mozilla/5.0 AppleWebKit/537.36 (KHTML, like Gecko; compatible; GPTBot/1.2; +https://openai.com/gptbot)"
20.171.207.28 - - [20/Oct/2025:03:53:41 +0300] "GET /pages.php?_bd_prev_page=https://bckln.ru/collect.aspx?028046719.htm&_bdsid=8i31wb.n~FBOZA.171882992.173951532&_gz=2.198475681.196329788.172254536-860287671.160667979 HTTP/1.0" 200 79840 "-" "Mozilla/5.0 AppleWebKit/537.36 (KHTML, like Gecko; compatible; GPTBot/1.2; +https://openai.com/gptbot)"
20.171.207.28 - - [20/Oct/2025:03:53:42 +0300] "GET /pages.php?_bd_prev_page=https://bckln.ru/collect.aspx?028046719.htm&_bdsid=8i31wb.n~FBOZA.171882992.173951532&_gz=2.198475681.196329788.172254536-860287671.160667979 HTTP/1.1" 200 79940 "-" "Mozilla/5.0 AppleWebKit/537.36 (KHTML, like Gecko; compatible; GPTBot/1.2; +https://openai.com/gptbot)"
20.171.207.28 - - [20/Oct/2025:03:53:44 +0300] "GET /pages.php?_bd_prev_page=https://bckln.ru/collect.aspx?product/often67?c=g&_bdsid=8i31wb.n~FBOZA.171882992.173951532&_gz=2.198475681.196329788.172254536-860287671.160667979&l=711 HTTP/1.0" 200 76782 "-" "Mozilla/5.0 AppleWebKit/537.36 (KHTML, like Gecko; compatible; GPTBot/1.2; +https://openai.com/gptbot)"
20.171.207.28 - - [20/Oct/2025:03:53:45 +0300] "GET /pages.php?_bd_prev_page=https://bckln.ru/collect.aspx?product/often67?c=g&_bdsid=8i31wb.n~FBOZA.171882992.173951532&_gz=2.198475681.196329788.172254536-860287671.160667979&l=711 HTTP/1.1" 200 76874 "-" "Mozilla/5.0 AppleWebKit/537.36 (KHTML, like Gecko; compatible; GPTBot/1.2; +https://openai.com/gptbot)"
20.171.207.28 - - [20/Oct/2025:03:53:47 +0300] "GET /pages.php?_bd_prev_page=https://bckln.ru/collect.aspx?044041307.htm&_bdsid=8i31wb.n~FBOZA.171882992.173951532&_gz=2.198475681.196329788.172254536-860287671.160667979 HTTP/1.0" 200 74028 "-" "Mozilla/5.0 AppleWebKit/537.36 (KHTML, like Gecko; compatible; GPTBot/1.2; +https://openai.com/gptbot)"
20.171.207.28 - - [20/Oct/2025:03:53:48 +0300] "GET /pages.php?_bd_prev_page=https://bckln.ru/collect.aspx?044041307.htm&_bdsid=8i31wb.n~FBOZA.171882992.173951532&_gz=2.198475681.196329788.172254536-860287671.160667979 HTTP/1.1" 200 74120 "-" "Mozilla/5.0 AppleWebKit/537.36 (KHTML, like Gecko; compatible; GPTBot/1.2; +https://openai.com/gptbot)"
20.171.207.28 - - [20/Oct/2025:03:53:50 +0300] "GET /pages.php?_bd_prev_page=https://bckln.ru/collect.aspx?008049667.htm&_bdsid=8i31wb.n~FBOZA.171882992.173951532&_gz=2.198475681.196329788.172254536-860287671.160667979 HTTP/1.0" 200 79208 "-" "Mozilla/5.0 AppleWebKit/537.36 (KHTML, like Gecko; compatible; GPTBot/1.2; +https://openai.com/gptbot)"
20.171.207.28 - - [20/Oct/2025:03:53:51 +0300] "GET /pages.php?_bd_prev_page=https://bckln.ru/collect.aspx?008049667.htm&_bdsid=8i31wb.n~FBOZA.171882992.173951532&_gz=2.198475681.196329788.172254536-860287671.160667979 HTTP/1.1" 200 79308 "-" "Mozilla/5.0 AppleWebKit/537.36 (KHTML, like Gecko; compatible; GPTBot/1.2; +https://openai.com/gptbot)"
20.171.207.28 - - [20/Oct/2025:03:53:53 +0300] "GET /pages.php?_bd_prev_page=https://bckln.ru/collect.aspx?033000672.htm&_bdsid=8i31wb.n~FBOZA.171882992.173951532&_gz=2.198475681.196329788.172254536-860287671.160667979 HTTP/1.0" 200 77777 "-" "Mozilla/5.0 AppleWebKit/537.36 (KHTML, like Gecko; compatible; GPTBot/1.2; +https://openai.com/gptbot)"
20.171.207.28 - - [20/Oct/2025:03:53:54 +0300] "GET /pages.php?_bd_prev_page=https://bckln.ru/collect.aspx?033000672.htm&_bdsid=8i31wb.n~FBOZA.171882992.173951532&_gz=2.198475681.196329788.172254536-860287671.160667979 HTTP/1.1" 200 77876 "-" "Mozilla/5.0 AppleWebKit/537.36 (KHTML, like Gecko; compatible; GPTBot/1.2; +https://openai.com/gptbot)"
20.171.207.28 - - [20/Oct/2025:03:53:57 +0300] "GET /pages.php?l=797&product/hot67?c=g HTTP/1.0" 200 74100 "-" "Mozilla/5.0 AppleWebKit/537.36 (KHTML, like Gecko; compatible; GPTBot/1.2; +https://openai.com/gptbot)"
20.171.207.28 - - [20/Oct/2025:03:53:57 +0300] "GET /pages.php?l=797&product/hot67?c=g HTTP/1.1" 200 74192 "-" "Mozilla/5.0 AppleWebKit/537.36 (KHTML, like Gecko; compatible; GPTBot/1.2; +https://openai.com/gptbot)"
20.171.207.28 - - [20/Oct/2025:03:54:00 +0300] "GET /pages.php?_bd_prev_page=https://bckln.ru/collect.aspx?028000093.htm&_bdsid=8i31wb.n~FBOZA.171882992.173951532&_gz=2.198475681.196329788.172254536-860287671.160667979 HTTP/1.0" 200 80751 "-" "Mozilla/5.0 AppleWebKit/537.36 (KHTML, like Gecko; compatible; GPTBot/1.2; +https://openai.com/gptbot)"
20.171.207.28 - - [20/Oct/2025:03:54:01 +0300] "GET /pages.php?_bd_prev_page=https://bckln.ru/collect.aspx?028000093.htm&_bdsid=8i31wb.n~FBOZA.171882992.173951532&_gz=2.198475681.196329788.172254536-860287671.160667979 HTTP/1.1" 200 80851 "-" "Mozilla/5.0 AppleWebKit/537.36 (KHTML, like Gecko; compatible; GPTBot/1.2; +https://openai.com/gptbot)"
20.171.207.28 - - [20/Oct/2025:03:54:03 +0300] "GET /pages.php?_bd_prev_page=https://bckln.ru/collect.aspx?039007352.htm&_bdsid=8i31wb.n~FBOZA.171882992.173951532&_gz=2.198475681.196329788.172254536-860287671.160667979 HTTP/1.0" 200 73116 "-" "Mozilla/5.0 AppleWebKit/537.36 (KHTML, like Gecko; compatible; GPTBot/1.2; +https://openai.com/gptbot)"
20.171.207.28 - - [20/Oct/2025:03:54:04 +0300] "GET /pages.php?_bd_prev_page=https://bckln.ru/collect.aspx?039007352.htm&_bdsid=8i31wb.n~FBOZA.171882992.173951532&_gz=2.198475681.196329788.172254536-860287671.160667979 HTTP/1.1" 200 73200 "-" "Mozilla/5.0 AppleWebKit/537.36 (KHTML, like Gecko; compatible; GPTBot/1.2; +https://openai.com/gptbot)"
20.171.207.28 - - [20/Oct/2025:03:54:06 +0300] "GET /pages.php?_bd_prev_page=https://bckln.ru/collect.aspx?product/suggest33?c=g&_bdsid=8i31wb.n~FBOZA.171882992.173951532&_gz=2.198475681.196329788.172254536-860287671.160667979&l=669 HTTP/1.0" 200 75360 "-" "Mozilla/5.0 AppleWebKit/537.36 (KHTML, like Gecko; compatible; GPTBot/1.2; +https://openai.com/gptbot)"
20.171.207.28 - - [20/Oct/2025:03:54:07 +0300] "GET /pages.php?_bd_prev_page=https://bckln.ru/collect.aspx?product/suggest33?c=g&_bdsid=8i31wb.n~FBOZA.171882992.173951532&_gz=2.198475681.196329788.172254536-860287671.160667979&l=669 HTTP/1.1" 200 75452 "-" "Mozilla/5.0 AppleWebKit/537.36 (KHTML, like Gecko; compatible; GPTBot/1.2; +https://openai.com/gptbot)"
45.150.238.5 - - [20/Oct/2025:03:54:09 +0300] "GET / HTTP/1.0" 500 - "-" "Zabbix"
45.150.238.5 - - [20/Oct/2025:03:54:09 +0300] "GET / HTTP/1.1" 500 0 "-" "Zabbix"
20.171.207.28 - - [20/Oct/2025:03:54:09 +0300] "GET /pages.php?_bd_prev_page=https://bckln.ru/collect.aspx?product/fork67?c=g&_bdsid=8i31wb.n~FBOZA.171882992.173951532&_gz=2.198475681.196329788.172254536-860287671.160667979&l=711 HTTP/1.0" 200 80057 "-" "Mozilla/5.0 AppleWebKit/537.36 (KHTML, like Gecko; compatible; GPTBot/1.2; +https://openai.com/gptbot)"
20.171.207.28 - - [20/Oct/2025:03:54:10 +0300] "GET /pages.php?_bd_prev_page=https://bckln.ru/collect.aspx?product/fork67?c=g&_bdsid=8i31wb.n~FBOZA.171882992.173951532&_gz=2.198475681.196329788.172254536-860287671.160667979&l=711 HTTP/1.1" 200 80157 "-" "Mozilla/5.0 AppleWebKit/537.36 (KHTML, like Gecko; compatible; GPTBot/1.2; +https://openai.com/gptbot)"
20.171.207.28 - - [20/Oct/2025:03:54:12 +0300] "GET /pages.php?_bd_prev_page=https://bckln.ru/collect.aspx?033000664.htm&_bdsid=8i31wb.n~FBOZA.171882992.173951532&_gz=2.198475681.196329788.172254536-860287671.160667979 HTTP/1.0" 200 81611 "-" "Mozilla/5.0 AppleWebKit/537.36 (KHTML, like Gecko; compatible; GPTBot/1.2; +https://openai.com/gptbot)"
20.171.207.28 - - [20/Oct/2025:03:54:13 +0300] "GET /pages.php?_bd_prev_page=https://bckln.ru/collect.aspx?033000664.htm&_bdsid=8i31wb.n~FBOZA.171882992.173951532&_gz=2.198475681.196329788.172254536-860287671.160667979 HTTP/1.1" 200 81711 "-" "Mozilla/5.0 AppleWebKit/537.36 (KHTML, like Gecko; compatible; GPTBot/1.2; +https://openai.com/gptbot)"
204.12.208.18 - - [20/Oct/2025:03:54:15 +0300] "GET /wp-includes/im763f02/edit.php HTTP/1.1" 499 0 "https://bckln.ru/wp-includes/im763f02/edit.php" "Mozilla/5.0 (Windows; U; Windows NT 5.1; en-US) AppleWebKit/534.16 (KHTML, like Gecko) Chrome/10.0.648.151 Safari/534.16"
204.12.208.18 - - [20/Oct/2025:03:54:15 +0300] "GET /wp-includes/im763f02/edit.php HTTP/1.0" 200 6 "https://bckln.ru/wp-includes/im763f02/edit.php" "Mozilla/4.0 (compatible; MSIE 7.0; Windows NT 6.0; SLCC1; .NET CLR 2.0.50727; Media Center PC 5.0; .NET CLR 3.0.04506)"
204.12.208.18 - - [20/Oct/2025:03:54:16 +0300] "GET /wp-includes/im763f02/edit.php HTTP/1.1" 200 16 "https://bckln.ru/wp-includes/im763f02/edit.php" "Mozilla/4.0 (compatible; MSIE 7.0; Windows NT 6.0; SLCC1; .NET CLR 2.0.50727; Media Center PC 5.0; .NET CLR 3.0.04506)"
20.171.207.28 - - [20/Oct/2025:03:54:15 +0300] "GET /pages.php?_bd_prev_page=https://bckln.ru/collect.aspx?028000083.htm&_bdsid=8i31wb.n~FBOZA.171882992.173951532&_gz=2.198475681.196329788.172254536-860287671.160667979 HTTP/1.0" 200 76511 "-" "Mozilla/5.0 AppleWebKit/537.36 (KHTML, like Gecko; compatible; GPTBot/1.2; +https://openai.com/gptbot)"
20.171.207.28 - - [20/Oct/2025:03:54:16 +0300] "GET /pages.php?_bd_prev_page=https://bckln.ru/collect.aspx?028000083.htm&_bdsid=8i31wb.n~FBOZA.171882992.173951532&_gz=2.198475681.196329788.172254536-860287671.160667979 HTTP/1.1" 200 76603 "-" "Mozilla/5.0 AppleWebKit/537.36 (KHTML, like Gecko; compatible; GPTBot/1.2; +https://openai.com/gptbot)"
20.171.207.28 - - [20/Oct/2025:03:54:19 +0300] "GET /pages.php?_bd_prev_page=https://bckln.ru/collect.aspx?011008986.htm&_bdsid=8i31wb.n~FBOZA.171882992.173951532&_gz=2.198475681.196329788.172254536-860287671.160667979 HTTP/1.0" 200 77781 "-" "Mozilla/5.0 AppleWebKit/537.36 (KHTML, like Gecko; compatible; GPTBot/1.2; +https://openai.com/gptbot)"
20.171.207.28 - - [20/Oct/2025:03:54:20 +0300] "GET /pages.php?_bd_prev_page=https://bckln.ru/collect.aspx?011008986.htm&_bdsid=8i31wb.n~FBOZA.171882992.173951532&_gz=2.198475681.196329788.172254536-860287671.160667979 HTTP/1.1" 200 77880 "-" "Mozilla/5.0 AppleWebKit/537.36 (KHTML, like Gecko; compatible; GPTBot/1.2; +https://openai.com/gptbot)"
20.171.207.28 - - [20/Oct/2025:03:54:22 +0300] "GET /pages.php?l=27290&product/violate46?c=g HTTP/1.0" 200 77712 "-" "Mozilla/5.0 AppleWebKit/537.36 (KHTML, like Gecko; compatible; GPTBot/1.2; +https://openai.com/gptbot)"
20.171.207.28 - - [20/Oct/2025:03:54:23 +0300] "GET /pages.php?l=27290&product/violate46?c=g HTTP/1.1" 200 77811 "-" "Mozilla/5.0 AppleWebKit/537.36 (KHTML, like Gecko; compatible; GPTBot/1.2; +https://openai.com/gptbot)"
20.171.207.28 - - [20/Oct/2025:03:54:25 +0300] "GET /pages.php?_bd_prev_page=https://bckln.ru/collect.aspx?product/sake11?c=g&_bdsid=8i31wb.n~FBOZA.171882992.173951532&_gz=2.198475681.196329788.172254536-860287671.160667979&l=6585 HTTP/1.0" 200 76019 "-" "Mozilla/5.0 AppleWebKit/537.36 (KHTML, like Gecko; compatible; GPTBot/1.2; +https://openai.com/gptbot)"
20.171.207.28 - - [20/Oct/2025:03:54:26 +0300] "GET /pages.php?_bd_prev_page=https://bckln.ru/collect.aspx?product/sake11?c=g&_bdsid=8i31wb.n~FBOZA.171882992.173951532&_gz=2.198475681.196329788.172254536-860287671.160667979&l=6585 HTTP/1.1" 200 76111 "-" "Mozilla/5.0 AppleWebKit/537.36 (KHTML, like Gecko; compatible; GPTBot/1.2; +https://openai.com/gptbot)"
20.171.207.28 - - [20/Oct/2025:03:54:28 +0300] "GET /pages.php?_bd_prev_page=https://bckln.ru/collect.aspx?product/booth5?c=g&_bdsid=8i31wb.n~FBOZA.171882992.173951532&_gz=2.198475681.196329788.172254536-860287671.160667979&l=1803 HTTP/1.0" 200 87628 "-" "Mozilla/5.0 AppleWebKit/537.36 (KHTML, like Gecko; compatible; GPTBot/1.2; +https://openai.com/gptbot)"
20.171.207.28 - - [20/Oct/2025:03:54:29 +0300] "GET /pages.php?_bd_prev_page=https://bckln.ru/collect.aspx?product/booth5?c=g&_bdsid=8i31wb.n~FBOZA.171882992.173951532&_gz=2.198475681.196329788.172254536-860287671.160667979&l=1803 HTTP/1.1" 200 87736 "-" "Mozilla/5.0 AppleWebKit/537.36 (KHTML, like Gecko; compatible; GPTBot/1.2; +https://openai.com/gptbot)"
20.171.207.28 - - [20/Oct/2025:03:54:31 +0300] "GET /pages.php?_bd_prev_page=https://bckln.ru/collect.aspx?011030808.htm&_bdsid=8i31wb.n~FBOZA.171882992.173951532&_gz=2.198475681.196329788.172254536-860287671.160667979 HTTP/1.0" 200 75603 "-" "Mozilla/5.0 AppleWebKit/537.36 (KHTML, like Gecko; compatible; GPTBot/1.2; +https://openai.com/gptbot)"
20.171.207.28 - - [20/Oct/2025:03:54:32 +0300] "GET /pages.php?_bd_prev_page=https://bckln.ru/collect.aspx?011030808.htm&_bdsid=8i31wb.n~FBOZA.171882992.173951532&_gz=2.198475681.196329788.172254536-860287671.160667979 HTTP/1.1" 200 75695 "-" "Mozilla/5.0 AppleWebKit/537.36 (KHTML, like Gecko; compatible; GPTBot/1.2; +https://openai.com/gptbot)"
20.171.207.28 - - [20/Oct/2025:03:54:34 +0300] "GET /pages.php?l=86&product/see28?c=g HTTP/1.0" 200 84138 "-" "Mozilla/5.0 AppleWebKit/537.36 (KHTML, like Gecko; compatible; GPTBot/1.2; +https://openai.com/gptbot)"
20.171.207.28 - - [20/Oct/2025:03:54:35 +0300] "GET /pages.php?l=86&product/see28?c=g HTTP/1.1" 200 84238 "-" "Mozilla/5.0 AppleWebKit/537.36 (KHTML, like Gecko; compatible; GPTBot/1.2; +https://openai.com/gptbot)"
20.171.207.28 - - [20/Oct/2025:03:54:37 +0300] "GET /pages.php?_bd_prev_page=https://bckln.ru/collect.aspx?product/divine28?c=g&_bdsid=8i31wb.n~FBOZA.171882992.173951532&_gz=2.198475681.196329788.172254536-860287671.160667979&l=4240 HTTP/1.0" 200 73232 "-" "Mozilla/5.0 AppleWebKit/537.36 (KHTML, like Gecko; compatible; GPTBot/1.2; +https://openai.com/gptbot)"
20.171.207.28 - - [20/Oct/2025:03:54:38 +0300] "GET /pages.php?_bd_prev_page=https://bckln.ru/collect.aspx?product/divine28?c=g&_bdsid=8i31wb.n~FBOZA.171882992.173951532&_gz=2.198475681.196329788.172254536-860287671.160667979&l=4240 HTTP/1.1" 200 73316 "-" "Mozilla/5.0 AppleWebKit/537.36 (KHTML, like Gecko; compatible; GPTBot/1.2; +https://openai.com/gptbot)"
20.171.207.28 - - [20/Oct/2025:03:54:41 +0300] "GET /pages.php?_bd_prev_page=https://bckln.ru/collect.aspx?product/skull45?c=g&_bdsid=8i31wb.n~FBOZA.171882992.173951532&_gz=2.198475681.196329788.172254536-860287671.160667979&l=34319 HTTP/1.0" 200 83027 "-" "Mozilla/5.0 AppleWebKit/537.36 (KHTML, like Gecko; compatible; GPTBot/1.2; +https://openai.com/gptbot)"
20.171.207.28 - - [20/Oct/2025:03:54:42 +0300] "GET /pages.php?_bd_prev_page=https://bckln.ru/collect.aspx?product/skull45?c=g&_bdsid=8i31wb.n~FBOZA.171882992.173951532&_gz=2.198475681.196329788.172254536-860287671.160667979&l=34319 HTTP/1.1" 200 83126 "-" "Mozilla/5.0 AppleWebKit/537.36 (KHTML, like Gecko; compatible; GPTBot/1.2; +https://openai.com/gptbot)"
20.171.207.28 - - [20/Oct/2025:03:54:44 +0300] "GET /pages.php?_bd_prev_page=https://bckln.ru/collect.aspx?011033058.htm&_bdsid=8i31wb.n~FBOZA.171882992.173951532&_gz=2.198475681.196329788.172254536-860287671.160667979 HTTP/1.0" 200 78747 "-" "Mozilla/5.0 AppleWebKit/537.36 (KHTML, like Gecko; compatible; GPTBot/1.2; +https://openai.com/gptbot)"
20.171.207.28 - - [20/Oct/2025:03:54:45 +0300] "GET /pages.php?_bd_prev_page=https://bckln.ru/collect.aspx?011033058.htm&_bdsid=8i31wb.n~FBOZA.171882992.173951532&_gz=2.198475681.196329788.172254536-860287671.160667979 HTTP/1.1" 200 78847 "-" "Mozilla/5.0 AppleWebKit/537.36 (KHTML, like Gecko; compatible; GPTBot/1.2; +https://openai.com/gptbot)"
20.171.207.28 - - [20/Oct/2025:03:54:47 +0300] "GET /pages.php?_bd_prev_page=https://bckln.ru/collect.aspx?019023244.htm&_bdsid=8i31wb.n~FBOZA.171882992.173951532&_gz=2.198475681.196329788.172254536-860287671.160667979 HTTP/1.0" 200 82622 "-" "Mozilla/5.0 AppleWebKit/537.36 (KHTML, like Gecko; compatible; GPTBot/1.2; +https://openai.com/gptbot)"
20.171.207.28 - - [20/Oct/2025:03:54:48 +0300] "GET /pages.php?_bd_prev_page=https://bckln.ru/collect.aspx?019023244.htm&_bdsid=8i31wb.n~FBOZA.171882992.173951532&_gz=2.198475681.196329788.172254536-860287671.160667979 HTTP/1.1" 200 82715 "-" "Mozilla/5.0 AppleWebKit/537.36 (KHTML, like Gecko; compatible; GPTBot/1.2; +https://openai.com/gptbot)"
173.208.176.202 - - [20/Oct/2025:03:53:18 +0300] "GET /wp-content/qq7b83be/index.php?id=501574 HTTP/1.0" 200 - "https://bckln.ru/wp-content/qq7b83be/index.php?id=501574" "Mozilla/5.0 (Windows NT 10.0; Win64; x64) AppleWebKit/537.36 (KHTML, like Gecko) Chrome/58.0.3029.110 Safari/537.3"
20.171.207.28 - - [20/Oct/2025:03:54:50 +0300] "GET /pages.php?060000395.htm HTTP/1.0" 200 86642 "-" "Mozilla/5.0 AppleWebKit/537.36 (KHTML, like Gecko; compatible; GPTBot/1.2; +https://openai.com/gptbot)"
20.171.207.28 - - [20/Oct/2025:03:54:51 +0300] "GET /pages.php?060000395.htm HTTP/1.1" 200 86750 "-" "Mozilla/5.0 AppleWebKit/537.36 (KHTML, like Gecko; compatible; GPTBot/1.2; +https://openai.com/gptbot)"
173.208.176.202 - - [20/Oct/2025:03:54:53 +0300] "GET /wp-content/qq7b83be/index.php?id=501574 HTTP/1.1" 499 0 "https://bckln.ru/wp-content/qq7b83be/index.php?id=501574" "Mozilla/5.0 (Windows NT 10.0; Win64; x64) AppleWebKit/537.36 (KHTML, like Gecko) Chrome/58.0.3029.110 Safari/537.3"
20.171.207.28 - - [20/Oct/2025:03:54:54 +0300] "GET /pages.php?_bd_prev_page=https://bckln.ru/collect.aspx?064000243.htm&_bdsid=8i31wb.n~FBOZA.171882992.173951532&_gz=2.198475681.196329788.172254536-860287671.160667979 HTTP/1.0" 200 83938 "-" "Mozilla/5.0 AppleWebKit/537.36 (KHTML, like Gecko; compatible; GPTBot/1.2; +https://openai.com/gptbot)"
20.171.207.28 - - [20/Oct/2025:03:54:55 +0300] "GET /pages.php?_bd_prev_page=https://bckln.ru/collect.aspx?064000243.htm&_bdsid=8i31wb.n~FBOZA.171882992.173951532&_gz=2.198475681.196329788.172254536-860287671.160667979 HTTP/1.1" 200 84038 "-" "Mozilla/5.0 AppleWebKit/537.36 (KHTML, like Gecko; compatible; GPTBot/1.2; +https://openai.com/gptbot)"
20.171.207.28 - - [20/Oct/2025:03:54:57 +0300] "GET /pages.php?_bd_prev_page=https://bckln.ru/collect.aspx?product/sun64?c=g&_bdsid=8i31wb.n~FBOZA.171882992.173951532&_gz=2.198475681.196329788.172254536-860287671.160667979&l=254 HTTP/1.0" 200 78386 "-" "Mozilla/5.0 AppleWebKit/537.36 (KHTML, like Gecko; compatible; GPTBot/1.2; +https://openai.com/gptbot)"
20.171.207.28 - - [20/Oct/2025:03:54:58 +0300] "GET /pages.php?_bd_prev_page=https://bckln.ru/collect.aspx?product/sun64?c=g&_bdsid=8i31wb.n~FBOZA.171882992.173951532&_gz=2.198475681.196329788.172254536-860287671.160667979&l=254 HTTP/1.1" 200 78463 "-" "Mozilla/5.0 AppleWebKit/537.36 (KHTML, like Gecko; compatible; GPTBot/1.2; +https://openai.com/gptbot)"
20.171.207.28 - - [20/Oct/2025:03:55:00 +0300] "GET /pages.php?_bd_prev_page=https://bckln.ru/collect.aspx?013039186.htm&_bdsid=8i31wb.n~FBOZA.171882992.173951532&_gz=2.198475681.196329788.172254536-860287671.160667979 HTTP/1.0" 200 82628 "-" "Mozilla/5.0 AppleWebKit/537.36 (KHTML, like Gecko; compatible; GPTBot/1.2; +https://openai.com/gptbot)"
20.171.207.28 - - [20/Oct/2025:03:55:01 +0300] "GET /pages.php?_bd_prev_page=https://bckln.ru/collect.aspx?013039186.htm&_bdsid=8i31wb.n~FBOZA.171882992.173951532&_gz=2.198475681.196329788.172254536-860287671.160667979 HTTP/1.1" 200 82728 "-" "Mozilla/5.0 AppleWebKit/537.36 (KHTML, like Gecko; compatible; GPTBot/1.2; +https://openai.com/gptbot)"
20.171.207.28 - - [20/Oct/2025:03:55:03 +0300] "GET /pages.php?_bd_prev_page=https://bckln.ru/collect.aspx?019011430.htm&_bdsid=8i31wb.n~FBOZA.171882992.173951532&_gz=2.198475681.196329788.172254536-860287671.160667979 HTTP/1.0" 200 87360 "-" "Mozilla/5.0 AppleWebKit/537.36 (KHTML, like Gecko; compatible; GPTBot/1.2; +https://openai.com/gptbot)"
20.171.207.28 - - [20/Oct/2025:03:55:04 +0300] "GET /pages.php?_bd_prev_page=https://bckln.ru/collect.aspx?019011430.htm&_bdsid=8i31wb.n~FBOZA.171882992.173951532&_gz=2.198475681.196329788.172254536-860287671.160667979 HTTP/1.1" 200 87468 "-" "Mozilla/5.0 AppleWebKit/537.36 (KHTML, like Gecko; compatible; GPTBot/1.2; +https://openai.com/gptbot)"
20.171.207.28 - - [20/Oct/2025:03:55:06 +0300] "GET /pages.php?019011430.htm HTTP/1.0" 200 84111 "-" "Mozilla/5.0 AppleWebKit/537.36 (KHTML, like Gecko; compatible; GPTBot/1.2; +https://openai.com/gptbot)"
20.171.207.28 - - [20/Oct/2025:03:55:07 +0300] "GET /pages.php?019011430.htm HTTP/1.1" 200 84211 "-" "Mozilla/5.0 AppleWebKit/537.36 (KHTML, like Gecko; compatible; GPTBot/1.2; +https://openai.com/gptbot)"
20.171.207.28 - - [20/Oct/2025:03:55:09 +0300] "GET /pages.php?_bd_prev_page=https://bckln.ru/collect.aspx?060034901.htm&_bdsid=8i31wb.n~FBOZA.171882992.173951532&_gz=2.198475681.196329788.172254536-860287671.160667979 HTTP/1.0" 200 86203 "-" "Mozilla/5.0 AppleWebKit/537.36 (KHTML, like Gecko; compatible; GPTBot/1.2; +https://openai.com/gptbot)"
20.171.207.28 - - [20/Oct/2025:03:55:10 +0300] "GET /pages.php?_bd_prev_page=https://bckln.ru/collect.aspx?060034901.htm&_bdsid=8i31wb.n~FBOZA.171882992.173951532&_gz=2.198475681.196329788.172254536-860287671.160667979 HTTP/1.1" 200 86296 "-" "Mozilla/5.0 AppleWebKit/537.36 (KHTML, like Gecko; compatible; GPTBot/1.2; +https://openai.com/gptbot)"
20.171.207.28 - - [20/Oct/2025:03:55:12 +0300] "GET /pages.php?_bd_prev_page=https://bckln.ru/collect.aspx?product/know61?c=g&_bdsid=8i31wb.n~FBOZA.171882992.173951532&_gz=2.198475681.196329788.172254536-860287671.160667979&l=433 HTTP/1.0" 200 75084 "-" "Mozilla/5.0 AppleWebKit/537.36 (KHTML, like Gecko; compatible; GPTBot/1.2; +https://openai.com/gptbot)"
20.171.207.28 - - [20/Oct/2025:03:55:13 +0300] "GET /pages.php?_bd_prev_page=https://bckln.ru/collect.aspx?product/know61?c=g&_bdsid=8i31wb.n~FBOZA.171882992.173951532&_gz=2.198475681.196329788.172254536-860287671.160667979&l=433 HTTP/1.1" 200 75176 "-" "Mozilla/5.0 AppleWebKit/537.36 (KHTML, like Gecko; compatible; GPTBot/1.2; +https://openai.com/gptbot)"
20.171.207.28 - - [20/Oct/2025:03:55:15 +0300] "GET /pages.php?_bd_prev_page=https://bckln.ru/collect.aspx?011041116.htm&_bdsid=8i31wb.n~FBOZA.171882992.173951532&_gz=2.198475681.196329788.172254536-860287671.160667979 HTTP/1.0" 200 74212 "-" "Mozilla/5.0 AppleWebKit/537.36 (KHTML, like Gecko; compatible; GPTBot/1.2; +https://openai.com/gptbot)"
20.171.207.28 - - [20/Oct/2025:03:55:16 +0300] "GET /pages.php?_bd_prev_page=https://bckln.ru/collect.aspx?011041116.htm&_bdsid=8i31wb.n~FBOZA.171882992.173951532&_gz=2.198475681.196329788.172254536-860287671.160667979 HTTP/1.1" 200 74304 "-" "Mozilla/5.0 AppleWebKit/537.36 (KHTML, like Gecko; compatible; GPTBot/1.2; +https://openai.com/gptbot)"
20.171.207.28 - - [20/Oct/2025:03:55:18 +0300] "GET /pages.php?_bd_prev_page=https://bckln.ru/collect.aspx?product/steady13?c=g&_bdsid=8i31wb.n~FBOZA.171882992.173951532&_gz=2.198475681.196329788.172254536-860287671.160667979&l=16945 HTTP/1.0" 200 86110 "-" "Mozilla/5.0 AppleWebKit/537.36 (KHTML, like Gecko; compatible; GPTBot/1.2; +https://openai.com/gptbot)"
20.171.207.28 - - [20/Oct/2025:03:55:19 +0300] "GET /pages.php?_bd_prev_page=https://bckln.ru/collect.aspx?product/steady13?c=g&_bdsid=8i31wb.n~FBOZA.171882992.173951532&_gz=2.198475681.196329788.172254536-860287671.160667979&l=16945 HTTP/1.1" 200 86187 "-" "Mozilla/5.0 AppleWebKit/537.36 (KHTML, like Gecko; compatible; GPTBot/1.2; +https://openai.com/gptbot)"
20.171.207.28 - - [20/Oct/2025:03:55:21 +0300] "GET /pages.php?_bd_prev_page=https://bckln.ru/collect.aspx?013012412.htm&_bdsid=8i31wb.n~FBOZA.171882992.173951532&_gz=2.198475681.196329788.172254536-860287671.160667979 HTTP/1.0" 200 71651 "-" "Mozilla/5.0 AppleWebKit/537.36 (KHTML, like Gecko; compatible; GPTBot/1.2; +https://openai.com/gptbot)"
20.171.207.28 - - [20/Oct/2025:03:55:22 +0300] "GET /pages.php?_bd_prev_page=https://bckln.ru/collect.aspx?013012412.htm&_bdsid=8i31wb.n~FBOZA.171882992.173951532&_gz=2.198475681.196329788.172254536-860287671.160667979 HTTP/1.1" 200 71735 "-" "Mozilla/5.0 AppleWebKit/537.36 (KHTML, like Gecko; compatible; GPTBot/1.2; +https://openai.com/gptbot)"
204.12.208.18 - - [20/Oct/2025:03:53:55 +0300] "GET /wp-includes/im763f02/edit.php HTTP/1.0" 200 - "https://bckln.ru/wp-includes/im763f02/edit.php" "Mozilla/5.0 (Windows; U; Windows NT 5.1; en-US) AppleWebKit/534.16 (KHTML, like Gecko) Chrome/10.0.648.151 Safari/534.16"
20.171.207.28 - - [20/Oct/2025:03:55:25 +0300] "GET /pages.php?_bd_prev_page=https://bckln.ru/collect.aspx?019034246.htm&_bdsid=8i31wb.n~FBOZA.171882992.173951532&_gz=2.198475681.196329788.172254536-860287671.160667979 HTTP/1.0" 200 72084 "-" "Mozilla/5.0 AppleWebKit/537.36 (KHTML, like Gecko; compatible; GPTBot/1.2; +https://openai.com/gptbot)"
20.171.207.28 - - [20/Oct/2025:03:55:25 +0300] "GET /pages.php?_bd_prev_page=https://bckln.ru/collect.aspx?019034246.htm&_bdsid=8i31wb.n~FBOZA.171882992.173951532&_gz=2.198475681.196329788.172254536-860287671.160667979 HTTP/1.1" 200 72168 "-" "Mozilla/5.0 AppleWebKit/537.36 (KHTML, like Gecko; compatible; GPTBot/1.2; +https://openai.com/gptbot)"
20.171.207.28 - - [20/Oct/2025:03:55:28 +0300] "GET /pages.php?_bd_prev_page=https://bckln.ru/collect.aspx?057045110.htm&_bdsid=8i31wb.n~FBOZA.171882992.173951532&_gz=2.198475681.196329788.172254536-860287671.160667979 HTTP/1.0" 200 80681 "-" "Mozilla/5.0 AppleWebKit/537.36 (KHTML, like Gecko; compatible; GPTBot/1.2; +https://openai.com/gptbot)"
20.171.207.28 - - [20/Oct/2025:03:55:29 +0300] "GET /pages.php?_bd_prev_page=https://bckln.ru/collect.aspx?057045110.htm&_bdsid=8i31wb.n~FBOZA.171882992.173951532&_gz=2.198475681.196329788.172254536-860287671.160667979 HTTP/1.1" 200 80781 "-" "Mozilla/5.0 AppleWebKit/537.36 (KHTML, like Gecko; compatible; GPTBot/1.2; +https://openai.com/gptbot)"
20.171.207.28 - - [20/Oct/2025:03:55:31 +0300] "GET /pages.php?_bd_prev_page=https://bckln.ru/collect.aspx?019034240.htm&_bdsid=8i31wb.n~FBOZA.171882992.173951532&_gz=2.198475681.196329788.172254536-860287671.160667979 HTTP/1.0" 200 81866 "-" "Mozilla/5.0 AppleWebKit/537.36 (KHTML, like Gecko; compatible; GPTBot/1.2; +https://openai.com/gptbot)"
20.171.207.28 - - [20/Oct/2025:03:55:32 +0300] "GET /pages.php?_bd_prev_page=https://bckln.ru/collect.aspx?019034240.htm&_bdsid=8i31wb.n~FBOZA.171882992.173951532&_gz=2.198475681.196329788.172254536-860287671.160667979 HTTP/1.1" 200 81959 "-" "Mozilla/5.0 AppleWebKit/537.36 (KHTML, like Gecko; compatible; GPTBot/1.2; +https://openai.com/gptbot)"
173.208.176.202 - - [20/Oct/2025:03:55:33 +0300] "GET /wp-includes/im763f02/edit.php?id=172474 HTTP/1.1" 499 0 "https://bckln.ru/wp-includes/im763f02/edit.php?id=172474" "Mozilla/5.0 (Windows NT 10.0; Win64; x64) AppleWebKit/537.36 (KHTML, like Gecko) Chrome/58.0.3029.110 Safari/537.3"
20.171.207.28 - - [20/Oct/2025:03:55:34 +0300] "GET /pages.php?_bd_prev_page=https://bckln.ru/collect.aspx?011000382.htm&_bdsid=8i31wb.n~FBOZA.171882992.173951532&_gz=2.198475681.196329788.172254536-860287671.160667979 HTTP/1.0" 200 79778 "-" "Mozilla/5.0 AppleWebKit/537.36 (KHTML, like Gecko; compatible; GPTBot/1.2; +https://openai.com/gptbot)"
20.171.207.28 - - [20/Oct/2025:03:55:35 +0300] "GET /pages.php?_bd_prev_page=https://bckln.ru/collect.aspx?011000382.htm&_bdsid=8i31wb.n~FBOZA.171882992.173951532&_gz=2.198475681.196329788.172254536-860287671.160667979 HTTP/1.1" 200 79878 "-" "Mozilla/5.0 AppleWebKit/537.36 (KHTML, like Gecko; compatible; GPTBot/1.2; +https://openai.com/gptbot)"
20.171.207.28 - - [20/Oct/2025:03:55:37 +0300] "GET /pages.php?l=34243&product/PC19?c=g HTTP/1.0" 200 81384 "-" "Mozilla/5.0 AppleWebKit/537.36 (KHTML, like Gecko; compatible; GPTBot/1.2; +https://openai.com/gptbot)"
