3.235.215.92 - - [20/Oct/2025:03:27:03 +0300] "GET /prokat/?path=/var/www/iq22073873/data/www/bckln.ru/wp-content/plugins/js_composer/assets/css/lib HTTP/1.1" 200 24777 "-" "Mozilla/5.0 AppleWebKit/537.36 (KHTML, like Gecko; compatible; Amazonbot/0.1; +https://developer.amazon.com/support/amazonbot) Chrome/119.0.6045.214 Safari/537.36"
20.171.207.28 - - [20/Oct/2025:03:27:04 +0300] "GET /pages.php?_bd_prev_page=https://bckln.ru/collect.aspx?016024701.htm&_bdsid=8i31wb.n~FBOZA.171882992.173951532&_gz=2.198475681.196329788.172254536-860287671.160667979 HTTP/1.0" 200 83449 "-" "Mozilla/5.0 AppleWebKit/537.36 (KHTML, like Gecko; compatible; GPTBot/1.2; +https://openai.com/gptbot)"
20.171.207.28 - - [20/Oct/2025:03:27:05 +0300] "GET /pages.php?_bd_prev_page=https://bckln.ru/collect.aspx?016024701.htm&_bdsid=8i31wb.n~FBOZA.171882992.173951532&_gz=2.198475681.196329788.172254536-860287671.160667979 HTTP/1.1" 200 83549 "-" "Mozilla/5.0 AppleWebKit/537.36 (KHTML, like Gecko; compatible; GPTBot/1.2; +https://openai.com/gptbot)"
100.29.107.38 - - [20/Oct/2025:03:27:07 +0300] "GET /?path=/var/www/iq22073873/data/www/bckln.ru/wp-content/themes/dt-the7/images/prettyPhoto/light_rounded HTTP/1.0" 200 24165 "-" "Mozilla/5.0 AppleWebKit/537.36 (KHTML, like Gecko; compatible; Amazonbot/0.1; +https://developer.amazon.com/support/amazonbot) Chrome/119.0.6045.214 Safari/537.36"
100.29.107.38 - - [20/Oct/2025:03:27:07 +0300] "GET /?path=/var/www/iq22073873/data/www/bckln.ru/wp-content/themes/dt-the7/images/prettyPhoto/light_rounded HTTP/1.1" 200 24201 "-" "Mozilla/5.0 AppleWebKit/537.36 (KHTML, like Gecko; compatible; Amazonbot/0.1; +https://developer.amazon.com/support/amazonbot) Chrome/119.0.6045.214 Safari/537.36"
173.208.176.202 - - [20/Oct/2025:03:24:40 +0300] "GET /wp-content/qq7b83be/index.php?id=501574 HTTP/1.0" 200 - "https://bckln.ru/wp-content/qq7b83be/index.php?id=501574" "Mozilla/5.0 (Windows NT 10.0; Win64; x64) AppleWebKit/537.36 (KHTML, like Gecko) Chrome/58.0.3029.110 Safari/537.3"
20.171.207.28 - - [20/Oct/2025:03:27:07 +0300] "GET /pages.php?_bd_prev_page=https://bckln.ru/collect.aspx?033020906.htm&_bdsid=8i31wb.n~FBOZA.171882992.173951532&_gz=2.198475681.196329788.172254536-860287671.160667979 HTTP/1.0" 200 77301 "-" "Mozilla/5.0 AppleWebKit/537.36 (KHTML, like Gecko; compatible; GPTBot/1.2; +https://openai.com/gptbot)"
20.171.207.28 - - [20/Oct/2025:03:27:08 +0300] "GET /pages.php?_bd_prev_page=https://bckln.ru/collect.aspx?033020906.htm&_bdsid=8i31wb.n~FBOZA.171882992.173951532&_gz=2.198475681.196329788.172254536-860287671.160667979 HTTP/1.1" 200 77393 "-" "Mozilla/5.0 AppleWebKit/537.36 (KHTML, like Gecko; compatible; GPTBot/1.2; +https://openai.com/gptbot)"
20.171.207.28 - - [20/Oct/2025:03:27:10 +0300] "GET /pages.php?_bd_prev_page=https://bckln.ru/collect.aspx?023023454.htm&_bdsid=8i31wb.n~FBOZA.171882992.173951532&_gz=2.198475681.196329788.172254536-860287671.160667979 HTTP/1.0" 200 81483 "-" "Mozilla/5.0 AppleWebKit/537.36 (KHTML, like Gecko; compatible; GPTBot/1.2; +https://openai.com/gptbot)"
20.171.207.28 - - [20/Oct/2025:03:27:11 +0300] "GET /pages.php?_bd_prev_page=https://bckln.ru/collect.aspx?023023454.htm&_bdsid=8i31wb.n~FBOZA.171882992.173951532&_gz=2.198475681.196329788.172254536-860287671.160667979 HTTP/1.1" 200 81583 "-" "Mozilla/5.0 AppleWebKit/537.36 (KHTML, like Gecko; compatible; GPTBot/1.2; +https://openai.com/gptbot)"
3.214.176.44 - - [20/Oct/2025:03:27:11 +0300] "GET /prokat/?fileloc=/var/www/iq22073873/data/www/bckln.ru/wp-content/plugins/advanced-custom-fields/core/actions/.htaccess&path=/var/www/iq22073873/data/www/bckln.ru/wp-content/plugins/advanced-custom-fields/core/actions HTTP/1.0" 200 13130 "-" "Mozilla/5.0 AppleWebKit/537.36 (KHTML, like Gecko; compatible; Amazonbot/0.1; +https://developer.amazon.com/support/amazonbot) Chrome/119.0.6045.214 Safari/537.36"
3.214.176.44 - - [20/Oct/2025:03:27:11 +0300] "GET /prokat/?fileloc=/var/www/iq22073873/data/www/bckln.ru/wp-content/plugins/advanced-custom-fields/core/actions/.htaccess&path=/var/www/iq22073873/data/www/bckln.ru/wp-content/plugins/advanced-custom-fields/core/actions HTTP/1.1" 200 13158 "-" "Mozilla/5.0 AppleWebKit/537.36 (KHTML, like Gecko; compatible; Amazonbot/0.1; +https://developer.amazon.com/support/amazonbot) Chrome/119.0.6045.214 Safari/537.36"
54.84.161.62 - - [20/Oct/2025:03:27:15 +0300] "GET /?fileloc=/var/www/iq22073873/data/www/bckln.ru/wp-content/plugins/Ultimate_VC_Addons/admin/css/google-fonts-admin.css&path=/var/www/iq22073873/data/www/bckln.ru/wp-content/plugins/Ultimate_VC_Addons/admin/css HTTP/1.0" 200 21523 "-" "Mozilla/5.0 AppleWebKit/537.36 (KHTML, like Gecko; compatible; Amazonbot/0.1; +https://developer.amazon.com/support/amazonbot) Chrome/119.0.6045.214 Safari/537.36"
54.84.161.62 - - [20/Oct/2025:03:27:15 +0300] "GET /?fileloc=/var/www/iq22073873/data/www/bckln.ru/wp-content/plugins/Ultimate_VC_Addons/admin/css/google-fonts-admin.css&path=/var/www/iq22073873/data/www/bckln.ru/wp-content/plugins/Ultimate_VC_Addons/admin/css HTTP/1.1" 200 21559 "-" "Mozilla/5.0 AppleWebKit/537.36 (KHTML, like Gecko; compatible; Amazonbot/0.1; +https://developer.amazon.com/support/amazonbot) Chrome/119.0.6045.214 Safari/537.36"
20.171.207.28 - - [20/Oct/2025:03:27:13 +0300] "GET /pages.php?_bd_prev_page=https://bckln.ru/collect.aspx?product/port23?c=g&_bdsid=8i31wb.n~FBOZA.171882992.173951532&_gz=2.198475681.196329788.172254536-860287671.160667979&l=939 HTTP/1.0" 200 78968 "-" "Mozilla/5.0 AppleWebKit/537.36 (KHTML, like Gecko; compatible; GPTBot/1.2; +https://openai.com/gptbot)"
20.171.207.28 - - [20/Oct/2025:03:27:18 +0300] "GET /pages.php?_bd_prev_page=https://bckln.ru/collect.aspx?product/port23?c=g&_bdsid=8i31wb.n~FBOZA.171882992.173951532&_gz=2.198475681.196329788.172254536-860287671.160667979&l=939 HTTP/1.1" 200 79061 "-" "Mozilla/5.0 AppleWebKit/537.36 (KHTML, like Gecko; compatible; GPTBot/1.2; +https://openai.com/gptbot)"
3.217.171.106 - - [20/Oct/2025:03:27:19 +0300] "GET /?fileloc=/var/www/iq22073873/data/www/bckln.ru/wp-includes/js/tinymce/plugins/paste/plugin.min.js&path=/var/www/iq22073873/data/www/bckln.ru/wp-includes/js/tinymce/plugins/paste HTTP/1.0" 200 48742 "-" "Mozilla/5.0 AppleWebKit/537.36 (KHTML, like Gecko; compatible; Amazonbot/0.1; +https://developer.amazon.com/support/amazonbot) Chrome/119.0.6045.214 Safari/537.36"
3.217.171.106 - - [20/Oct/2025:03:27:19 +0300] "GET /?fileloc=/var/www/iq22073873/data/www/bckln.ru/wp-includes/js/tinymce/plugins/paste/plugin.min.js&path=/var/www/iq22073873/data/www/bckln.ru/wp-includes/js/tinymce/plugins/paste HTTP/1.1" 200 48802 "-" "Mozilla/5.0 AppleWebKit/537.36 (KHTML, like Gecko; compatible; Amazonbot/0.1; +https://developer.amazon.com/support/amazonbot) Chrome/119.0.6045.214 Safari/537.36"
20.171.207.28 - - [20/Oct/2025:03:27:18 +0300] "GET /pages.php?_bd_prev_page=https://bckln.ru/collect.aspx?product/west33?c=g&_bdsid=8i31wb.n~FBOZA.171882992.173951532&_gz=2.198475681.196329788.172254536-860287671.160667979&l=20899 HTTP/1.0" 200 88630 "-" "Mozilla/5.0 AppleWebKit/537.36 (KHTML, like Gecko; compatible; GPTBot/1.2; +https://openai.com/gptbot)"
20.171.207.28 - - [20/Oct/2025:03:27:19 +0300] "GET /pages.php?_bd_prev_page=https://bckln.ru/collect.aspx?product/west33?c=g&_bdsid=8i31wb.n~FBOZA.171882992.173951532&_gz=2.198475681.196329788.172254536-860287671.160667979&l=20899 HTTP/1.1" 200 88738 "-" "Mozilla/5.0 AppleWebKit/537.36 (KHTML, like Gecko; compatible; GPTBot/1.2; +https://openai.com/gptbot)"
173.208.176.202 - - [20/Oct/2025:03:25:54 +0300] "GET /wp-includes/im763f02/edit.php?id=172474 HTTP/1.0" 200 - "https://bckln.ru/wp-includes/im763f02/edit.php?id=172474" "Mozilla/5.0 (Windows NT 10.0; Win64; x64) AppleWebKit/537.36 (KHTML, like Gecko) Chrome/58.0.3029.110 Safari/537.3"
20.171.207.28 - - [20/Oct/2025:03:27:21 +0300] "GET /pages.php?_bd_prev_page=https://bckln.ru/collect.aspx?product/pool71?c=g&_bdsid=8i31wb.n~FBOZA.171882992.173951532&_gz=2.198475681.196329788.172254536-860287671.160667979&l=9081 HTTP/1.0" 200 89087 "-" "Mozilla/5.0 AppleWebKit/537.36 (KHTML, like Gecko; compatible; GPTBot/1.2; +https://openai.com/gptbot)"
20.171.207.28 - - [20/Oct/2025:03:27:22 +0300] "GET /pages.php?_bd_prev_page=https://bckln.ru/collect.aspx?product/pool71?c=g&_bdsid=8i31wb.n~FBOZA.171882992.173951532&_gz=2.198475681.196329788.172254536-860287671.160667979&l=9081 HTTP/1.1" 200 89195 "-" "Mozilla/5.0 AppleWebKit/537.36 (KHTML, like Gecko; compatible; GPTBot/1.2; +https://openai.com/gptbot)"
173.208.176.202 - - [20/Oct/2025:03:27:25 +0300] "GET /wp-includes/im763f02/edit.php?id=172474 HTTP/1.1" 499 0 "https://bckln.ru/wp-includes/im763f02/edit.php?id=172474" "Mozilla/5.0 (Windows NT 10.0; Win64; x64) AppleWebKit/537.36 (KHTML, like Gecko) Chrome/58.0.3029.110 Safari/537.3"
44.195.50.71 - - [20/Oct/2025:03:27:23 +0300] "GET /?fileloc=/var/www/iq22073873/data/www/bckln.ru/wp-content/plugins/Ultimate_VC_Addons/assets/js/custom.js&path=/var/www/iq22073873/data/www/bckln.ru/wp-content/plugins/Ultimate_VC_Addons/assets/js HTTP/1.0" 200 49408 "-" "Mozilla/5.0 AppleWebKit/537.36 (KHTML, like Gecko; compatible; Amazonbot/0.1; +https://developer.amazon.com/support/amazonbot) Chrome/119.0.6045.214 Safari/537.36"
44.195.50.71 - - [20/Oct/2025:03:27:25 +0300] "GET /?fileloc=/var/www/iq22073873/data/www/bckln.ru/wp-content/plugins/Ultimate_VC_Addons/assets/js/custom.js&path=/var/www/iq22073873/data/www/bckln.ru/wp-content/plugins/Ultimate_VC_Addons/assets/js HTTP/1.1" 200 49476 "-" "Mozilla/5.0 AppleWebKit/537.36 (KHTML, like Gecko; compatible; Amazonbot/0.1; +https://developer.amazon.com/support/amazonbot) Chrome/119.0.6045.214 Safari/537.36"
20.171.207.28 - - [20/Oct/2025:03:27:25 +0300] "GET /pages.php?_bd_prev_page=https://bckln.ru/collect.aspx?product/donate71?c=g&_bdsid=8i31wb.n~FBOZA.171882992.173951532&_gz=2.198475681.196329788.172254536-860287671.160667979&l=38465 HTTP/1.0" 200 84594 "-" "Mozilla/5.0 AppleWebKit/537.36 (KHTML, like Gecko; compatible; GPTBot/1.2; +https://openai.com/gptbot)"
20.171.207.28 - - [20/Oct/2025:03:27:26 +0300] "GET /pages.php?_bd_prev_page=https://bckln.ru/collect.aspx?product/donate71?c=g&_bdsid=8i31wb.n~FBOZA.171882992.173951532&_gz=2.198475681.196329788.172254536-860287671.160667979&l=38465 HTTP/1.1" 200 84694 "-" "Mozilla/5.0 AppleWebKit/537.36 (KHTML, like Gecko; compatible; GPTBot/1.2; +https://openai.com/gptbot)"
52.201.155.215 - - [20/Oct/2025:03:27:27 +0300] "GET /?fileloc=/var/www/iq22073873/data/www/bckln.ru/wp-content/plugins/Ultimate_VC_Addons/admin/img/icon-list-block.png&path=/var/www/iq22073873/data/www/bckln.ru/wp-content/plugins/Ultimate_VC_Addons/admin/img HTTP/1.0" 200 13112 "-" "Mozilla/5.0 AppleWebKit/537.36 (KHTML, like Gecko; compatible; Amazonbot/0.1; +https://developer.amazon.com/support/amazonbot) Chrome/119.0.6045.214 Safari/537.36"
52.201.155.215 - - [20/Oct/2025:03:27:27 +0300] "GET /?fileloc=/var/www/iq22073873/data/www/bckln.ru/wp-content/plugins/Ultimate_VC_Addons/admin/img/icon-list-block.png&path=/var/www/iq22073873/data/www/bckln.ru/wp-content/plugins/Ultimate_VC_Addons/admin/img HTTP/1.1" 200 13140 "-" "Mozilla/5.0 AppleWebKit/537.36 (KHTML, like Gecko; compatible; Amazonbot/0.1; +https://developer.amazon.com/support/amazonbot) Chrome/119.0.6045.214 Safari/537.36"
20.171.207.28 - - [20/Oct/2025:03:27:28 +0300] "GET /pages.php?_bd_prev_page=https://bckln.ru/collect.aspx?product/pit54?c=g&_bdsid=8i31wb.n~FBOZA.171882992.173951532&_gz=2.198475681.196329788.172254536-860287671.160667979&l=16964 HTTP/1.0" 200 76779 "-" "Mozilla/5.0 AppleWebKit/537.36 (KHTML, like Gecko; compatible; GPTBot/1.2; +https://openai.com/gptbot)"
20.171.207.28 - - [20/Oct/2025:03:27:29 +0300] "GET /pages.php?_bd_prev_page=https://bckln.ru/collect.aspx?product/pit54?c=g&_bdsid=8i31wb.n~FBOZA.171882992.173951532&_gz=2.198475681.196329788.172254536-860287671.160667979&l=16964 HTTP/1.1" 200 76871 "-" "Mozilla/5.0 AppleWebKit/537.36 (KHTML, like Gecko; compatible; GPTBot/1.2; +https://openai.com/gptbot)"
3.219.81.66 - - [20/Oct/2025:03:27:31 +0300] "GET /?fileloc=/var/www/iq22073873/data/www/bckln.ru/wp-includes/sodium_compat/namespaced/Core/Poly1305/State.php&path=/var/www/iq22073873/data/www/bckln.ru/wp-includes/sodium_compat/namespaced/Core/Poly1305 HTTP/1.0" 200 13231 "-" "Mozilla/5.0 AppleWebKit/537.36 (KHTML, like Gecko; compatible; Amazonbot/0.1; +https://developer.amazon.com/support/amazonbot) Chrome/119.0.6045.214 Safari/537.36"
3.219.81.66 - - [20/Oct/2025:03:27:32 +0300] "GET /?fileloc=/var/www/iq22073873/data/www/bckln.ru/wp-includes/sodium_compat/namespaced/Core/Poly1305/State.php&path=/var/www/iq22073873/data/www/bckln.ru/wp-includes/sodium_compat/namespaced/Core/Poly1305 HTTP/1.1" 200 13259 "-" "Mozilla/5.0 AppleWebKit/537.36 (KHTML, like Gecko; compatible; Amazonbot/0.1; +https://developer.amazon.com/support/amazonbot) Chrome/119.0.6045.214 Safari/537.36"
20.171.207.28 - - [20/Oct/2025:03:27:31 +0300] "GET /pages.php?l=20893&product/shot33?c=g HTTP/1.0" 200 77923 "-" "Mozilla/5.0 AppleWebKit/537.36 (KHTML, like Gecko; compatible; GPTBot/1.2; +https://openai.com/gptbot)"
20.171.207.28 - - [20/Oct/2025:03:27:32 +0300] "GET /pages.php?l=20893&product/shot33?c=g HTTP/1.1" 200 78023 "-" "Mozilla/5.0 AppleWebKit/537.36 (KHTML, like Gecko; compatible; GPTBot/1.2; +https://openai.com/gptbot)"
20.171.207.28 - - [20/Oct/2025:03:27:34 +0300] "GET /pages.php?_bd_prev_page=https://bckln.ru/collect.aspx?product/all23?c=g&_bdsid=8i31wb.n~FBOZA.171882992.173951532&_gz=2.198475681.196329788.172254536-860287671.160667979&l=21861 HTTP/1.0" 200 71632 "-" "Mozilla/5.0 AppleWebKit/537.36 (KHTML, like Gecko; compatible; GPTBot/1.2; +https://openai.com/gptbot)"
20.171.207.28 - - [20/Oct/2025:03:27:35 +0300] "GET /pages.php?_bd_prev_page=https://bckln.ru/collect.aspx?product/all23?c=g&_bdsid=8i31wb.n~FBOZA.171882992.173951532&_gz=2.198475681.196329788.172254536-860287671.160667979&l=21861 HTTP/1.1" 200 71685 "-" "Mozilla/5.0 AppleWebKit/537.36 (KHTML, like Gecko; compatible; GPTBot/1.2; +https://openai.com/gptbot)"
18.214.124.6 - - [20/Oct/2025:03:27:35 +0300] "GET /?fileloc=/var/www/iq22073873/data/www/bckln.ru/wp-content/uploads/revslider/templates/corporate-lightbox/slide2.jpg&path=/var/www/iq22073873/data/www/bckln.ru/wp-content/uploads/revslider/templates/corporate-lightbox HTTP/1.0" 200 13119 "-" "Mozilla/5.0 AppleWebKit/537.36 (KHTML, like Gecko; compatible; Amazonbot/0.1; +https://developer.amazon.com/support/amazonbot) Chrome/119.0.6045.214 Safari/537.36"
18.214.124.6 - - [20/Oct/2025:03:27:35 +0300] "GET /?fileloc=/var/www/iq22073873/data/www/bckln.ru/wp-content/uploads/revslider/templates/corporate-lightbox/slide2.jpg&path=/var/www/iq22073873/data/www/bckln.ru/wp-content/uploads/revslider/templates/corporate-lightbox HTTP/1.1" 200 13147 "-" "Mozilla/5.0 AppleWebKit/537.36 (KHTML, like Gecko; compatible; Amazonbot/0.1; +https://developer.amazon.com/support/amazonbot) Chrome/119.0.6045.214 Safari/537.36"
20.171.207.28 - - [20/Oct/2025:03:27:37 +0300] "GET /pages.php?_bd_prev_page=https://bckln.ru/collect.aspx?product/nice6?c=g&_bdsid=8i31wb.n~FBOZA.171882992.173951532&_gz=2.198475681.196329788.172254536-860287671.160667979&l=788 HTTP/1.0" 200 83944 "-" "Mozilla/5.0 AppleWebKit/537.36 (KHTML, like Gecko; compatible; GPTBot/1.2; +https://openai.com/gptbot)"
20.171.207.28 - - [20/Oct/2025:03:27:38 +0300] "GET /pages.php?_bd_prev_page=https://bckln.ru/collect.aspx?product/nice6?c=g&_bdsid=8i31wb.n~FBOZA.171882992.173951532&_gz=2.198475681.196329788.172254536-860287671.160667979&l=788 HTTP/1.1" 200 84044 "-" "Mozilla/5.0 AppleWebKit/537.36 (KHTML, like Gecko; compatible; GPTBot/1.2; +https://openai.com/gptbot)"
52.4.213.199 - - [20/Oct/2025:03:27:39 +0300] "GET /prokat/?fileloc=/var/www/iq22073873/data/www/bckln.ru/wp-content/uploads/revslider/templates/solar-system-showcase-slider/slide7.jpg&path=/var/www/iq22073873/data/www/bckln.ru/wp-content/uploads/revslider/templates/solar-system-showcase-slider HTTP/1.0" 200 13149 "-" "Mozilla/5.0 AppleWebKit/537.36 (KHTML, like Gecko; compatible; Amazonbot/0.1; +https://developer.amazon.com/support/amazonbot) Chrome/119.0.6045.214 Safari/537.36"
52.4.213.199 - - [20/Oct/2025:03:27:39 +0300] "GET /prokat/?fileloc=/var/www/iq22073873/data/www/bckln.ru/wp-content/uploads/revslider/templates/solar-system-showcase-slider/slide7.jpg&path=/var/www/iq22073873/data/www/bckln.ru/wp-content/uploads/revslider/templates/solar-system-showcase-slider HTTP/1.1" 200 13177 "-" "Mozilla/5.0 AppleWebKit/537.36 (KHTML, like Gecko; compatible; Amazonbot/0.1; +https://developer.amazon.com/support/amazonbot) Chrome/119.0.6045.214 Safari/537.36"
20.171.207.28 - - [20/Oct/2025:03:27:40 +0300] "GET /pages.php?_bd_prev_page=https://bckln.ru/collect.aspx?040008405.htm&_bdsid=8i31wb.n~FBOZA.171882992.173951532&_gz=2.198475681.196329788.172254536-860287671.160667979 HTTP/1.0" 200 85439 "-" "Mozilla/5.0 AppleWebKit/537.36 (KHTML, like Gecko; compatible; GPTBot/1.2; +https://openai.com/gptbot)"
20.171.207.28 - - [20/Oct/2025:03:27:42 +0300] "GET /pages.php?_bd_prev_page=https://bckln.ru/collect.aspx?040008405.htm&_bdsid=8i31wb.n~FBOZA.171882992.173951532&_gz=2.198475681.196329788.172254536-860287671.160667979 HTTP/1.1" 200 85539 "-" "Mozilla/5.0 AppleWebKit/537.36 (KHTML, like Gecko; compatible; GPTBot/1.2; +https://openai.com/gptbot)"
20.171.207.28 - - [20/Oct/2025:03:27:43 +0300] "GET /pages.php?_bd_prev_page=https://bckln.ru/collect.aspx?065020528.htm&_bdsid=8i31wb.n~FBOZA.171882992.173951532&_gz=2.198475681.196329788.172254536-860287671.160667979 HTTP/1.0" 200 76978 "-" "Mozilla/5.0 AppleWebKit/537.36 (KHTML, like Gecko; compatible; GPTBot/1.2; +https://openai.com/gptbot)"
20.171.207.28 - - [20/Oct/2025:03:27:44 +0300] "GET /pages.php?_bd_prev_page=https://bckln.ru/collect.aspx?065020528.htm&_bdsid=8i31wb.n~FBOZA.171882992.173951532&_gz=2.198475681.196329788.172254536-860287671.160667979 HTTP/1.1" 200 77070 "-" "Mozilla/5.0 AppleWebKit/537.36 (KHTML, like Gecko; compatible; GPTBot/1.2; +https://openai.com/gptbot)"
18.235.81.246 - - [20/Oct/2025:03:27:44 +0300] "GET /?fileloc=/var/www/iq22073873/data/www/bckln.ru/wp-content/uploads/revslider/templates/ourteam/slide7.jpg&path=/var/www/iq22073873/data/www/bckln.ru/wp-content/uploads/revslider/templates/ourteam HTTP/1.0" 200 13086 "-" "Mozilla/5.0 AppleWebKit/537.36 (KHTML, like Gecko; compatible; Amazonbot/0.1; +https://developer.amazon.com/support/amazonbot) Chrome/119.0.6045.214 Safari/537.36"
18.235.81.246 - - [20/Oct/2025:03:27:45 +0300] "GET /?fileloc=/var/www/iq22073873/data/www/bckln.ru/wp-content/uploads/revslider/templates/ourteam/slide7.jpg&path=/var/www/iq22073873/data/www/bckln.ru/wp-content/uploads/revslider/templates/ourteam HTTP/1.1" 200 13114 "-" "Mozilla/5.0 AppleWebKit/537.36 (KHTML, like Gecko; compatible; Amazonbot/0.1; +https://developer.amazon.com/support/amazonbot) Chrome/119.0.6045.214 Safari/537.36"
54.156.124.2 - - [20/Oct/2025:03:27:47 +0300] "GET /?fileloc=/var/www/iq22073873/data/www/bckln.ru/wp-content/uploads/revslider/templates/ourteam/slide5.jpg&path=/var/www/iq22073873/data/www/bckln.ru/wp-content/uploads/revslider/templates/ourteam HTTP/1.0" 200 13086 "-" "Mozilla/5.0 AppleWebKit/537.36 (KHTML, like Gecko; compatible; Amazonbot/0.1; +https://developer.amazon.com/support/amazonbot) Chrome/119.0.6045.214 Safari/537.36"
54.156.124.2 - - [20/Oct/2025:03:27:47 +0300] "GET /?fileloc=/var/www/iq22073873/data/www/bckln.ru/wp-content/uploads/revslider/templates/ourteam/slide5.jpg&path=/var/www/iq22073873/data/www/bckln.ru/wp-content/uploads/revslider/templates/ourteam HTTP/1.1" 200 13114 "-" "Mozilla/5.0 AppleWebKit/537.36 (KHTML, like Gecko; compatible; Amazonbot/0.1; +https://developer.amazon.com/support/amazonbot) Chrome/119.0.6045.214 Safari/537.36"
20.171.207.28 - - [20/Oct/2025:03:27:47 +0300] "GET /pages.php?_bd_prev_page=https://bckln.ru/collect.aspx?040008403.htm&_bdsid=8i31wb.n~FBOZA.171882992.173951532&_gz=2.198475681.196329788.172254536-860287671.160667979 HTTP/1.0" 200 75189 "-" "Mozilla/5.0 AppleWebKit/537.36 (KHTML, like Gecko; compatible; GPTBot/1.2; +https://openai.com/gptbot)"
20.171.207.28 - - [20/Oct/2025:03:27:48 +0300] "GET /pages.php?_bd_prev_page=https://bckln.ru/collect.aspx?040008403.htm&_bdsid=8i31wb.n~FBOZA.171882992.173951532&_gz=2.198475681.196329788.172254536-860287671.160667979 HTTP/1.1" 200 75281 "-" "Mozilla/5.0 AppleWebKit/537.36 (KHTML, like Gecko; compatible; GPTBot/1.2; +https://openai.com/gptbot)"
20.171.207.28 - - [20/Oct/2025:03:27:50 +0300] "GET /pages.php?_bd_prev_page=https://bckln.ru/collect.aspx?065004920.htm&_bdsid=8i31wb.n~FBOZA.171882992.173951532&_gz=2.198475681.196329788.172254536-860287671.160667979 HTTP/1.0" 200 79157 "-" "Mozilla/5.0 AppleWebKit/537.36 (KHTML, like Gecko; compatible; GPTBot/1.2; +https://openai.com/gptbot)"
20.171.207.28 - - [20/Oct/2025:03:27:51 +0300] "GET /pages.php?_bd_prev_page=https://bckln.ru/collect.aspx?065004920.htm&_bdsid=8i31wb.n~FBOZA.171882992.173951532&_gz=2.198475681.196329788.172254536-860287671.160667979 HTTP/1.1" 200 79257 "-" "Mozilla/5.0 AppleWebKit/537.36 (KHTML, like Gecko; compatible; GPTBot/1.2; +https://openai.com/gptbot)"
34.236.135.14 - - [20/Oct/2025:03:27:51 +0300] "GET /?fileloc=/var/www/iq22073873/data/www/bckln.ru/wp-content/uploads/revslider/templates/wood-art-one-page-gallery1/slide3.jpg&path=/var/www/iq22073873/data/www/bckln.ru/wp-content/uploads/revslider/templates/wood-art-one-page-gallery1 HTTP/1.0" 200 13143 "-" "Mozilla/5.0 AppleWebKit/537.36 (KHTML, like Gecko; compatible; Amazonbot/0.1; +https://developer.amazon.com/support/amazonbot) Chrome/119.0.6045.214 Safari/537.36"
34.236.135.14 - - [20/Oct/2025:03:27:51 +0300] "GET /?fileloc=/var/www/iq22073873/data/www/bckln.ru/wp-content/uploads/revslider/templates/wood-art-one-page-gallery1/slide3.jpg&path=/var/www/iq22073873/data/www/bckln.ru/wp-content/uploads/revslider/templates/wood-art-one-page-gallery1 HTTP/1.1" 200 13171 "-" "Mozilla/5.0 AppleWebKit/537.36 (KHTML, like Gecko; compatible; Amazonbot/0.1; +https://developer.amazon.com/support/amazonbot) Chrome/119.0.6045.214 Safari/537.36"
66.249.76.167 - - [20/Oct/2025:03:27:48 +0300] "GET /ancient228?kg=41507 HTTP/1.0" 200 553206 "-" "Mozilla/5.0 (Linux; Android 6.0.1; Nexus 5X Build/MMB29P) AppleWebKit/537.36 (KHTML, like Gecko) Chrome/140.0.7339.207 Mobile Safari/537.36 (compatible; Googlebot/2.1; +http://www.google.com/bot.html)"
66.249.76.167 - - [20/Oct/2025:03:27:52 +0300] "GET /ancient228?kg=41507 HTTP/1.1" 200 553376 "-" "Mozilla/5.0 (Linux; Android 6.0.1; Nexus 5X Build/MMB29P) AppleWebKit/537.36 (KHTML, like Gecko) Chrome/140.0.7339.207 Mobile Safari/537.36 (compatible; Googlebot/2.1; +http://www.google.com/bot.html)"
20.171.207.28 - - [20/Oct/2025:03:27:53 +0300] "GET /pages.php?_bd_prev_page=https://bckln.ru/collect.aspx?product/Soviet58?c=g&_bdsid=8i31wb.n~FBOZA.171882992.173951532&_gz=2.198475681.196329788.172254536-860287671.160667979&l=754 HTTP/1.0" 200 87356 "-" "Mozilla/5.0 AppleWebKit/537.36 (KHTML, like Gecko; compatible; GPTBot/1.2; +https://openai.com/gptbot)"
20.171.207.28 - - [20/Oct/2025:03:27:54 +0300] "GET /pages.php?_bd_prev_page=https://bckln.ru/collect.aspx?product/Soviet58?c=g&_bdsid=8i31wb.n~FBOZA.171882992.173951532&_gz=2.198475681.196329788.172254536-860287671.160667979&l=754 HTTP/1.1" 200 87449 "-" "Mozilla/5.0 AppleWebKit/537.36 (KHTML, like Gecko; compatible; GPTBot/1.2; +https://openai.com/gptbot)"
3.218.35.239 - - [20/Oct/2025:03:27:55 +0300] "GET /?fileloc=/var/www/iq22073873/data/www/bckln.ru/wp-content/uploads/revslider/templates/niceandclean_video/slide1.jpg&path=/var/www/iq22073873/data/www/bckln.ru/wp-content/uploads/revslider/templates/niceandclean_video HTTP/1.0" 200 13119 "-" "Mozilla/5.0 AppleWebKit/537.36 (KHTML, like Gecko; compatible; Amazonbot/0.1; +https://developer.amazon.com/support/amazonbot) Chrome/119.0.6045.214 Safari/537.36"
3.218.35.239 - - [20/Oct/2025:03:27:55 +0300] "GET /?fileloc=/var/www/iq22073873/data/www/bckln.ru/wp-content/uploads/revslider/templates/niceandclean_video/slide1.jpg&path=/var/www/iq22073873/data/www/bckln.ru/wp-content/uploads/revslider/templates/niceandclean_video HTTP/1.1" 200 13147 "-" "Mozilla/5.0 AppleWebKit/537.36 (KHTML, like Gecko; compatible; Amazonbot/0.1; +https://developer.amazon.com/support/amazonbot) Chrome/119.0.6045.214 Safari/537.36"
20.171.207.28 - - [20/Oct/2025:03:27:56 +0300] "GET /pages.php?_bd_prev_page=https://bckln.ru/collect.aspx?040035965.htm&_bdsid=8i31wb.n~FBOZA.171882992.173951532&_gz=2.198475681.196329788.172254536-860287671.160667979 HTTP/1.0" 200 78735 "-" "Mozilla/5.0 AppleWebKit/537.36 (KHTML, like Gecko; compatible; GPTBot/1.2; +https://openai.com/gptbot)"
20.171.207.28 - - [20/Oct/2025:03:27:57 +0300] "GET /pages.php?_bd_prev_page=https://bckln.ru/collect.aspx?040035965.htm&_bdsid=8i31wb.n~FBOZA.171882992.173951532&_gz=2.198475681.196329788.172254536-860287671.160667979 HTTP/1.1" 200 78835 "-" "Mozilla/5.0 AppleWebKit/537.36 (KHTML, like Gecko; compatible; GPTBot/1.2; +https://openai.com/gptbot)"
100.28.57.133 - - [20/Oct/2025:03:27:59 +0300] "GET /?fileloc=/var/www/iq22073873/data/www/bckln.ru/wp-content/uploads/revslider/templates/themeplicity_contactform/slide1.jpg&path=/var/www/iq22073873/data/www/bckln.ru/wp-content/uploads/revslider/templates/themeplicity_contactform HTTP/1.0" 200 13137 "-" "Mozilla/5.0 AppleWebKit/537.36 (KHTML, like Gecko; compatible; Amazonbot/0.1; +https://developer.amazon.com/support/amazonbot) Chrome/119.0.6045.214 Safari/537.36"
100.28.57.133 - - [20/Oct/2025:03:27:59 +0300] "GET /?fileloc=/var/www/iq22073873/data/www/bckln.ru/wp-content/uploads/revslider/templates/themeplicity_contactform/slide1.jpg&path=/var/www/iq22073873/data/www/bckln.ru/wp-content/uploads/revslider/templates/themeplicity_contactform HTTP/1.1" 200 13165 "-" "Mozilla/5.0 AppleWebKit/537.36 (KHTML, like Gecko; compatible; Amazonbot/0.1; +https://developer.amazon.com/support/amazonbot) Chrome/119.0.6045.214 Safari/537.36"
20.171.207.28 - - [20/Oct/2025:03:27:59 +0300] "GET /pages.php?_bd_prev_page=https://bckln.ru/collect.aspx?product/tribe32?c=g&_bdsid=8i31wb.n~FBOZA.171882992.173951532&_gz=2.198475681.196329788.172254536-860287671.160667979&l=24680 HTTP/1.0" 200 79325 "-" "Mozilla/5.0 AppleWebKit/537.36 (KHTML, like Gecko; compatible; GPTBot/1.2; +https://openai.com/gptbot)"
20.171.207.28 - - [20/Oct/2025:03:28:00 +0300] "GET /pages.php?_bd_prev_page=https://bckln.ru/collect.aspx?product/tribe32?c=g&_bdsid=8i31wb.n~FBOZA.171882992.173951532&_gz=2.198475681.196329788.172254536-860287671.160667979&l=24680 HTTP/1.1" 200 79425 "-" "Mozilla/5.0 AppleWebKit/537.36 (KHTML, like Gecko; compatible; GPTBot/1.2; +https://openai.com/gptbot)"
20.171.207.28 - - [20/Oct/2025:03:28:02 +0300] "GET /pages.php?_bd_prev_page=https://bckln.ru/collect.aspx?product/pay6?c=g&_bdsid=8i31wb.n~FBOZA.171882992.173951532&_gz=2.198475681.196329788.172254536-860287671.160667979&l=788 HTTP/1.0" 200 81112 "-" "Mozilla/5.0 AppleWebKit/537.36 (KHTML, like Gecko; compatible; GPTBot/1.2; +https://openai.com/gptbot)"
20.171.207.28 - - [20/Oct/2025:03:28:03 +0300] "GET /pages.php?_bd_prev_page=https://bckln.ru/collect.aspx?product/pay6?c=g&_bdsid=8i31wb.n~FBOZA.171882992.173951532&_gz=2.198475681.196329788.172254536-860287671.160667979&l=788 HTTP/1.1" 200 81205 "-" "Mozilla/5.0 AppleWebKit/537.36 (KHTML, like Gecko; compatible; GPTBot/1.2; +https://openai.com/gptbot)"
20.171.207.28 - - [20/Oct/2025:03:28:05 +0300] "GET /pages.php?_bd_prev_page=https://bckln.ru/collect.aspx?product/sight16?c=g&_bdsid=8i31wb.n~FBOZA.171882992.173951532&_gz=2.198475681.196329788.172254536-860287671.160667979&l=23964 HTTP/1.0" 200 86047 "-" "Mozilla/5.0 AppleWebKit/537.36 (KHTML, like Gecko; compatible; GPTBot/1.2; +https://openai.com/gptbot)"
20.171.207.28 - - [20/Oct/2025:03:28:06 +0300] "GET /pages.php?_bd_prev_page=https://bckln.ru/collect.aspx?product/sight16?c=g&_bdsid=8i31wb.n~FBOZA.171882992.173951532&_gz=2.198475681.196329788.172254536-860287671.160667979&l=23964 HTTP/1.1" 200 86154 "-" "Mozilla/5.0 AppleWebKit/537.36 (KHTML, like Gecko; compatible; GPTBot/1.2; +https://openai.com/gptbot)"
20.171.207.28 - - [20/Oct/2025:03:28:09 +0300] "GET /pages.php?_bd_prev_page=https://bckln.ru/collect.aspx?product/cure88?c=g&_bdsid=8i31wb.n~FBOZA.171882992.173951532&_gz=2.198475681.196329788.172254536-860287671.160667979&l=110 HTTP/1.0" 200 77379 "-" "Mozilla/5.0 AppleWebKit/537.36 (KHTML, like Gecko; compatible; GPTBot/1.2; +https://openai.com/gptbot)"
20.171.207.28 - - [20/Oct/2025:03:28:10 +0300] "GET /pages.php?_bd_prev_page=https://bckln.ru/collect.aspx?product/cure88?c=g&_bdsid=8i31wb.n~FBOZA.171882992.173951532&_gz=2.198475681.196329788.172254536-860287671.160667979&l=110 HTTP/1.1" 200 77471 "-" "Mozilla/5.0 AppleWebKit/537.36 (KHTML, like Gecko; compatible; GPTBot/1.2; +https://openai.com/gptbot)"
20.171.207.28 - - [20/Oct/2025:03:28:12 +0300] "GET /pages.php?l=24038&product/importantly24?c=g HTTP/1.0" 200 77684 "-" "Mozilla/5.0 AppleWebKit/537.36 (KHTML, like Gecko; compatible; GPTBot/1.2; +https://openai.com/gptbot)"
20.171.207.28 - - [20/Oct/2025:03:28:13 +0300] "GET /pages.php?l=24038&product/importantly24?c=g HTTP/1.1" 200 77783 "-" "Mozilla/5.0 AppleWebKit/537.36 (KHTML, like Gecko; compatible; GPTBot/1.2; +https://openai.com/gptbot)"
20.171.207.28 - - [20/Oct/2025:03:28:15 +0300] "GET /pages.php?_bd_prev_page=https://bckln.ru/collect.aspx?040020903.htm&_bdsid=8i31wb.n~FBOZA.171882992.173951532&_gz=2.198475681.196329788.172254536-860287671.160667979 HTTP/1.0" 200 92802 "-" "Mozilla/5.0 AppleWebKit/537.36 (KHTML, like Gecko; compatible; GPTBot/1.2; +https://openai.com/gptbot)"
20.171.207.28 - - [20/Oct/2025:03:28:16 +0300] "GET /pages.php?_bd_prev_page=https://bckln.ru/collect.aspx?040020903.htm&_bdsid=8i31wb.n~FBOZA.171882992.173951532&_gz=2.198475681.196329788.172254536-860287671.160667979 HTTP/1.1" 200 92910 "-" "Mozilla/5.0 AppleWebKit/537.36 (KHTML, like Gecko; compatible; GPTBot/1.2; +https://openai.com/gptbot)"
20.171.207.28 - - [20/Oct/2025:03:28:18 +0300] "GET /pages.php?_bd_prev_page=https://bckln.ru/collect.aspx?086000827.htm&_bdsid=8i31wb.n~FBOZA.171882992.173951532&_gz=2.198475681.196329788.172254536-860287671.160667979 HTTP/1.0" 200 83370 "-" "Mozilla/5.0 AppleWebKit/537.36 (KHTML, like Gecko; compatible; GPTBot/1.2; +https://openai.com/gptbot)"
20.171.207.28 - - [20/Oct/2025:03:28:19 +0300] "GET /pages.php?_bd_prev_page=https://bckln.ru/collect.aspx?086000827.htm&_bdsid=8i31wb.n~FBOZA.171882992.173951532&_gz=2.198475681.196329788.172254536-860287671.160667979 HTTP/1.1" 200 83470 "-" "Mozilla/5.0 AppleWebKit/537.36 (KHTML, like Gecko; compatible; GPTBot/1.2; +https://openai.com/gptbot)"
20.171.207.28 - - [20/Oct/2025:03:28:21 +0300] "GET /pages.php?_bd_prev_page=https://bckln.ru/collect.aspx?product/coup99?c=g&_bdsid=8i31wb.n~FBOZA.171882992.173951532&_gz=2.198475681.196329788.172254536-860287671.160667979&l=41243 HTTP/1.0" 200 75088 "-" "Mozilla/5.0 AppleWebKit/537.36 (KHTML, like Gecko; compatible; GPTBot/1.2; +https://openai.com/gptbot)"
20.171.207.28 - - [20/Oct/2025:03:28:22 +0300] "GET /pages.php?_bd_prev_page=https://bckln.ru/collect.aspx?product/coup99?c=g&_bdsid=8i31wb.n~FBOZA.171882992.173951532&_gz=2.198475681.196329788.172254536-860287671.160667979&l=41243 HTTP/1.1" 200 75180 "-" "Mozilla/5.0 AppleWebKit/537.36 (KHTML, like Gecko; compatible; GPTBot/1.2; +https://openai.com/gptbot)"
20.171.207.28 - - [20/Oct/2025:03:28:24 +0300] "GET /pages.php?_bd_prev_page=https://bckln.ru/collect.aspx?005000574.htm&_bdsid=8i31wb.n~FBOZA.171882992.173951532&_gz=2.198475681.196329788.172254536-860287671.160667979 HTTP/1.0" 200 81730 "-" "Mozilla/5.0 AppleWebKit/537.36 (KHTML, like Gecko; compatible; GPTBot/1.2; +https://openai.com/gptbot)"
20.171.207.28 - - [20/Oct/2025:03:28:25 +0300] "GET /pages.php?_bd_prev_page=https://bckln.ru/collect.aspx?005000574.htm&_bdsid=8i31wb.n~FBOZA.171882992.173951532&_gz=2.198475681.196329788.172254536-860287671.160667979 HTTP/1.1" 200 81829 "-" "Mozilla/5.0 AppleWebKit/537.36 (KHTML, like Gecko; compatible; GPTBot/1.2; +https://openai.com/gptbot)"
63.141.249.210 - - [20/Oct/2025:03:28:27 +0300] "GET /wp-content/qq7b83be/index.php HTTP/1.1" 499 0 "https://bckln.ru/wp-content/qq7b83be/index.php" "Mozilla/5.0 (Windows NT 10.0; Win64; x64) AppleWebKit/537.36 (KHTML, like Gecko) Chrome/58.0.3029.110 Safari/537.3"
63.141.249.210 - - [20/Oct/2025:03:28:27 +0300] "GET /wp-content/qq7b83be/index.php HTTP/1.0" 200 6 "https://bckln.ru/wp-content/qq7b83be/index.php" "Mozilla/5.0 (Windows NT 10.0; Win64; x64) AppleWebKit/537.36 (KHTML, like Gecko) Chrome/58.0.3029.110 Safari/537.3"
63.141.249.210 - - [20/Oct/2025:03:28:28 +0300] "GET /wp-content/qq7b83be/index.php HTTP/1.1" 200 16 "https://bckln.ru/wp-content/qq7b83be/index.php" "Mozilla/5.0 (Windows NT 10.0; Win64; x64) AppleWebKit/537.36 (KHTML, like Gecko) Chrome/58.0.3029.110 Safari/537.3"
20.171.207.28 - - [20/Oct/2025:03:28:27 +0300] "GET /pages.php?_bd_prev_page=https://bckln.ru/collect.aspx?040013453.htm&_bdsid=8i31wb.n~FBOZA.171882992.173951532&_gz=2.198475681.196329788.172254536-860287671.160667979 HTTP/1.0" 200 87859 "-" "Mozilla/5.0 AppleWebKit/537.36 (KHTML, like Gecko; compatible; GPTBot/1.2; +https://openai.com/gptbot)"
20.171.207.28 - - [20/Oct/2025:03:28:28 +0300] "GET /pages.php?_bd_prev_page=https://bckln.ru/collect.aspx?040013453.htm&_bdsid=8i31wb.n~FBOZA.171882992.173951532&_gz=2.198475681.196329788.172254536-860287671.160667979 HTTP/1.1" 200 87967 "-" "Mozilla/5.0 AppleWebKit/537.36 (KHTML, like Gecko; compatible; GPTBot/1.2; +https://openai.com/gptbot)"
20.171.207.28 - - [20/Oct/2025:03:28:31 +0300] "GET /pages.php?_bd_prev_page=https://bckln.ru/collect.aspx?005000570.htm&_bdsid=8i31wb.n~FBOZA.171882992.173951532&_gz=2.198475681.196329788.172254536-860287671.160667979 HTTP/1.0" 200 76465 "-" "Mozilla/5.0 AppleWebKit/537.36 (KHTML, like Gecko; compatible; GPTBot/1.2; +https://openai.com/gptbot)"
20.171.207.28 - - [20/Oct/2025:03:28:32 +0300] "GET /pages.php?_bd_prev_page=https://bckln.ru/collect.aspx?005000570.htm&_bdsid=8i31wb.n~FBOZA.171882992.173951532&_gz=2.198475681.196329788.172254536-860287671.160667979 HTTP/1.1" 200 76557 "-" "Mozilla/5.0 AppleWebKit/537.36 (KHTML, like Gecko; compatible; GPTBot/1.2; +https://openai.com/gptbot)"
20.171.207.28 - - [20/Oct/2025:03:28:34 +0300] "GET /pages.php?_bd_prev_page=https://bckln.ru/collect.aspx?product/icon86?c=g&_bdsid=8i31wb.n~FBOZA.171882992.173951532&_gz=2.198475681.196329788.172254536-860287671.160667979&l=13892 HTTP/1.0" 200 74776 "-" "Mozilla/5.0 AppleWebKit/537.36 (KHTML, like Gecko; compatible; GPTBot/1.2; +https://openai.com/gptbot)"
20.171.207.28 - - [20/Oct/2025:03:28:35 +0300] "GET /pages.php?_bd_prev_page=https://bckln.ru/collect.aspx?product/icon86?c=g&_bdsid=8i31wb.n~FBOZA.171882992.173951532&_gz=2.198475681.196329788.172254536-860287671.160667979&l=13892 HTTP/1.1" 200 74868 "-" "Mozilla/5.0 AppleWebKit/537.36 (KHTML, like Gecko; compatible; GPTBot/1.2; +https://openai.com/gptbot)"
20.171.207.28 - - [20/Oct/2025:03:28:37 +0300] "GET /pages.php?_bd_prev_page=https://bckln.ru/collect.aspx?024024033.htm&_bdsid=8i31wb.n~FBOZA.171882992.173951532&_gz=2.198475681.196329788.172254536-860287671.160667979 HTTP/1.0" 200 82519 "-" "Mozilla/5.0 AppleWebKit/537.36 (KHTML, like Gecko; compatible; GPTBot/1.2; +https://openai.com/gptbot)"
20.171.207.28 - - [20/Oct/2025:03:28:38 +0300] "GET /pages.php?_bd_prev_page=https://bckln.ru/collect.aspx?024024033.htm&_bdsid=8i31wb.n~FBOZA.171882992.173951532&_gz=2.198475681.196329788.172254536-860287671.160667979 HTTP/1.1" 200 82612 "-" "Mozilla/5.0 AppleWebKit/537.36 (KHTML, like Gecko; compatible; GPTBot/1.2; +https://openai.com/gptbot)"
20.171.207.28 - - [20/Oct/2025:03:28:40 +0300] "GET /pages.php?_bd_prev_page=https://bckln.ru/collect.aspx?043048030.htm&_bdsid=8i31wb.n~FBOZA.171882992.173951532&_gz=2.198475681.196329788.172254536-860287671.160667979 HTTP/1.0" 200 82998 "-" "Mozilla/5.0 AppleWebKit/537.36 (KHTML, like Gecko; compatible; GPTBot/1.2; +https://openai.com/gptbot)"
20.171.207.28 - - [20/Oct/2025:03:28:41 +0300] "GET /pages.php?_bd_prev_page=https://bckln.ru/collect.aspx?043048030.htm&_bdsid=8i31wb.n~FBOZA.171882992.173951532&_gz=2.198475681.196329788.172254536-860287671.160667979 HTTP/1.1" 200 83091 "-" "Mozilla/5.0 AppleWebKit/537.36 (KHTML, like Gecko; compatible; GPTBot/1.2; +https://openai.com/gptbot)"
20.171.207.28 - - [20/Oct/2025:03:28:43 +0300] "GET /pages.php?_bd_prev_page=https://bckln.ru/collect.aspx?product/urge40?c=g&_bdsid=8i31wb.n~FBOZA.171882992.173951532&_gz=2.198475681.196329788.172254536-860287671.160667979&l=20840 HTTP/1.0" 200 84060 "-" "Mozilla/5.0 AppleWebKit/537.36 (KHTML, like Gecko; compatible; GPTBot/1.2; +https://openai.com/gptbot)"
20.171.207.28 - - [20/Oct/2025:03:28:44 +0300] "GET /pages.php?_bd_prev_page=https://bckln.ru/collect.aspx?product/urge40?c=g&_bdsid=8i31wb.n~FBOZA.171882992.173951532&_gz=2.198475681.196329788.172254536-860287671.160667979&l=20840 HTTP/1.1" 200 84160 "-" "Mozilla/5.0 AppleWebKit/537.36 (KHTML, like Gecko; compatible; GPTBot/1.2; +https://openai.com/gptbot)"
20.171.207.28 - - [20/Oct/2025:03:28:47 +0300] "GET /pages.php?_bd_prev_page=https://bckln.ru/collect.aspx?005000562.htm&_bdsid=8i31wb.n~FBOZA.171882992.173951532&_gz=2.198475681.196329788.172254536-860287671.160667979 HTTP/1.0" 200 74723 "-" "Mozilla/5.0 AppleWebKit/537.36 (KHTML, like Gecko; compatible; GPTBot/1.2; +https://openai.com/gptbot)"
20.171.207.28 - - [20/Oct/2025:03:28:48 +0300] "GET /pages.php?_bd_prev_page=https://bckln.ru/collect.aspx?005000562.htm&_bdsid=8i31wb.n~FBOZA.171882992.173951532&_gz=2.198475681.196329788.172254536-860287671.160667979 HTTP/1.1" 200 74815 "-" "Mozilla/5.0 AppleWebKit/537.36 (KHTML, like Gecko; compatible; GPTBot/1.2; +https://openai.com/gptbot)"
20.171.207.28 - - [20/Oct/2025:03:28:50 +0300] "GET /pages.php?_bd_prev_page=https://bckln.ru/collect.aspx?product/reader66?c=g&_bdsid=8i31wb.n~FBOZA.171882992.173951532&_gz=2.198475681.196329788.172254536-860287671.160667979&l=748 HTTP/1.0" 200 76871 "-" "Mozilla/5.0 AppleWebKit/537.36 (KHTML, like Gecko; compatible; GPTBot/1.2; +https://openai.com/gptbot)"
20.171.207.28 - - [20/Oct/2025:03:28:51 +0300] "GET /pages.php?_bd_prev_page=https://bckln.ru/collect.aspx?product/reader66?c=g&_bdsid=8i31wb.n~FBOZA.171882992.173951532&_gz=2.198475681.196329788.172254536-860287671.160667979&l=748 HTTP/1.1" 200 76963 "-" "Mozilla/5.0 AppleWebKit/537.36 (KHTML, like Gecko; compatible; GPTBot/1.2; +https://openai.com/gptbot)"
20.171.207.28 - - [20/Oct/2025:03:28:53 +0300] "GET /pages.php?_bd_prev_page=https://bckln.ru/collect.aspx?024033969.htm&_bdsid=8i31wb.n~FBOZA.171882992.173951532&_gz=2.198475681.196329788.172254536-860287671.160667979 HTTP/1.0" 200 81695 "-" "Mozilla/5.0 AppleWebKit/537.36 (KHTML, like Gecko; compatible; GPTBot/1.2; +https://openai.com/gptbot)"
20.171.207.28 - - [20/Oct/2025:03:28:54 +0300] "GET /pages.php?_bd_prev_page=https://bckln.ru/collect.aspx?024033969.htm&_bdsid=8i31wb.n~FBOZA.171882992.173951532&_gz=2.198475681.196329788.172254536-860287671.160667979 HTTP/1.1" 200 81795 "-" "Mozilla/5.0 AppleWebKit/537.36 (KHTML, like Gecko; compatible; GPTBot/1.2; +https://openai.com/gptbot)"
20.171.207.28 - - [20/Oct/2025:03:28:56 +0300] "GET /pages.php?_bd_prev_page=https://bckln.ru/collect.aspx?product/seed65?c=g&_bdsid=8i31wb.n~FBOZA.171882992.173951532&_gz=2.198475681.196329788.172254536-860287671.160667979&l=29161 HTTP/1.0" 200 84285 "-" "Mozilla/5.0 AppleWebKit/537.36 (KHTML, like Gecko; compatible; GPTBot/1.2; +https://openai.com/gptbot)"
20.171.207.28 - - [20/Oct/2025:03:28:57 +0300] "GET /pages.php?_bd_prev_page=https://bckln.ru/collect.aspx?product/seed65?c=g&_bdsid=8i31wb.n~FBOZA.171882992.173951532&_gz=2.198475681.196329788.172254536-860287671.160667979&l=29161 HTTP/1.1" 200 84385 "-" "Mozilla/5.0 AppleWebKit/537.36 (KHTML, like Gecko; compatible; GPTBot/1.2; +https://openai.com/gptbot)"
20.171.207.28 - - [20/Oct/2025:03:28:59 +0300] "GET /pages.php?l=565&product/sculpture5?c=g HTTP/1.0" 200 81617 "-" "Mozilla/5.0 AppleWebKit/537.36 (KHTML, like Gecko; compatible; GPTBot/1.2; +https://openai.com/gptbot)"
20.171.207.28 - - [20/Oct/2025:03:29:00 +0300] "GET /pages.php?l=565&product/sculpture5?c=g HTTP/1.1" 200 81710 "-" "Mozilla/5.0 AppleWebKit/537.36 (KHTML, like Gecko; compatible; GPTBot/1.2; +https://openai.com/gptbot)"
20.171.207.28 - - [20/Oct/2025:03:29:02 +0300] "GET /pages.php?_bd_prev_page=https://bckln.ru/collect.aspx?product/added5?c=g&_bdsid=8i31wb.n~FBOZA.171882992.173951532&_gz=2.198475681.196329788.172254536-860287671.160667979&l=557 HTTP/1.0" 200 74403 "-" "Mozilla/5.0 AppleWebKit/537.36 (KHTML, like Gecko; compatible; GPTBot/1.2; +https://openai.com/gptbot)"
20.171.207.28 - - [20/Oct/2025:03:29:03 +0300] "GET /pages.php?_bd_prev_page=https://bckln.ru/collect.aspx?product/added5?c=g&_bdsid=8i31wb.n~FBOZA.171882992.173951532&_gz=2.198475681.196329788.172254536-860287671.160667979&l=557 HTTP/1.1" 200 74495 "-" "Mozilla/5.0 AppleWebKit/537.36 (KHTML, like Gecko; compatible; GPTBot/1.2; +https://openai.com/gptbot)"
20.171.207.28 - - [20/Oct/2025:03:29:06 +0300] "GET /pages.php?_bd_prev_page=https://bckln.ru/collect.aspx?product/major61?c=g&_bdsid=8i31wb.n~FBOZA.171882992.173951532&_gz=2.198475681.196329788.172254536-860287671.160667979&l=20099 HTTP/1.0" 200 80017 "-" "Mozilla/5.0 AppleWebKit/537.36 (KHTML, like Gecko; compatible; GPTBot/1.2; +https://openai.com/gptbot)"
20.171.207.28 - - [20/Oct/2025:03:29:06 +0300] "GET /pages.php?_bd_prev_page=https://bckln.ru/collect.aspx?product/major61?c=g&_bdsid=8i31wb.n~FBOZA.171882992.173951532&_gz=2.198475681.196329788.172254536-860287671.160667979&l=20099 HTTP/1.1" 200 80117 "-" "Mozilla/5.0 AppleWebKit/537.36 (KHTML, like Gecko; compatible; GPTBot/1.2; +https://openai.com/gptbot)"
20.171.207.28 - - [20/Oct/2025:03:29:09 +0300] "GET /pages.php?_bd_prev_page=https://bckln.ru/collect.aspx?product/garden65?c=g&_bdsid=8i31wb.n~FBOZA.171882992.173951532&_gz=2.198475681.196329788.172254536-860287671.160667979&l=29169 HTTP/1.0" 200 77571 "-" "Mozilla/5.0 AppleWebKit/537.36 (KHTML, like Gecko; compatible; GPTBot/1.2; +https://openai.com/gptbot)"
20.171.207.28 - - [20/Oct/2025:03:29:10 +0300] "GET /pages.php?_bd_prev_page=https://bckln.ru/collect.aspx?product/garden65?c=g&_bdsid=8i31wb.n~FBOZA.171882992.173951532&_gz=2.198475681.196329788.172254536-860287671.160667979&l=29169 HTTP/1.1" 200 77663 "-" "Mozilla/5.0 AppleWebKit/537.36 (KHTML, like Gecko; compatible; GPTBot/1.2; +https://openai.com/gptbot)"
45.150.238.5 - - [20/Oct/2025:03:29:10 +0300] "GET / HTTP/1.0" 200 69659 "-" "Zabbix"
45.150.238.5 - - [20/Oct/2025:03:29:12 +0300] "GET / HTTP/1.1" 200 69742 "-" "Zabbix"
20.171.207.28 - - [20/Oct/2025:03:29:12 +0300] "GET /pages.php?_bd_prev_page=https://bckln.ru/collect.aspx?028012981.htm&_bdsid=8i31wb.n~FBOZA.171882992.173951532&_gz=2.198475681.196329788.172254536-860287671.160667979 HTTP/1.0" 200 72982 "-" "Mozilla/5.0 AppleWebKit/537.36 (KHTML, like Gecko; compatible; GPTBot/1.2; +https://openai.com/gptbot)"
20.171.207.28 - - [20/Oct/2025:03:29:13 +0300] "GET /pages.php?_bd_prev_page=https://bckln.ru/collect.aspx?028012981.htm&_bdsid=8i31wb.n~FBOZA.171882992.173951532&_gz=2.198475681.196329788.172254536-860287671.160667979 HTTP/1.1" 200 73066 "-" "Mozilla/5.0 AppleWebKit/537.36 (KHTML, like Gecko; compatible; GPTBot/1.2; +https://openai.com/gptbot)"
173.208.176.202 - - [20/Oct/2025:03:27:23 +0300] "GET /wp-includes/im763f02/edit.php?id=172474 HTTP/1.0" 200 - "https://bckln.ru/wp-includes/im763f02/edit.php?id=172474" "Mozilla/5.0 (Windows NT 10.0; Win64; x64) AppleWebKit/537.36 (KHTML, like Gecko) Chrome/58.0.3029.110 Safari/537.3"
20.171.207.28 - - [20/Oct/2025:03:29:15 +0300] "GET /pages.php?_bd_prev_page=https://bckln.ru/collect.aspx?028012875.htm&_bdsid=8i31wb.n~FBOZA.171882992.173951532&_gz=2.198475681.196329788.172254536-860287671.160667979 HTTP/1.0" 200 77438 "-" "Mozilla/5.0 AppleWebKit/537.36 (KHTML, like Gecko; compatible; GPTBot/1.2; +https://openai.com/gptbot)"
20.171.207.28 - - [20/Oct/2025:03:29:16 +0300] "GET /pages.php?_bd_prev_page=https://bckln.ru/collect.aspx?028012875.htm&_bdsid=8i31wb.n~FBOZA.171882992.173951532&_gz=2.198475681.196329788.172254536-860287671.160667979 HTTP/1.1" 200 77530 "-" "Mozilla/5.0 AppleWebKit/537.36 (KHTML, like Gecko; compatible; GPTBot/1.2; +https://openai.com/gptbot)"
20.171.207.28 - - [20/Oct/2025:03:29:18 +0300] "GET /pages.php?_bd_prev_page=https://bckln.ru/collect.aspx?024033697.htm&_bdsid=8i31wb.n~FBOZA.171882992.173951532&_gz=2.198475681.196329788.172254536-860287671.160667979 HTTP/1.0" 200 73206 "-" "Mozilla/5.0 AppleWebKit/537.36 (KHTML, like Gecko; compatible; GPTBot/1.2; +https://openai.com/gptbot)"
20.171.207.28 - - [20/Oct/2025:03:29:19 +0300] "GET /pages.php?_bd_prev_page=https://bckln.ru/collect.aspx?024033697.htm&_bdsid=8i31wb.n~FBOZA.171882992.173951532&_gz=2.198475681.196329788.172254536-860287671.160667979 HTTP/1.1" 200 73290 "-" "Mozilla/5.0 AppleWebKit/537.36 (KHTML, like Gecko; compatible; GPTBot/1.2; +https://openai.com/gptbot)"
20.171.207.28 - - [20/Oct/2025:03:29:21 +0300] "GET /pages.php?_bd_prev_page=https://bckln.ru/collect.aspx?074000925.htm&_bdsid=8i31wb.n~FBOZA.171882992.173951532&_gz=2.198475681.196329788.172254536-860287671.160667979 HTTP/1.0" 200 72337 "-" "Mozilla/5.0 AppleWebKit/537.36 (KHTML, like Gecko; compatible; GPTBot/1.2; +https://openai.com/gptbot)"
20.171.207.28 - - [20/Oct/2025:03:29:22 +0300] "GET /pages.php?_bd_prev_page=https://bckln.ru/collect.aspx?074000925.htm&_bdsid=8i31wb.n~FBOZA.171882992.173951532&_gz=2.198475681.196329788.172254536-860287671.160667979 HTTP/1.1" 200 72421 "-" "Mozilla/5.0 AppleWebKit/537.36 (KHTML, like Gecko; compatible; GPTBot/1.2; +https://openai.com/gptbot)"
20.171.207.28 - - [20/Oct/2025:03:29:24 +0300] "GET /pages.php?_bd_prev_page=https://bckln.ru/collect.aspx?074000921.htm&_bdsid=8i31wb.n~FBOZA.171882992.173951532&_gz=2.198475681.196329788.172254536-860287671.160667979 HTTP/1.0" 200 75992 "-" "Mozilla/5.0 AppleWebKit/537.36 (KHTML, like Gecko; compatible; GPTBot/1.2; +https://openai.com/gptbot)"
20.171.207.28 - - [20/Oct/2025:03:29:25 +0300] "GET /pages.php?_bd_prev_page=https://bckln.ru/collect.aspx?074000921.htm&_bdsid=8i31wb.n~FBOZA.171882992.173951532&_gz=2.198475681.196329788.172254536-860287671.160667979 HTTP/1.1" 200 76084 "-" "Mozilla/5.0 AppleWebKit/537.36 (KHTML, like Gecko; compatible; GPTBot/1.2; +https://openai.com/gptbot)"
20.171.207.28 - - [20/Oct/2025:03:29:27 +0300] "GET /pages.php?_bd_prev_page=https://bckln.ru/collect.aspx?082008583.htm&_bdsid=8i31wb.n~FBOZA.171882992.173951532&_gz=2.198475681.196329788.172254536-860287671.160667979 HTTP/1.0" 200 86779 "-" "Mozilla/5.0 AppleWebKit/537.36 (KHTML, like Gecko; compatible; GPTBot/1.2; +https://openai.com/gptbot)"
20.171.207.28 - - [20/Oct/2025:03:29:28 +0300] "GET /pages.php?_bd_prev_page=https://bckln.ru/collect.aspx?082008583.htm&_bdsid=8i31wb.n~FBOZA.171882992.173951532&_gz=2.198475681.196329788.172254536-860287671.160667979 HTTP/1.1" 200 86887 "-" "Mozilla/5.0 AppleWebKit/537.36 (KHTML, like Gecko; compatible; GPTBot/1.2; +https://openai.com/gptbot)"
20.171.207.28 - - [20/Oct/2025:03:29:31 +0300] "GET /pages.php?_bd_prev_page=https://bckln.ru/collect.aspx?024013343.htm&_bdsid=8i31wb.n~FBOZA.171882992.173951532&_gz=2.198475681.196329788.172254536-860287671.160667979 HTTP/1.0" 200 95669 "-" "Mozilla/5.0 AppleWebKit/537.36 (KHTML, like Gecko; compatible; GPTBot/1.2; +https://openai.com/gptbot)"
20.171.207.28 - - [20/Oct/2025:03:29:32 +0300] "GET /pages.php?_bd_prev_page=https://bckln.ru/collect.aspx?024013343.htm&_bdsid=8i31wb.n~FBOZA.171882992.173951532&_gz=2.198475681.196329788.172254536-860287671.160667979 HTTP/1.1" 200 95785 "-" "Mozilla/5.0 AppleWebKit/537.36 (KHTML, like Gecko; compatible; GPTBot/1.2; +https://openai.com/gptbot)"
20.171.207.28 - - [20/Oct/2025:03:29:34 +0300] "GET /pages.php?_bd_prev_page=https://bckln.ru/collect.aspx?024013295.htm&_bdsid=8i31wb.n~FBOZA.171882992.173951532&_gz=2.198475681.196329788.172254536-860287671.160667979 HTTP/1.0" 200 85651 "-" "Mozilla/5.0 AppleWebKit/537.36 (KHTML, like Gecko; compatible; GPTBot/1.2; +https://openai.com/gptbot)"
20.171.207.28 - - [20/Oct/2025:03:29:35 +0300] "GET /pages.php?_bd_prev_page=https://bckln.ru/collect.aspx?024013295.htm&_bdsid=8i31wb.n~FBOZA.171882992.173951532&_gz=2.198475681.196329788.172254536-860287671.160667979 HTTP/1.1" 200 85751 "-" "Mozilla/5.0 AppleWebKit/537.36 (KHTML, like Gecko; compatible; GPTBot/1.2; +https://openai.com/gptbot)"
20.171.207.28 - - [20/Oct/2025:03:29:37 +0300] "GET /pages.php?_bd_prev_page=https://bckln.ru/collect.aspx?082008579.htm&_bdsid=8i31wb.n~FBOZA.171882992.173951532&_gz=2.198475681.196329788.172254536-860287671.160667979 HTTP/1.0" 200 83670 "-" "Mozilla/5.0 AppleWebKit/537.36 (KHTML, like Gecko; compatible; GPTBot/1.2; +https://openai.com/gptbot)"
20.171.207.28 - - [20/Oct/2025:03:29:38 +0300] "GET /pages.php?_bd_prev_page=https://bckln.ru/collect.aspx?082008579.htm&_bdsid=8i31wb.n~FBOZA.171882992.173951532&_gz=2.198475681.196329788.172254536-860287671.160667979 HTTP/1.1" 200 83770 "-" "Mozilla/5.0 AppleWebKit/537.36 (KHTML, like Gecko; compatible; GPTBot/1.2; +https://openai.com/gptbot)"
20.171.207.28 - - [20/Oct/2025:03:29:40 +0300] "GET /pages.php?_bd_prev_page=https://bckln.ru/collect.aspx?028000487.htm&_bdsid=8i31wb.n~FBOZA.171882992.173951532&_gz=2.198475681.196329788.172254536-860287671.160667979 HTTP/1.0" 200 76179 "-" "Mozilla/5.0 AppleWebKit/537.36 (KHTML, like Gecko; compatible; GPTBot/1.2; +https://openai.com/gptbot)"
