20.171.207.28 - - [20/Oct/2025:04:10:16 +0300] "GET /pages.php?_bd_prev_page=https://bckln.ru/collect.aspx?068010451.htm&_bdsid=8i31wb.n~FBOZA.171882992.173951532&_gz=2.198475681.196329788.172254536-860287671.160667979 HTTP/1.1" 200 73382 "-" "Mozilla/5.0 AppleWebKit/537.36 (KHTML, like Gecko; compatible; GPTBot/1.2; +https://openai.com/gptbot)"
20.171.207.28 - - [20/Oct/2025:04:10:18 +0300] "GET /pages.php?_bd_prev_page=https://bckln.ru/collect.aspx?068010457.htm&_bdsid=8i31wb.n~FBOZA.171882992.173951532&_gz=2.198475681.196329788.172254536-860287671.160667979 HTTP/1.0" 200 91453 "-" "Mozilla/5.0 AppleWebKit/537.36 (KHTML, like Gecko; compatible; GPTBot/1.2; +https://openai.com/gptbot)"
20.171.207.28 - - [20/Oct/2025:04:10:19 +0300] "GET /pages.php?_bd_prev_page=https://bckln.ru/collect.aspx?068010457.htm&_bdsid=8i31wb.n~FBOZA.171882992.173951532&_gz=2.198475681.196329788.172254536-860287671.160667979 HTTP/1.1" 200 91561 "-" "Mozilla/5.0 AppleWebKit/537.36 (KHTML, like Gecko; compatible; GPTBot/1.2; +https://openai.com/gptbot)"
20.171.207.28 - - [20/Oct/2025:04:10:21 +0300] "GET /pages.php?_bd_prev_page=https://bckln.ru/collect.aspx?030000085.htm&_bdsid=8i31wb.n~FBOZA.171882992.173951532&_gz=2.198475681.196329788.172254536-860287671.160667979 HTTP/1.0" 200 82370 "-" "Mozilla/5.0 AppleWebKit/537.36 (KHTML, like Gecko; compatible; GPTBot/1.2; +https://openai.com/gptbot)"
20.171.207.28 - - [20/Oct/2025:04:10:22 +0300] "GET /pages.php?_bd_prev_page=https://bckln.ru/collect.aspx?030000085.htm&_bdsid=8i31wb.n~FBOZA.171882992.173951532&_gz=2.198475681.196329788.172254536-860287671.160667979 HTTP/1.1" 200 82470 "-" "Mozilla/5.0 AppleWebKit/537.36 (KHTML, like Gecko; compatible; GPTBot/1.2; +https://openai.com/gptbot)"
20.171.207.28 - - [20/Oct/2025:04:10:25 +0300] "GET /pages.php?_bd_prev_page=https://bckln.ru/collect.aspx?029004970.htm&_bdsid=8i31wb.n~FBOZA.171882992.173951532&_gz=2.198475681.196329788.172254536-860287671.160667979 HTTP/1.0" 200 84493 "-" "Mozilla/5.0 AppleWebKit/537.36 (KHTML, like Gecko; compatible; GPTBot/1.2; +https://openai.com/gptbot)"
20.171.207.28 - - [20/Oct/2025:04:10:26 +0300] "GET /pages.php?_bd_prev_page=https://bckln.ru/collect.aspx?029004970.htm&_bdsid=8i31wb.n~FBOZA.171882992.173951532&_gz=2.198475681.196329788.172254536-860287671.160667979 HTTP/1.1" 200 84593 "-" "Mozilla/5.0 AppleWebKit/537.36 (KHTML, like Gecko; compatible; GPTBot/1.2; +https://openai.com/gptbot)"
173.208.176.202 - - [20/Oct/2025:04:08:37 +0300] "GET /wp-includes/im763f02/edit.php?id=172474 HTTP/1.0" 200 - "https://bckln.ru/wp-includes/im763f02/edit.php?id=172474" "Mozilla/5.0 (Windows NT 10.0; Win64; x64) AppleWebKit/537.36 (KHTML, like Gecko) Chrome/58.0.3029.110 Safari/537.3"
20.171.207.28 - - [20/Oct/2025:04:10:28 +0300] "GET /pages.php?_bd_prev_page=https://bckln.ru/collect.aspx?009000716.htm&_bdsid=8i31wb.n~FBOZA.171882992.173951532&_gz=2.198475681.196329788.172254536-860287671.160667979 HTTP/1.0" 200 79964 "-" "Mozilla/5.0 AppleWebKit/537.36 (KHTML, like Gecko; compatible; GPTBot/1.2; +https://openai.com/gptbot)"
20.171.207.28 - - [20/Oct/2025:04:10:29 +0300] "GET /pages.php?_bd_prev_page=https://bckln.ru/collect.aspx?009000716.htm&_bdsid=8i31wb.n~FBOZA.171882992.173951532&_gz=2.198475681.196329788.172254536-860287671.160667979 HTTP/1.1" 200 80064 "-" "Mozilla/5.0 AppleWebKit/537.36 (KHTML, like Gecko; compatible; GPTBot/1.2; +https://openai.com/gptbot)"
20.171.207.28 - - [20/Oct/2025:04:10:31 +0300] "GET /pages.php?_bd_prev_page=https://bckln.ru/collect.aspx?009000718.htm&_bdsid=8i31wb.n~FBOZA.171882992.173951532&_gz=2.198475681.196329788.172254536-860287671.160667979 HTTP/1.0" 200 75195 "-" "Mozilla/5.0 AppleWebKit/537.36 (KHTML, like Gecko; compatible; GPTBot/1.2; +https://openai.com/gptbot)"
20.171.207.28 - - [20/Oct/2025:04:10:32 +0300] "GET /pages.php?_bd_prev_page=https://bckln.ru/collect.aspx?009000718.htm&_bdsid=8i31wb.n~FBOZA.171882992.173951532&_gz=2.198475681.196329788.172254536-860287671.160667979 HTTP/1.1" 200 75287 "-" "Mozilla/5.0 AppleWebKit/537.36 (KHTML, like Gecko; compatible; GPTBot/1.2; +https://openai.com/gptbot)"
20.171.207.28 - - [20/Oct/2025:04:10:34 +0300] "GET /pages.php?_bd_prev_page=https://bckln.ru/collect.aspx?product/war68?c=g&_bdsid=8i31wb.n~FBOZA.171882992.173951532&_gz=2.198475681.196329788.172254536-860287671.160667979&l=3760 HTTP/1.0" 200 70488 "-" "Mozilla/5.0 AppleWebKit/537.36 (KHTML, like Gecko; compatible; GPTBot/1.2; +https://openai.com/gptbot)"
20.171.207.28 - - [20/Oct/2025:04:10:35 +0300] "GET /pages.php?_bd_prev_page=https://bckln.ru/collect.aspx?product/war68?c=g&_bdsid=8i31wb.n~FBOZA.171882992.173951532&_gz=2.198475681.196329788.172254536-860287671.160667979&l=3760 HTTP/1.1" 200 70541 "-" "Mozilla/5.0 AppleWebKit/537.36 (KHTML, like Gecko; compatible; GPTBot/1.2; +https://openai.com/gptbot)"
3.221.244.28 - - [20/Oct/2025:04:10:35 +0300] "GET /?path=/var/www/iq22073873/data/www/bckln.ru/wp-content/plugins/js_composer/assets/lib/owl-carousel2-dist/assets HTTP/1.0" 200 19099 "-" "Mozilla/5.0 AppleWebKit/537.36 (KHTML, like Gecko; compatible; Amazonbot/0.1; +https://developer.amazon.com/support/amazonbot) Chrome/119.0.6045.214 Safari/537.36"
3.221.244.28 - - [20/Oct/2025:04:10:36 +0300] "GET /?path=/var/www/iq22073873/data/www/bckln.ru/wp-content/plugins/js_composer/assets/lib/owl-carousel2-dist/assets HTTP/1.1" 200 19127 "-" "Mozilla/5.0 AppleWebKit/537.36 (KHTML, like Gecko; compatible; Amazonbot/0.1; +https://developer.amazon.com/support/amazonbot) Chrome/119.0.6045.214 Safari/537.36"
20.171.207.28 - - [20/Oct/2025:04:10:37 +0300] "GET /pages.php?_bd_prev_page=https://bckln.ru/collect.aspx?product/maker68?c=g&_bdsid=8i31wb.n~FBOZA.171882992.173951532&_gz=2.198475681.196329788.172254536-860287671.160667979&l=3758 HTTP/1.0" 200 71527 "-" "Mozilla/5.0 AppleWebKit/537.36 (KHTML, like Gecko; compatible; GPTBot/1.2; +https://openai.com/gptbot)"
20.171.207.28 - - [20/Oct/2025:04:10:38 +0300] "GET /pages.php?_bd_prev_page=https://bckln.ru/collect.aspx?product/maker68?c=g&_bdsid=8i31wb.n~FBOZA.171882992.173951532&_gz=2.198475681.196329788.172254536-860287671.160667979&l=3758 HTTP/1.1" 200 71611 "-" "Mozilla/5.0 AppleWebKit/537.36 (KHTML, like Gecko; compatible; GPTBot/1.2; +https://openai.com/gptbot)"
3.231.193.38 - - [20/Oct/2025:04:10:39 +0300] "GET /?path=/var/www/iq22073873/data/www/bckln.ru/wp-content/plugins/wp-file-manager/lib/themes/windows%20-%2010/images HTTP/1.0" 200 27738 "-" "Mozilla/5.0 AppleWebKit/537.36 (KHTML, like Gecko; compatible; Amazonbot/0.1; +https://developer.amazon.com/support/amazonbot) Chrome/119.0.6045.214 Safari/537.36"
3.231.193.38 - - [20/Oct/2025:04:10:40 +0300] "GET /?path=/var/www/iq22073873/data/www/bckln.ru/wp-content/plugins/wp-file-manager/lib/themes/windows%20-%2010/images HTTP/1.1" 200 27774 "-" "Mozilla/5.0 AppleWebKit/537.36 (KHTML, like Gecko; compatible; Amazonbot/0.1; +https://developer.amazon.com/support/amazonbot) Chrome/119.0.6045.214 Safari/537.36"
20.171.207.28 - - [20/Oct/2025:04:10:41 +0300] "GET /pages.php?_bd_prev_page=https://bckln.ru/collect.aspx?029000364.htm&_bdsid=8i31wb.n~FBOZA.171882992.173951532&_gz=2.198475681.196329788.172254536-860287671.160667979 HTTP/1.0" 200 85114 "-" "Mozilla/5.0 AppleWebKit/537.36 (KHTML, like Gecko; compatible; GPTBot/1.2; +https://openai.com/gptbot)"
20.171.207.28 - - [20/Oct/2025:04:10:42 +0300] "GET /pages.php?_bd_prev_page=https://bckln.ru/collect.aspx?029000364.htm&_bdsid=8i31wb.n~FBOZA.171882992.173951532&_gz=2.198475681.196329788.172254536-860287671.160667979 HTTP/1.1" 200 85213 "-" "Mozilla/5.0 AppleWebKit/537.36 (KHTML, like Gecko; compatible; GPTBot/1.2; +https://openai.com/gptbot)"
3.94.156.104 - - [20/Oct/2025:04:10:44 +0300] "GET /?path=/var/www/iq22073873/data/www/bckln.ru/wp-content/plugins/wp-file-manager/lib/codemirror/mode/nsis HTTP/1.0" 200 18947 "-" "Mozilla/5.0 AppleWebKit/537.36 (KHTML, like Gecko; compatible; Amazonbot/0.1; +https://developer.amazon.com/support/amazonbot) Chrome/119.0.6045.214 Safari/537.36"
3.94.156.104 - - [20/Oct/2025:04:10:44 +0300] "GET /?path=/var/www/iq22073873/data/www/bckln.ru/wp-content/plugins/wp-file-manager/lib/codemirror/mode/nsis HTTP/1.1" 200 18975 "-" "Mozilla/5.0 AppleWebKit/537.36 (KHTML, like Gecko; compatible; Amazonbot/0.1; +https://developer.amazon.com/support/amazonbot) Chrome/119.0.6045.214 Safari/537.36"
20.171.207.28 - - [20/Oct/2025:04:10:44 +0300] "GET /pages.php?l=2229&product/via29?c=g HTTP/1.0" 200 91705 "-" "Mozilla/5.0 AppleWebKit/537.36 (KHTML, like Gecko; compatible; GPTBot/1.2; +https://openai.com/gptbot)"
20.171.207.28 - - [20/Oct/2025:04:10:45 +0300] "GET /pages.php?l=2229&product/via29?c=g HTTP/1.1" 200 91798 "-" "Mozilla/5.0 AppleWebKit/537.36 (KHTML, like Gecko; compatible; GPTBot/1.2; +https://openai.com/gptbot)"
54.90.8.255 - - [20/Oct/2025:04:10:47 +0300] "GET /?path=/var/www/iq22073873/data/www/bckln.ru/wp-content/plugins/js_composer/include/params/vc_grid_element/vc_grid_id HTTP/1.0" 200 17338 "-" "Mozilla/5.0 AppleWebKit/537.36 (KHTML, like Gecko; compatible; Amazonbot/0.1; +https://developer.amazon.com/support/amazonbot) Chrome/119.0.6045.214 Safari/537.36"
54.90.8.255 - - [20/Oct/2025:04:10:48 +0300] "GET /?path=/var/www/iq22073873/data/www/bckln.ru/wp-content/plugins/js_composer/include/params/vc_grid_element/vc_grid_id HTTP/1.1" 200 17366 "-" "Mozilla/5.0 AppleWebKit/537.36 (KHTML, like Gecko; compatible; Amazonbot/0.1; +https://developer.amazon.com/support/amazonbot) Chrome/119.0.6045.214 Safari/537.36"
20.171.207.28 - - [20/Oct/2025:04:10:47 +0300] "GET /pages.php?_bd_prev_page=https://bckln.ru/collect.aspx?008037157.htm&_bdsid=8i31wb.n~FBOZA.171882992.173951532&_gz=2.198475681.196329788.172254536-860287671.160667979 HTTP/1.0" 200 72907 "-" "Mozilla/5.0 AppleWebKit/537.36 (KHTML, like Gecko; compatible; GPTBot/1.2; +https://openai.com/gptbot)"
20.171.207.28 - - [20/Oct/2025:04:10:48 +0300] "GET /pages.php?_bd_prev_page=https://bckln.ru/collect.aspx?008037157.htm&_bdsid=8i31wb.n~FBOZA.171882992.173951532&_gz=2.198475681.196329788.172254536-860287671.160667979 HTTP/1.1" 200 72991 "-" "Mozilla/5.0 AppleWebKit/537.36 (KHTML, like Gecko; compatible; GPTBot/1.2; +https://openai.com/gptbot)"
20.171.207.28 - - [20/Oct/2025:04:10:51 +0300] "GET /pages.php?_bd_prev_page=https://bckln.ru/collect.aspx?009008534.htm&_bdsid=8i31wb.n~FBOZA.171882992.173951532&_gz=2.198475681.196329788.172254536-860287671.160667979 HTTP/1.0" 200 84232 "-" "Mozilla/5.0 AppleWebKit/537.36 (KHTML, like Gecko; compatible; GPTBot/1.2; +https://openai.com/gptbot)"
20.171.207.28 - - [20/Oct/2025:04:10:52 +0300] "GET /pages.php?_bd_prev_page=https://bckln.ru/collect.aspx?009008534.htm&_bdsid=8i31wb.n~FBOZA.171882992.173951532&_gz=2.198475681.196329788.172254536-860287671.160667979 HTTP/1.1" 200 84332 "-" "Mozilla/5.0 AppleWebKit/537.36 (KHTML, like Gecko; compatible; GPTBot/1.2; +https://openai.com/gptbot)"
54.84.102.81 - - [20/Oct/2025:04:10:51 +0300] "GET /?path=/var/www/iq22073873/data/www/bckln.ru/wp-content/themes/dt-the7/inc/shortcodes/includes/fancy-titles-vc HTTP/1.0" 200 19042 "-" "Mozilla/5.0 AppleWebKit/537.36 (KHTML, like Gecko; compatible; Amazonbot/0.1; +https://developer.amazon.com/support/amazonbot) Chrome/119.0.6045.214 Safari/537.36"
54.84.102.81 - - [20/Oct/2025:04:10:52 +0300] "GET /?path=/var/www/iq22073873/data/www/bckln.ru/wp-content/themes/dt-the7/inc/shortcodes/includes/fancy-titles-vc HTTP/1.1" 200 19070 "-" "Mozilla/5.0 AppleWebKit/537.36 (KHTML, like Gecko; compatible; Amazonbot/0.1; +https://developer.amazon.com/support/amazonbot) Chrome/119.0.6045.214 Safari/537.36"
20.171.207.28 - - [20/Oct/2025:04:10:53 +0300] "GET /pages.php?_bd_prev_page=https://bckln.ru/collect.aspx?029010318.htm&_bdsid=8i31wb.n~FBOZA.171882992.173951532&_gz=2.198475681.196329788.172254536-860287671.160667979 HTTP/1.0" 200 71969 "-" "Mozilla/5.0 AppleWebKit/537.36 (KHTML, like Gecko; compatible; GPTBot/1.2; +https://openai.com/gptbot)"
20.171.207.28 - - [20/Oct/2025:04:10:55 +0300] "GET /pages.php?_bd_prev_page=https://bckln.ru/collect.aspx?029010318.htm&_bdsid=8i31wb.n~FBOZA.171882992.173951532&_gz=2.198475681.196329788.172254536-860287671.160667979 HTTP/1.1" 200 72022 "-" "Mozilla/5.0 AppleWebKit/537.36 (KHTML, like Gecko; compatible; GPTBot/1.2; +https://openai.com/gptbot)"
54.243.63.52 - - [20/Oct/2025:04:10:55 +0300] "GET /?fileloc=/var/www/iq22073873/data/www/bckln.ru/wp-content/themes/twentytwentyfive/assets/fonts/fira-sans/.htaccess&path=/var/www/iq22073873/data/www/bckln.ru/wp-content/themes/twentytwentyfive/assets/fonts/fira-sans HTTP/1.0" 200 13371 "-" "Mozilla/5.0 AppleWebKit/537.36 (KHTML, like Gecko; compatible; Amazonbot/0.1; +https://developer.amazon.com/support/amazonbot) Chrome/119.0.6045.214 Safari/537.36"
54.243.63.52 - - [20/Oct/2025:04:10:56 +0300] "GET /?fileloc=/var/www/iq22073873/data/www/bckln.ru/wp-content/themes/twentytwentyfive/assets/fonts/fira-sans/.htaccess&path=/var/www/iq22073873/data/www/bckln.ru/wp-content/themes/twentytwentyfive/assets/fonts/fira-sans HTTP/1.1" 200 13399 "-" "Mozilla/5.0 AppleWebKit/537.36 (KHTML, like Gecko; compatible; Amazonbot/0.1; +https://developer.amazon.com/support/amazonbot) Chrome/119.0.6045.214 Safari/537.36"
20.171.207.28 - - [20/Oct/2025:04:10:57 +0300] "GET /pages.php?_bd_prev_page=https://bckln.ru/collect.aspx?008037151.htm&_bdsid=8i31wb.n~FBOZA.171882992.173951532&_gz=2.198475681.196329788.172254536-860287671.160667979 HTTP/1.0" 200 79191 "-" "Mozilla/5.0 AppleWebKit/537.36 (KHTML, like Gecko; compatible; GPTBot/1.2; +https://openai.com/gptbot)"
20.171.207.28 - - [20/Oct/2025:04:10:58 +0300] "GET /pages.php?_bd_prev_page=https://bckln.ru/collect.aspx?008037151.htm&_bdsid=8i31wb.n~FBOZA.171882992.173951532&_gz=2.198475681.196329788.172254536-860287671.160667979 HTTP/1.1" 200 79291 "-" "Mozilla/5.0 AppleWebKit/537.36 (KHTML, like Gecko; compatible; GPTBot/1.2; +https://openai.com/gptbot)"
20.171.207.28 - - [20/Oct/2025:04:11:00 +0300] "GET /pages.php?_bd_prev_page=https://bckln.ru/collect.aspx?008037155.htm&_bdsid=8i31wb.n~FBOZA.171882992.173951532&_gz=2.198475681.196329788.172254536-860287671.160667979 HTTP/1.0" 200 70819 "-" "Mozilla/5.0 AppleWebKit/537.36 (KHTML, like Gecko; compatible; GPTBot/1.2; +https://openai.com/gptbot)"
20.171.207.28 - - [20/Oct/2025:04:11:01 +0300] "GET /pages.php?_bd_prev_page=https://bckln.ru/collect.aspx?008037155.htm&_bdsid=8i31wb.n~FBOZA.171882992.173951532&_gz=2.198475681.196329788.172254536-860287671.160667979 HTTP/1.1" 200 70903 "-" "Mozilla/5.0 AppleWebKit/537.36 (KHTML, like Gecko; compatible; GPTBot/1.2; +https://openai.com/gptbot)"
20.171.207.28 - - [20/Oct/2025:04:11:03 +0300] "GET /pages.php?_bd_prev_page=https://bckln.ru/collect.aspx?008037735.htm&_bdsid=8i31wb.n~FBOZA.171882992.173951532&_gz=2.198475681.196329788.172254536-860287671.160667979 HTTP/1.0" 200 71123 "-" "Mozilla/5.0 AppleWebKit/537.36 (KHTML, like Gecko; compatible; GPTBot/1.2; +https://openai.com/gptbot)"
20.171.207.28 - - [20/Oct/2025:04:11:04 +0300] "GET /pages.php?_bd_prev_page=https://bckln.ru/collect.aspx?008037735.htm&_bdsid=8i31wb.n~FBOZA.171882992.173951532&_gz=2.198475681.196329788.172254536-860287671.160667979 HTTP/1.1" 200 71207 "-" "Mozilla/5.0 AppleWebKit/537.36 (KHTML, like Gecko; compatible; GPTBot/1.2; +https://openai.com/gptbot)"
20.171.207.28 - - [20/Oct/2025:04:11:06 +0300] "GET /pages.php?_bd_prev_page=https://bckln.ru/collect.aspx?product/thing29?c=g&_bdsid=8i31wb.n~FBOZA.171882992.173951532&_gz=2.198475681.196329788.172254536-860287671.160667979&l=2231 HTTP/1.0" 200 80086 "-" "Mozilla/5.0 AppleWebKit/537.36 (KHTML, like Gecko; compatible; GPTBot/1.2; +https://openai.com/gptbot)"
20.171.207.28 - - [20/Oct/2025:04:11:07 +0300] "GET /pages.php?_bd_prev_page=https://bckln.ru/collect.aspx?product/thing29?c=g&_bdsid=8i31wb.n~FBOZA.171882992.173951532&_gz=2.198475681.196329788.172254536-860287671.160667979&l=2231 HTTP/1.1" 200 80186 "-" "Mozilla/5.0 AppleWebKit/537.36 (KHTML, like Gecko; compatible; GPTBot/1.2; +https://openai.com/gptbot)"
20.171.207.28 - - [20/Oct/2025:04:11:09 +0300] "GET /pages.php?_bd_prev_page=https://bckln.ru/collect.aspx?029010314.htm&_bdsid=8i31wb.n~FBOZA.171882992.173951532&_gz=2.198475681.196329788.172254536-860287671.160667979 HTTP/1.0" 200 84210 "-" "Mozilla/5.0 AppleWebKit/537.36 (KHTML, like Gecko; compatible; GPTBot/1.2; +https://openai.com/gptbot)"
20.171.207.28 - - [20/Oct/2025:04:11:10 +0300] "GET /pages.php?_bd_prev_page=https://bckln.ru/collect.aspx?029010314.htm&_bdsid=8i31wb.n~FBOZA.171882992.173951532&_gz=2.198475681.196329788.172254536-860287671.160667979 HTTP/1.1" 200 84310 "-" "Mozilla/5.0 AppleWebKit/537.36 (KHTML, like Gecko; compatible; GPTBot/1.2; +https://openai.com/gptbot)"
45.150.238.5 - - [20/Oct/2025:04:11:10 +0300] "GET / HTTP/1.0" 200 69659 "-" "Zabbix"
45.150.238.5 - - [20/Oct/2025:04:11:11 +0300] "GET / HTTP/1.1" 200 69712 "-" "Zabbix"
20.171.207.28 - - [20/Oct/2025:04:11:12 +0300] "GET /pages.php?_bd_prev_page=https://bckln.ru/collect.aspx?029004940.htm&_bdsid=8i31wb.n~FBOZA.171882992.173951532&_gz=2.198475681.196329788.172254536-860287671.160667979 HTTP/1.0" 200 80412 "-" "Mozilla/5.0 AppleWebKit/537.36 (KHTML, like Gecko; compatible; GPTBot/1.2; +https://openai.com/gptbot)"
20.171.207.28 - - [20/Oct/2025:04:11:13 +0300] "GET /pages.php?_bd_prev_page=https://bckln.ru/collect.aspx?029004940.htm&_bdsid=8i31wb.n~FBOZA.171882992.173951532&_gz=2.198475681.196329788.172254536-860287671.160667979 HTTP/1.1" 200 80512 "-" "Mozilla/5.0 AppleWebKit/537.36 (KHTML, like Gecko; compatible; GPTBot/1.2; +https://openai.com/gptbot)"
20.171.207.28 - - [20/Oct/2025:04:11:15 +0300] "GET /pages.php?_bd_prev_page=https://bckln.ru/collect.aspx?008026051.htm&_bdsid=8i31wb.n~FBOZA.171882992.173951532&_gz=2.198475681.196329788.172254536-860287671.160667979 HTTP/1.0" 200 75042 "-" "Mozilla/5.0 AppleWebKit/537.36 (KHTML, like Gecko; compatible; GPTBot/1.2; +https://openai.com/gptbot)"
20.171.207.28 - - [20/Oct/2025:04:11:16 +0300] "GET /pages.php?_bd_prev_page=https://bckln.ru/collect.aspx?008026051.htm&_bdsid=8i31wb.n~FBOZA.171882992.173951532&_gz=2.198475681.196329788.172254536-860287671.160667979 HTTP/1.1" 200 75134 "-" "Mozilla/5.0 AppleWebKit/537.36 (KHTML, like Gecko; compatible; GPTBot/1.2; +https://openai.com/gptbot)"
20.171.207.28 - - [20/Oct/2025:04:11:18 +0300] "GET /pages.php?_bd_prev_page=https://bckln.ru/collect.aspx?008037145.htm&_bdsid=8i31wb.n~FBOZA.171882992.173951532&_gz=2.198475681.196329788.172254536-860287671.160667979 HTTP/1.0" 200 77735 "-" "Mozilla/5.0 AppleWebKit/537.36 (KHTML, like Gecko; compatible; GPTBot/1.2; +https://openai.com/gptbot)"
20.171.207.28 - - [20/Oct/2025:04:11:19 +0300] "GET /pages.php?_bd_prev_page=https://bckln.ru/collect.aspx?008037145.htm&_bdsid=8i31wb.n~FBOZA.171882992.173951532&_gz=2.198475681.196329788.172254536-860287671.160667979 HTTP/1.1" 200 77828 "-" "Mozilla/5.0 AppleWebKit/537.36 (KHTML, like Gecko; compatible; GPTBot/1.2; +https://openai.com/gptbot)"
20.171.207.28 - - [20/Oct/2025:04:11:21 +0300] "GET /pages.php?_bd_prev_page=https://bckln.ru/collect.aspx?product/sex59?c=g&_bdsid=8i31wb.n~FBOZA.171882992.173951532&_gz=2.198475681.196329788.172254536-860287671.160667979&l=38285 HTTP/1.0" 200 80086 "-" "Mozilla/5.0 AppleWebKit/537.36 (KHTML, like Gecko; compatible; GPTBot/1.2; +https://openai.com/gptbot)"
20.171.207.28 - - [20/Oct/2025:04:11:22 +0300] "GET /pages.php?_bd_prev_page=https://bckln.ru/collect.aspx?product/sex59?c=g&_bdsid=8i31wb.n~FBOZA.171882992.173951532&_gz=2.198475681.196329788.172254536-860287671.160667979&l=38285 HTTP/1.1" 200 80186 "-" "Mozilla/5.0 AppleWebKit/537.36 (KHTML, like Gecko; compatible; GPTBot/1.2; +https://openai.com/gptbot)"
20.171.207.28 - - [20/Oct/2025:04:11:24 +0300] "GET /pages.php?_bd_prev_page=https://bckln.ru/collect.aspx?029003614.htm&_bdsid=8i31wb.n~FBOZA.171882992.173951532&_gz=2.198475681.196329788.172254536-860287671.160667979 HTTP/1.0" 200 84126 "-" "Mozilla/5.0 AppleWebKit/537.36 (KHTML, like Gecko; compatible; GPTBot/1.2; +https://openai.com/gptbot)"
20.171.207.28 - - [20/Oct/2025:04:11:25 +0300] "GET /pages.php?_bd_prev_page=https://bckln.ru/collect.aspx?029003614.htm&_bdsid=8i31wb.n~FBOZA.171882992.173951532&_gz=2.198475681.196329788.172254536-860287671.160667979 HTTP/1.1" 200 84226 "-" "Mozilla/5.0 AppleWebKit/537.36 (KHTML, like Gecko; compatible; GPTBot/1.2; +https://openai.com/gptbot)"
20.171.207.28 - - [20/Oct/2025:04:11:28 +0300] "GET /pages.php?_bd_prev_page=https://bckln.ru/collect.aspx?product/promising74?c=g&_bdsid=8i31wb.n~FBOZA.171882992.173951532&_gz=2.198475681.196329788.172254536-860287671.160667979&l=50 HTTP/1.0" 200 82990 "-" "Mozilla/5.0 AppleWebKit/537.36 (KHTML, like Gecko; compatible; GPTBot/1.2; +https://openai.com/gptbot)"
20.171.207.28 - - [20/Oct/2025:04:11:29 +0300] "GET /pages.php?_bd_prev_page=https://bckln.ru/collect.aspx?product/promising74?c=g&_bdsid=8i31wb.n~FBOZA.171882992.173951532&_gz=2.198475681.196329788.172254536-860287671.160667979&l=50 HTTP/1.1" 200 83090 "-" "Mozilla/5.0 AppleWebKit/537.36 (KHTML, like Gecko; compatible; GPTBot/1.2; +https://openai.com/gptbot)"
20.171.207.28 - - [20/Oct/2025:04:11:31 +0300] "GET /pages.php?_bd_prev_page=https://bckln.ru/collect.aspx?product/crisis92?c=g&_bdsid=8i31wb.n~FBOZA.171882992.173951532&_gz=2.198475681.196329788.172254536-860287671.160667979&l=15548 HTTP/1.0" 200 77186 "-" "Mozilla/5.0 AppleWebKit/537.36 (KHTML, like Gecko; compatible; GPTBot/1.2; +https://openai.com/gptbot)"
20.171.207.28 - - [20/Oct/2025:04:11:32 +0300] "GET /pages.php?_bd_prev_page=https://bckln.ru/collect.aspx?product/crisis92?c=g&_bdsid=8i31wb.n~FBOZA.171882992.173951532&_gz=2.198475681.196329788.172254536-860287671.160667979&l=15548 HTTP/1.1" 200 77278 "-" "Mozilla/5.0 AppleWebKit/537.36 (KHTML, like Gecko; compatible; GPTBot/1.2; +https://openai.com/gptbot)"
173.208.176.202 - - [20/Oct/2025:04:09:48 +0300] "GET /wp-content/qq7b83be/index.php?id=501574 HTTP/1.0" 200 - "https://bckln.ru/wp-content/qq7b83be/index.php?id=501574" "Mozilla/5.0 (Windows NT 10.0; Win64; x64) AppleWebKit/537.36 (KHTML, like Gecko) Chrome/58.0.3029.110 Safari/537.3"
20.171.207.28 - - [20/Oct/2025:04:11:34 +0300] "GET /pages.php?_bd_prev_page=https://bckln.ru/collect.aspx?065033874.htm&_bdsid=8i31wb.n~FBOZA.171882992.173951532&_gz=2.198475681.196329788.172254536-860287671.160667979 HTTP/1.0" 200 87147 "-" "Mozilla/5.0 AppleWebKit/537.36 (KHTML, like Gecko; compatible; GPTBot/1.2; +https://openai.com/gptbot)"
20.171.207.28 - - [20/Oct/2025:04:11:35 +0300] "GET /pages.php?_bd_prev_page=https://bckln.ru/collect.aspx?065033874.htm&_bdsid=8i31wb.n~FBOZA.171882992.173951532&_gz=2.198475681.196329788.172254536-860287671.160667979 HTTP/1.1" 200 87255 "-" "Mozilla/5.0 AppleWebKit/537.36 (KHTML, like Gecko; compatible; GPTBot/1.2; +https://openai.com/gptbot)"
20.171.207.28 - - [20/Oct/2025:04:11:37 +0300] "GET /pages.php?_bd_prev_page=https://bckln.ru/collect.aspx?065000352.htm&_bdsid=8i31wb.n~FBOZA.171882992.173951532&_gz=2.198475681.196329788.172254536-860287671.160667979 HTTP/1.0" 200 76963 "-" "Mozilla/5.0 AppleWebKit/537.36 (KHTML, like Gecko; compatible; GPTBot/1.2; +https://openai.com/gptbot)"
20.171.207.28 - - [20/Oct/2025:04:11:38 +0300] "GET /pages.php?_bd_prev_page=https://bckln.ru/collect.aspx?065000352.htm&_bdsid=8i31wb.n~FBOZA.171882992.173951532&_gz=2.198475681.196329788.172254536-860287671.160667979 HTTP/1.1" 200 77055 "-" "Mozilla/5.0 AppleWebKit/537.36 (KHTML, like Gecko; compatible; GPTBot/1.2; +https://openai.com/gptbot)"
20.171.207.28 - - [20/Oct/2025:04:11:40 +0300] "GET /pages.php?_bd_prev_page=https://bckln.ru/collect.aspx?product/cargo59?c=g&_bdsid=8i31wb.n~FBOZA.171882992.173951532&_gz=2.198475681.196329788.172254536-860287671.160667979&l=32309 HTTP/1.0" 200 87383 "-" "Mozilla/5.0 AppleWebKit/537.36 (KHTML, like Gecko; compatible; GPTBot/1.2; +https://openai.com/gptbot)"
20.171.207.28 - - [20/Oct/2025:04:11:41 +0300] "GET /pages.php?_bd_prev_page=https://bckln.ru/collect.aspx?product/cargo59?c=g&_bdsid=8i31wb.n~FBOZA.171882992.173951532&_gz=2.198475681.196329788.172254536-860287671.160667979&l=32309 HTTP/1.1" 200 87491 "-" "Mozilla/5.0 AppleWebKit/537.36 (KHTML, like Gecko; compatible; GPTBot/1.2; +https://openai.com/gptbot)"
173.208.176.202 - - [20/Oct/2025:04:11:41 +0300] "GET /wp-content/qq7b83be/index.php?id=501574 HTTP/1.1" 499 0 "https://bckln.ru/wp-content/qq7b83be/index.php?id=501574" "Mozilla/5.0 (Windows NT 10.0; Win64; x64) AppleWebKit/537.36 (KHTML, like Gecko) Chrome/58.0.3029.110 Safari/537.3"
20.171.207.28 - - [20/Oct/2025:04:11:43 +0300] "GET /pages.php?_bd_prev_page=https://bckln.ru/collect.aspx?product/pasta57?c=g&_bdsid=8i31wb.n~FBOZA.171882992.173951532&_gz=2.198475681.196329788.172254536-860287671.160667979&l=793 HTTP/1.0" 200 74893 "-" "Mozilla/5.0 AppleWebKit/537.36 (KHTML, like Gecko; compatible; GPTBot/1.2; +https://openai.com/gptbot)"
20.171.207.28 - - [20/Oct/2025:04:11:44 +0300] "GET /pages.php?_bd_prev_page=https://bckln.ru/collect.aspx?product/pasta57?c=g&_bdsid=8i31wb.n~FBOZA.171882992.173951532&_gz=2.198475681.196329788.172254536-860287671.160667979&l=793 HTTP/1.1" 200 74985 "-" "Mozilla/5.0 AppleWebKit/537.36 (KHTML, like Gecko; compatible; GPTBot/1.2; +https://openai.com/gptbot)"
20.171.207.28 - - [20/Oct/2025:04:11:47 +0300] "GET /pages.php?_bd_prev_page=https://bckln.ru/collect.aspx?052040121.htm&_bdsid=8i31wb.n~FBOZA.171882992.173951532&_gz=2.198475681.196329788.172254536-860287671.160667979 HTTP/1.0" 200 71082 "-" "Mozilla/5.0 AppleWebKit/537.36 (KHTML, like Gecko; compatible; GPTBot/1.2; +https://openai.com/gptbot)"
20.171.207.28 - - [20/Oct/2025:04:11:47 +0300] "GET /pages.php?_bd_prev_page=https://bckln.ru/collect.aspx?052040121.htm&_bdsid=8i31wb.n~FBOZA.171882992.173951532&_gz=2.198475681.196329788.172254536-860287671.160667979 HTTP/1.1" 200 71166 "-" "Mozilla/5.0 AppleWebKit/537.36 (KHTML, like Gecko; compatible; GPTBot/1.2; +https://openai.com/gptbot)"
20.171.207.28 - - [20/Oct/2025:04:11:50 +0300] "GET /pages.php?_bd_prev_page=https://bckln.ru/collect.aspx?product/rider29?c=g&_bdsid=8i31wb.n~FBOZA.171882992.173951532&_gz=2.198475681.196329788.172254536-860287671.160667979&l=9337 HTTP/1.0" 200 80067 "-" "Mozilla/5.0 AppleWebKit/537.36 (KHTML, like Gecko; compatible; GPTBot/1.2; +https://openai.com/gptbot)"
20.171.207.28 - - [20/Oct/2025:04:11:51 +0300] "GET /pages.php?_bd_prev_page=https://bckln.ru/collect.aspx?product/rider29?c=g&_bdsid=8i31wb.n~FBOZA.171882992.173951532&_gz=2.198475681.196329788.172254536-860287671.160667979&l=9337 HTTP/1.1" 200 80167 "-" "Mozilla/5.0 AppleWebKit/537.36 (KHTML, like Gecko; compatible; GPTBot/1.2; +https://openai.com/gptbot)"
20.171.207.28 - - [20/Oct/2025:04:11:53 +0300] "GET /pages.php?_bd_prev_page=https://bckln.ru/collect.aspx?065048310.htm&_bdsid=8i31wb.n~FBOZA.171882992.173951532&_gz=2.198475681.196329788.172254536-860287671.160667979 HTTP/1.0" 200 85523 "-" "Mozilla/5.0 AppleWebKit/537.36 (KHTML, like Gecko; compatible; GPTBot/1.2; +https://openai.com/gptbot)"
20.171.207.28 - - [20/Oct/2025:04:11:54 +0300] "GET /pages.php?_bd_prev_page=https://bckln.ru/collect.aspx?065048310.htm&_bdsid=8i31wb.n~FBOZA.171882992.173951532&_gz=2.198475681.196329788.172254536-860287671.160667979 HTTP/1.1" 200 85623 "-" "Mozilla/5.0 AppleWebKit/537.36 (KHTML, like Gecko; compatible; GPTBot/1.2; +https://openai.com/gptbot)"
20.171.207.28 - - [20/Oct/2025:04:11:56 +0300] "GET /pages.php?_bd_prev_page=https://bckln.ru/collect.aspx?065048312.htm&_bdsid=8i31wb.n~FBOZA.171882992.173951532&_gz=2.198475681.196329788.172254536-860287671.160667979 HTTP/1.0" 200 85489 "-" "Mozilla/5.0 AppleWebKit/537.36 (KHTML, like Gecko; compatible; GPTBot/1.2; +https://openai.com/gptbot)"
20.171.207.28 - - [20/Oct/2025:04:11:57 +0300] "GET /pages.php?_bd_prev_page=https://bckln.ru/collect.aspx?065048312.htm&_bdsid=8i31wb.n~FBOZA.171882992.173951532&_gz=2.198475681.196329788.172254536-860287671.160667979 HTTP/1.1" 200 85589 "-" "Mozilla/5.0 AppleWebKit/537.36 (KHTML, like Gecko; compatible; GPTBot/1.2; +https://openai.com/gptbot)"
20.171.207.28 - - [20/Oct/2025:04:11:59 +0300] "GET /pages.php?l=34134&product/emotionally96?c=g HTTP/1.0" 200 89215 "-" "Mozilla/5.0 AppleWebKit/537.36 (KHTML, like Gecko; compatible; GPTBot/1.2; +https://openai.com/gptbot)"
20.171.207.28 - - [20/Oct/2025:04:12:00 +0300] "GET /pages.php?l=34134&product/emotionally96?c=g HTTP/1.1" 200 89323 "-" "Mozilla/5.0 AppleWebKit/537.36 (KHTML, like Gecko; compatible; GPTBot/1.2; +https://openai.com/gptbot)"
20.171.207.28 - - [20/Oct/2025:04:12:02 +0300] "GET /pages.php?_bd_prev_page=https://bckln.ru/collect.aspx?product/sport96?c=g&_bdsid=8i31wb.n~FBOZA.171882992.173951532&_gz=2.198475681.196329788.172254536-860287671.160667979&l=34148 HTTP/1.0" 200 77565 "-" "Mozilla/5.0 AppleWebKit/537.36 (KHTML, like Gecko; compatible; GPTBot/1.2; +https://openai.com/gptbot)"
20.171.207.28 - - [20/Oct/2025:04:12:03 +0300] "GET /pages.php?_bd_prev_page=https://bckln.ru/collect.aspx?product/sport96?c=g&_bdsid=8i31wb.n~FBOZA.171882992.173951532&_gz=2.198475681.196329788.172254536-860287671.160667979&l=34148 HTTP/1.1" 200 77657 "-" "Mozilla/5.0 AppleWebKit/537.36 (KHTML, like Gecko; compatible; GPTBot/1.2; +https://openai.com/gptbot)"
20.171.207.28 - - [20/Oct/2025:04:12:06 +0300] "GET /pages.php?_bd_prev_page=https://bckln.ru/collect.aspx?product/ethical8?c=g&_bdsid=8i31wb.n~FBOZA.171882992.173951532&_gz=2.198475681.196329788.172254536-860287671.160667979&l=37142 HTTP/1.0" 200 79080 "-" "Mozilla/5.0 AppleWebKit/537.36 (KHTML, like Gecko; compatible; GPTBot/1.2; +https://openai.com/gptbot)"
20.171.207.28 - - [20/Oct/2025:04:12:07 +0300] "GET /pages.php?_bd_prev_page=https://bckln.ru/collect.aspx?product/ethical8?c=g&_bdsid=8i31wb.n~FBOZA.171882992.173951532&_gz=2.198475681.196329788.172254536-860287671.160667979&l=37142 HTTP/1.1" 200 79180 "-" "Mozilla/5.0 AppleWebKit/537.36 (KHTML, like Gecko; compatible; GPTBot/1.2; +https://openai.com/gptbot)"
66.249.66.167 - - [20/Oct/2025:04:12:04 +0300] "GET /pcmypage?callback=/product%2Fdetail%2Bearhomes-2024-11-08-680 HTTP/1.0" 200 110378 "-" "Mozilla/5.0 (Linux; Android 6.0.1; Nexus 5X Build/MMB29P) AppleWebKit/537.36 (KHTML, like Gecko) Chrome/140.0.7339.207 Mobile Safari/537.36 (compatible; Googlebot/2.1; +http://www.google.com/bot.html)"
66.249.66.167 - - [20/Oct/2025:04:12:08 +0300] "GET /pcmypage?callback=/product%2Fdetail%2Bearhomes-2024-11-08-680 HTTP/1.1" 200 110479 "-" "Mozilla/5.0 (Linux; Android 6.0.1; Nexus 5X Build/MMB29P) AppleWebKit/537.36 (KHTML, like Gecko) Chrome/140.0.7339.207 Mobile Safari/537.36 (compatible; Googlebot/2.1; +http://www.google.com/bot.html)"
20.171.207.28 - - [20/Oct/2025:04:12:09 +0300] "GET /pages.php?_bd_prev_page=https://bckln.ru/collect.aspx?065017722.htm&_bdsid=8i31wb.n~FBOZA.171882992.173951532&_gz=2.198475681.196329788.172254536-860287671.160667979 HTTP/1.0" 200 80470 "-" "Mozilla/5.0 AppleWebKit/537.36 (KHTML, like Gecko; compatible; GPTBot/1.2; +https://openai.com/gptbot)"
20.171.207.28 - - [20/Oct/2025:04:12:10 +0300] "GET /pages.php?_bd_prev_page=https://bckln.ru/collect.aspx?065017722.htm&_bdsid=8i31wb.n~FBOZA.171882992.173951532&_gz=2.198475681.196329788.172254536-860287671.160667979 HTTP/1.1" 200 80570 "-" "Mozilla/5.0 AppleWebKit/537.36 (KHTML, like Gecko; compatible; GPTBot/1.2; +https://openai.com/gptbot)"
20.171.207.28 - - [20/Oct/2025:04:12:12 +0300] "GET /pages.php?_bd_prev_page=https://bckln.ru/collect.aspx?065026502.htm&_bdsid=8i31wb.n~FBOZA.171882992.173951532&_gz=2.198475681.196329788.172254536-860287671.160667979 HTTP/1.0" 200 80778 "-" "Mozilla/5.0 AppleWebKit/537.36 (KHTML, like Gecko; compatible; GPTBot/1.2; +https://openai.com/gptbot)"
20.171.207.28 - - [20/Oct/2025:04:12:13 +0300] "GET /pages.php?_bd_prev_page=https://bckln.ru/collect.aspx?065026502.htm&_bdsid=8i31wb.n~FBOZA.171882992.173951532&_gz=2.198475681.196329788.172254536-860287671.160667979 HTTP/1.1" 200 80878 "-" "Mozilla/5.0 AppleWebKit/537.36 (KHTML, like Gecko; compatible; GPTBot/1.2; +https://openai.com/gptbot)"
20.171.207.28 - - [20/Oct/2025:04:12:15 +0300] "GET /pages.php?_bd_prev_page=https://bckln.ru/collect.aspx?065017718.htm&_bdsid=8i31wb.n~FBOZA.171882992.173951532&_gz=2.198475681.196329788.172254536-860287671.160667979 HTTP/1.0" 200 77687 "-" "Mozilla/5.0 AppleWebKit/537.36 (KHTML, like Gecko; compatible; GPTBot/1.2; +https://openai.com/gptbot)"
20.171.207.28 - - [20/Oct/2025:04:12:16 +0300] "GET /pages.php?_bd_prev_page=https://bckln.ru/collect.aspx?065017718.htm&_bdsid=8i31wb.n~FBOZA.171882992.173951532&_gz=2.198475681.196329788.172254536-860287671.160667979 HTTP/1.1" 200 77786 "-" "Mozilla/5.0 AppleWebKit/537.36 (KHTML, like Gecko; compatible; GPTBot/1.2; +https://openai.com/gptbot)"
20.171.207.28 - - [20/Oct/2025:04:12:18 +0300] "GET /pages.php?_bd_prev_page=https://bckln.ru/collect.aspx?product/theater20?c=g&_bdsid=8i31wb.n~FBOZA.171882992.173951532&_gz=2.198475681.196329788.172254536-860287671.160667979&l=28 HTTP/1.0" 200 94368 "-" "Mozilla/5.0 AppleWebKit/537.36 (KHTML, like Gecko; compatible; GPTBot/1.2; +https://openai.com/gptbot)"
20.171.207.28 - - [20/Oct/2025:04:12:19 +0300] "GET /pages.php?_bd_prev_page=https://bckln.ru/collect.aspx?product/theater20?c=g&_bdsid=8i31wb.n~FBOZA.171882992.173951532&_gz=2.198475681.196329788.172254536-860287671.160667979&l=28 HTTP/1.1" 200 94484 "-" "Mozilla/5.0 AppleWebKit/537.36 (KHTML, like Gecko; compatible; GPTBot/1.2; +https://openai.com/gptbot)"
20.171.207.28 - - [20/Oct/2025:04:12:21 +0300] "GET /pages.php?_bd_prev_page=https://bckln.ru/collect.aspx?065014908.htm&_bdsid=8i31wb.n~FBOZA.171882992.173951532&_gz=2.198475681.196329788.172254536-860287671.160667979 HTTP/1.0" 200 91754 "-" "Mozilla/5.0 AppleWebKit/537.36 (KHTML, like Gecko; compatible; GPTBot/1.2; +https://openai.com/gptbot)"
20.171.207.28 - - [20/Oct/2025:04:12:22 +0300] "GET /pages.php?_bd_prev_page=https://bckln.ru/collect.aspx?065014908.htm&_bdsid=8i31wb.n~FBOZA.171882992.173951532&_gz=2.198475681.196329788.172254536-860287671.160667979 HTTP/1.1" 200 91862 "-" "Mozilla/5.0 AppleWebKit/537.36 (KHTML, like Gecko; compatible; GPTBot/1.2; +https://openai.com/gptbot)"
20.171.207.28 - - [20/Oct/2025:04:12:24 +0300] "GET /pages.php?_bd_prev_page=https://bckln.ru/collect.aspx?065044282.htm&_bdsid=8i31wb.n~FBOZA.171882992.173951532&_gz=2.198475681.196329788.172254536-860287671.160667979 HTTP/1.0" 200 90404 "-" "Mozilla/5.0 AppleWebKit/537.36 (KHTML, like Gecko; compatible; GPTBot/1.2; +https://openai.com/gptbot)"
20.171.207.28 - - [20/Oct/2025:04:12:25 +0300] "GET /pages.php?_bd_prev_page=https://bckln.ru/collect.aspx?065044282.htm&_bdsid=8i31wb.n~FBOZA.171882992.173951532&_gz=2.198475681.196329788.172254536-860287671.160667979 HTTP/1.1" 200 90512 "-" "Mozilla/5.0 AppleWebKit/537.36 (KHTML, like Gecko; compatible; GPTBot/1.2; +https://openai.com/gptbot)"
20.171.207.28 - - [20/Oct/2025:04:12:28 +0300] "GET /pages.php?_bd_prev_page=https://bckln.ru/collect.aspx?065044286.htm&_bdsid=8i31wb.n~FBOZA.171882992.173951532&_gz=2.198475681.196329788.172254536-860287671.160667979 HTTP/1.0" 200 84786 "-" "Mozilla/5.0 AppleWebKit/537.36 (KHTML, like Gecko; compatible; GPTBot/1.2; +https://openai.com/gptbot)"
20.171.207.28 - - [20/Oct/2025:04:12:29 +0300] "GET /pages.php?_bd_prev_page=https://bckln.ru/collect.aspx?065044286.htm&_bdsid=8i31wb.n~FBOZA.171882992.173951532&_gz=2.198475681.196329788.172254536-860287671.160667979 HTTP/1.1" 200 84879 "-" "Mozilla/5.0 AppleWebKit/537.36 (KHTML, like Gecko; compatible; GPTBot/1.2; +https://openai.com/gptbot)"
20.171.207.28 - - [20/Oct/2025:04:12:31 +0300] "GET /pages.php?l=44281&product/credibility65?c=g HTTP/1.0" 200 85779 "-" "Mozilla/5.0 AppleWebKit/537.36 (KHTML, like Gecko; compatible; GPTBot/1.2; +https://openai.com/gptbot)"
20.171.207.28 - - [20/Oct/2025:04:12:31 +0300] "GET /pages.php?l=44281&product/credibility65?c=g HTTP/1.1" 200 85872 "-" "Mozilla/5.0 AppleWebKit/537.36 (KHTML, like Gecko; compatible; GPTBot/1.2; +https://openai.com/gptbot)"
204.12.208.18 - - [20/Oct/2025:04:12:34 +0300] "GET /wp-includes/im763f02/edit.php HTTP/1.1" 499 0 "https://bckln.ru/wp-includes/im763f02/edit.php" "Mozilla/5.0 (Macintosh; U; Intel Mac OS X 10_6_2; ja-jp) AppleWebKit/531.21.8 (KHTML, like Gecko) Version/4.0.4 Safari/531.21.10"
20.171.207.28 - - [20/Oct/2025:04:12:34 +0300] "GET /pages.php?_bd_prev_page=https://bckln.ru/collect.aspx?product/prayer96?c=g&_bdsid=8i31wb.n~FBOZA.171882992.173951532&_gz=2.198475681.196329788.172254536-860287671.160667979&l=34140 HTTP/1.0" 200 84011 "-" "Mozilla/5.0 AppleWebKit/537.36 (KHTML, like Gecko; compatible; GPTBot/1.2; +https://openai.com/gptbot)"
20.171.207.28 - - [20/Oct/2025:04:12:34 +0300] "GET /pages.php?_bd_prev_page=https://bckln.ru/collect.aspx?product/prayer96?c=g&_bdsid=8i31wb.n~FBOZA.171882992.173951532&_gz=2.198475681.196329788.172254536-860287671.160667979&l=34140 HTTP/1.1" 200 84111 "-" "Mozilla/5.0 AppleWebKit/537.36 (KHTML, like Gecko; compatible; GPTBot/1.2; +https://openai.com/gptbot)"
204.12.208.18 - - [20/Oct/2025:04:12:35 +0300] "GET /wp-includes/im763f02/edit.php HTTP/1.0" 200 6 "https://bckln.ru/wp-includes/im763f02/edit.php" "Mozilla/5.0 (compatible; MSIE 10.0; Windows NT 6.2; Win64; x64; Trident/6.0)"
204.12.208.18 - - [20/Oct/2025:04:12:35 +0300] "GET /wp-includes/im763f02/edit.php HTTP/1.1" 200 16 "https://bckln.ru/wp-includes/im763f02/edit.php" "Mozilla/5.0 (compatible; MSIE 10.0; Windows NT 6.2; Win64; x64; Trident/6.0)"
20.171.207.28 - - [20/Oct/2025:04:12:37 +0300] "GET /pages.php?_bd_prev_page=https://bckln.ru/collect.aspx?065044334.htm&_bdsid=8i31wb.n~FBOZA.171882992.173951532&_gz=2.198475681.196329788.172254536-860287671.160667979 HTTP/1.0" 200 77437 "-" "Mozilla/5.0 AppleWebKit/537.36 (KHTML, like Gecko; compatible; GPTBot/1.2; +https://openai.com/gptbot)"
20.171.207.28 - - [20/Oct/2025:04:12:41 +0300] "GET /pages.php?_bd_prev_page=https://bckln.ru/collect.aspx?065044334.htm&_bdsid=8i31wb.n~FBOZA.171882992.173951532&_gz=2.198475681.196329788.172254536-860287671.160667979 HTTP/1.1" 200 77529 "-" "Mozilla/5.0 AppleWebKit/537.36 (KHTML, like Gecko; compatible; GPTBot/1.2; +https://openai.com/gptbot)"
20.171.207.28 - - [20/Oct/2025:04:12:42 +0300] "GET /pages.php?_bd_prev_page=https://bckln.ru/collect.aspx?008031115.htm&_bdsid=8i31wb.n~FBOZA.171882992.173951532&_gz=2.198475681.196329788.172254536-860287671.160667979 HTTP/1.0" 200 86153 "-" "Mozilla/5.0 AppleWebKit/537.36 (KHTML, like Gecko; compatible; GPTBot/1.2; +https://openai.com/gptbot)"
20.171.207.28 - - [20/Oct/2025:04:12:43 +0300] "GET /pages.php?_bd_prev_page=https://bckln.ru/collect.aspx?008031115.htm&_bdsid=8i31wb.n~FBOZA.171882992.173951532&_gz=2.198475681.196329788.172254536-860287671.160667979 HTTP/1.1" 200 86261 "-" "Mozilla/5.0 AppleWebKit/537.36 (KHTML, like Gecko; compatible; GPTBot/1.2; +https://openai.com/gptbot)"
20.171.207.28 - - [20/Oct/2025:04:12:45 +0300] "GET /pages.php?_bd_prev_page=https://bckln.ru/collect.aspx?065044332.htm&_bdsid=8i31wb.n~FBOZA.171882992.173951532&_gz=2.198475681.196329788.172254536-860287671.160667979 HTTP/1.0" 200 75087 "-" "Mozilla/5.0 AppleWebKit/537.36 (KHTML, like Gecko; compatible; GPTBot/1.2; +https://openai.com/gptbot)"
20.171.207.28 - - [20/Oct/2025:04:12:46 +0300] "GET /pages.php?_bd_prev_page=https://bckln.ru/collect.aspx?065044332.htm&_bdsid=8i31wb.n~FBOZA.171882992.173951532&_gz=2.198475681.196329788.172254536-860287671.160667979 HTTP/1.1" 200 75179 "-" "Mozilla/5.0 AppleWebKit/537.36 (KHTML, like Gecko; compatible; GPTBot/1.2; +https://openai.com/gptbot)"
20.171.207.28 - - [20/Oct/2025:04:12:48 +0300] "GET /pages.php?_bd_prev_page=https://bckln.ru/collect.aspx?product/date65?c=g&_bdsid=8i31wb.n~FBOZA.171882992.173951532&_gz=2.198475681.196329788.172254536-860287671.160667979&l=8399 HTTP/1.0" 200 72845 "-" "Mozilla/5.0 AppleWebKit/537.36 (KHTML, like Gecko; compatible; GPTBot/1.2; +https://openai.com/gptbot)"
20.171.207.28 - - [20/Oct/2025:04:12:49 +0300] "GET /pages.php?_bd_prev_page=https://bckln.ru/collect.aspx?product/date65?c=g&_bdsid=8i31wb.n~FBOZA.171882992.173951532&_gz=2.198475681.196329788.172254536-860287671.160667979&l=8399 HTTP/1.1" 200 72929 "-" "Mozilla/5.0 AppleWebKit/537.36 (KHTML, like Gecko; compatible; GPTBot/1.2; +https://openai.com/gptbot)"
20.171.207.28 - - [20/Oct/2025:04:12:52 +0300] "GET /pages.php?_bd_prev_page=https://bckln.ru/collect.aspx?017018380.htm&_bdsid=8i31wb.n~FBOZA.171882992.173951532&_gz=2.198475681.196329788.172254536-860287671.160667979 HTTP/1.0" 200 78466 "-" "Mozilla/5.0 AppleWebKit/537.36 (KHTML, like Gecko; compatible; GPTBot/1.2; +https://openai.com/gptbot)"
20.171.207.28 - - [20/Oct/2025:04:12:53 +0300] "GET /pages.php?_bd_prev_page=https://bckln.ru/collect.aspx?017018380.htm&_bdsid=8i31wb.n~FBOZA.171882992.173951532&_gz=2.198475681.196329788.172254536-860287671.160667979 HTTP/1.1" 200 78565 "-" "Mozilla/5.0 AppleWebKit/537.36 (KHTML, like Gecko; compatible; GPTBot/1.2; +https://openai.com/gptbot)"
20.171.207.28 - - [20/Oct/2025:04:12:55 +0300] "GET /pages.php?_bd_prev_page=https://bckln.ru/collect.aspx?025022770.htm&_bdsid=8i31wb.n~FBOZA.171882992.173951532&_gz=2.198475681.196329788.172254536-860287671.160667979 HTTP/1.0" 200 81486 "-" "Mozilla/5.0 AppleWebKit/537.36 (KHTML, like Gecko; compatible; GPTBot/1.2; +https://openai.com/gptbot)"
20.171.207.28 - - [20/Oct/2025:04:12:56 +0300] "GET /pages.php?_bd_prev_page=https://bckln.ru/collect.aspx?025022770.htm&_bdsid=8i31wb.n~FBOZA.171882992.173951532&_gz=2.198475681.196329788.172254536-860287671.160667979 HTTP/1.1" 200 81586 "-" "Mozilla/5.0 AppleWebKit/537.36 (KHTML, like Gecko; compatible; GPTBot/1.2; +https://openai.com/gptbot)"
20.171.207.28 - - [20/Oct/2025:04:12:58 +0300] "GET /pages.php?_bd_prev_page=https://bckln.ru/collect.aspx?025000566.htm&_bdsid=8i31wb.n~FBOZA.171882992.173951532&_gz=2.198475681.196329788.172254536-860287671.160667979 HTTP/1.0" 200 79031 "-" "Mozilla/5.0 AppleWebKit/537.36 (KHTML, like Gecko; compatible; GPTBot/1.2; +https://openai.com/gptbot)"
20.171.207.28 - - [20/Oct/2025:04:12:59 +0300] "GET /pages.php?_bd_prev_page=https://bckln.ru/collect.aspx?025000566.htm&_bdsid=8i31wb.n~FBOZA.171882992.173951532&_gz=2.198475681.196329788.172254536-860287671.160667979 HTTP/1.1" 200 79131 "-" "Mozilla/5.0 AppleWebKit/537.36 (KHTML, like Gecko; compatible; GPTBot/1.2; +https://openai.com/gptbot)"
20.171.207.28 - - [20/Oct/2025:04:13:01 +0300] "GET /pages.php?l=23079&product/fundamental25?c=g HTTP/1.0" 200 81409 "-" "Mozilla/5.0 AppleWebKit/537.36 (KHTML, like Gecko; compatible; GPTBot/1.2; +https://openai.com/gptbot)"
20.171.207.28 - - [20/Oct/2025:04:13:02 +0300] "GET /pages.php?l=23079&product/fundamental25?c=g HTTP/1.1" 200 81509 "-" "Mozilla/5.0 AppleWebKit/537.36 (KHTML, like Gecko; compatible; GPTBot/1.2; +https://openai.com/gptbot)"
20.171.207.28 - - [20/Oct/2025:04:13:04 +0300] "GET /pages.php?_bd_prev_page=https://bckln.ru/collect.aspx?089012890.htm&_bdsid=8i31wb.n~FBOZA.171882992.173951532&_gz=2.198475681.196329788.172254536-860287671.160667979 HTTP/1.0" 200 81333 "-" "Mozilla/5.0 AppleWebKit/537.36 (KHTML, like Gecko; compatible; GPTBot/1.2; +https://openai.com/gptbot)"
20.171.207.28 - - [20/Oct/2025:04:13:05 +0300] "GET /pages.php?_bd_prev_page=https://bckln.ru/collect.aspx?089012890.htm&_bdsid=8i31wb.n~FBOZA.171882992.173951532&_gz=2.198475681.196329788.172254536-860287671.160667979 HTTP/1.1" 200 81432 "-" "Mozilla/5.0 AppleWebKit/537.36 (KHTML, like Gecko; compatible; GPTBot/1.2; +https://openai.com/gptbot)"
20.171.207.28 - - [20/Oct/2025:04:13:07 +0300] "GET /pages.php?_bd_prev_page=https://bckln.ru/collect.aspx?089012880.htm&_bdsid=8i31wb.n~FBOZA.171882992.173951532&_gz=2.198475681.196329788.172254536-860287671.160667979 HTTP/1.0" 200 84523 "-" "Mozilla/5.0 AppleWebKit/537.36 (KHTML, like Gecko; compatible; GPTBot/1.2; +https://openai.com/gptbot)"
20.171.207.28 - - [20/Oct/2025:04:13:08 +0300] "GET /pages.php?_bd_prev_page=https://bckln.ru/collect.aspx?089012880.htm&_bdsid=8i31wb.n~FBOZA.171882992.173951532&_gz=2.198475681.196329788.172254536-860287671.160667979 HTTP/1.1" 200 84623 "-" "Mozilla/5.0 AppleWebKit/537.36 (KHTML, like Gecko; compatible; GPTBot/1.2; +https://openai.com/gptbot)"
173.208.176.202 - - [20/Oct/2025:04:11:39 +0300] "GET /wp-content/qq7b83be/index.php?id=501574 HTTP/1.0" 200 - "https://bckln.ru/wp-content/qq7b83be/index.php?id=501574" "Mozilla/5.0 (Windows NT 10.0; Win64; x64) AppleWebKit/537.36 (KHTML, like Gecko) Chrome/58.0.3029.110 Safari/537.3"
45.150.238.5 - - [20/Oct/2025:04:13:09 +0300] "GET / HTTP/1.0" 200 69660 "-" "Zabbix"
45.150.238.5 - - [20/Oct/2025:04:13:09 +0300] "GET / HTTP/1.1" 200 69743 "-" "Zabbix"
94.154.35.236 - - [20/Oct/2025:04:13:11 +0300] "HEAD /2024.rar HTTP/1.0" 200 - "-" "Mozilla/5.0 (Windows NT 10.0; Win64; x64) AppleWebKit/537.36 (KHTML, like Gecko) Chrome/101.0.4951.67 Safari/537.36"
94.154.35.236 - - [20/Oct/2025:04:13:11 +0300] "HEAD /2024.rar HTTP/1.1" 200 0 "-" "Mozilla/5.0 (Windows NT 10.0; Win64; x64) AppleWebKit/537.36 (KHTML, like Gecko) Chrome/101.0.4951.67 Safari/537.36"
20.171.207.28 - - [20/Oct/2025:04:13:11 +0300] "GET /pages.php?_bd_prev_page=https://bckln.ru/collect.aspx?017041128.htm&_bdsid=8i31wb.n~FBOZA.171882992.173951532&_gz=2.198475681.196329788.172254536-860287671.160667979 HTTP/1.0" 200 84491 "-" "Mozilla/5.0 AppleWebKit/537.36 (KHTML, like Gecko; compatible; GPTBot/1.2; +https://openai.com/gptbot)"
20.171.207.28 - - [20/Oct/2025:04:13:12 +0300] "GET /pages.php?_bd_prev_page=https://bckln.ru/collect.aspx?017041128.htm&_bdsid=8i31wb.n~FBOZA.171882992.173951532&_gz=2.198475681.196329788.172254536-860287671.160667979 HTTP/1.1" 200 84591 "-" "Mozilla/5.0 AppleWebKit/537.36 (KHTML, like Gecko; compatible; GPTBot/1.2; +https://openai.com/gptbot)"
173.208.176.202 - - [20/Oct/2025:04:13:12 +0300] "GET /wp-content/qq7b83be/index.php?id=501574 HTTP/1.1" 499 0 "https://bckln.ru/wp-content/qq7b83be/index.php?id=501574" "Mozilla/5.0 (Windows NT 10.0; Win64; x64) AppleWebKit/537.36 (KHTML, like Gecko) Chrome/58.0.3029.110 Safari/537.3"
20.171.207.28 - - [20/Oct/2025:04:13:14 +0300] "GET /pages.php?_bd_prev_page=https://bckln.ru/collect.aspx?065036342.htm&_bdsid=8i31wb.n~FBOZA.171882992.173951532&_gz=2.198475681.196329788.172254536-860287671.160667979 HTTP/1.0" 200 83486 "-" "Mozilla/5.0 AppleWebKit/537.36 (KHTML, like Gecko; compatible; GPTBot/1.2; +https://openai.com/gptbot)"
20.171.207.28 - - [20/Oct/2025:04:13:15 +0300] "GET /pages.php?_bd_prev_page=https://bckln.ru/collect.aspx?065036342.htm&_bdsid=8i31wb.n~FBOZA.171882992.173951532&_gz=2.198475681.196329788.172254536-860287671.160667979 HTTP/1.1" 200 83586 "-" "Mozilla/5.0 AppleWebKit/537.36 (KHTML, like Gecko; compatible; GPTBot/1.2; +https://openai.com/gptbot)"
20.171.207.28 - - [20/Oct/2025:04:13:17 +0300] "GET /pages.php?_bd_prev_page=https://bckln.ru/collect.aspx?065035886.htm&_bdsid=8i31wb.n~FBOZA.171882992.173951532&_gz=2.198475681.196329788.172254536-860287671.160667979 HTTP/1.0" 200 83324 "-" "Mozilla/5.0 AppleWebKit/537.36 (KHTML, like Gecko; compatible; GPTBot/1.2; +https://openai.com/gptbot)"
20.171.207.28 - - [20/Oct/2025:04:13:18 +0300] "GET /pages.php?_bd_prev_page=https://bckln.ru/collect.aspx?065035886.htm&_bdsid=8i31wb.n~FBOZA.171882992.173951532&_gz=2.198475681.196329788.172254536-860287671.160667979 HTTP/1.1" 200 83424 "-" "Mozilla/5.0 AppleWebKit/537.36 (KHTML, like Gecko; compatible; GPTBot/1.2; +https://openai.com/gptbot)"
20.171.207.28 - - [20/Oct/2025:04:13:20 +0300] "GET /pages.php?_bd_prev_page=https://bckln.ru/collect.aspx?049041038.htm&_bdsid=8i31wb.n~FBOZA.171882992.173951532&_gz=2.198475681.196329788.172254536-860287671.160667979 HTTP/1.0" 200 86489 "-" "Mozilla/5.0 AppleWebKit/537.36 (KHTML, like Gecko; compatible; GPTBot/1.2; +https://openai.com/gptbot)"
20.171.207.28 - - [20/Oct/2025:04:13:21 +0300] "GET /pages.php?_bd_prev_page=https://bckln.ru/collect.aspx?049041038.htm&_bdsid=8i31wb.n~FBOZA.171882992.173951532&_gz=2.198475681.196329788.172254536-860287671.160667979 HTTP/1.1" 200 86597 "-" "Mozilla/5.0 AppleWebKit/537.36 (KHTML, like Gecko; compatible; GPTBot/1.2; +https://openai.com/gptbot)"
20.171.207.28 - - [20/Oct/2025:04:13:23 +0300] "GET /pages.php?_bd_prev_page=https://bckln.ru/collect.aspx?089001670.htm&_bdsid=8i31wb.n~FBOZA.171882992.173951532&_gz=2.198475681.196329788.172254536-860287671.160667979 HTTP/1.0" 200 78036 "-" "Mozilla/5.0 AppleWebKit/537.36 (KHTML, like Gecko; compatible; GPTBot/1.2; +https://openai.com/gptbot)"
20.171.207.28 - - [20/Oct/2025:04:13:24 +0300] "GET /pages.php?_bd_prev_page=https://bckln.ru/collect.aspx?089001670.htm&_bdsid=8i31wb.n~FBOZA.171882992.173951532&_gz=2.198475681.196329788.172254536-860287671.160667979 HTTP/1.1" 200 78136 "-" "Mozilla/5.0 AppleWebKit/537.36 (KHTML, like Gecko; compatible; GPTBot/1.2; +https://openai.com/gptbot)"
20.171.207.28 - - [20/Oct/2025:04:13:27 +0300] "GET /pages.php?_bd_prev_page=https://bckln.ru/collect.aspx?065021108.htm&_bdsid=8i31wb.n~FBOZA.171882992.173951532&_gz=2.198475681.196329788.172254536-860287671.160667979 HTTP/1.0" 200 81668 "-" "Mozilla/5.0 AppleWebKit/537.36 (KHTML, like Gecko; compatible; GPTBot/1.2; +https://openai.com/gptbot)"
20.171.207.28 - - [20/Oct/2025:04:13:28 +0300] "GET /pages.php?_bd_prev_page=https://bckln.ru/collect.aspx?065021108.htm&_bdsid=8i31wb.n~FBOZA.171882992.173951532&_gz=2.198475681.196329788.172254536-860287671.160667979 HTTP/1.1" 200 81768 "-" "Mozilla/5.0 AppleWebKit/537.36 (KHTML, like Gecko; compatible; GPTBot/1.2; +https://openai.com/gptbot)"
20.171.207.28 - - [20/Oct/2025:04:13:30 +0300] "GET /pages.php?l=36343&product/holy65?c=g HTTP/1.0" 200 87717 "-" "Mozilla/5.0 AppleWebKit/537.36 (KHTML, like Gecko; compatible; GPTBot/1.2; +https://openai.com/gptbot)"
20.171.207.28 - - [20/Oct/2025:04:13:31 +0300] "GET /pages.php?l=36343&product/holy65?c=g HTTP/1.1" 200 87825 "-" "Mozilla/5.0 AppleWebKit/537.36 (KHTML, like Gecko; compatible; GPTBot/1.2; +https://openai.com/gptbot)"
