20.171.207.28 - - [20/Oct/2025:05:09:47 +0300] "GET /pages.php?_bd_prev_page=https://bckln.ru/collect.aspx?019016566.htm&_bdsid=8i31wb.n~FBOZA.171882992.173951532&_gz=2.198475681.196329788.172254536-860287671.160667979 HTTP/1.0" 200 89405 "-" "Mozilla/5.0 AppleWebKit/537.36 (KHTML, like Gecko; compatible; GPTBot/1.2; +https://openai.com/gptbot)"
20.171.207.28 - - [20/Oct/2025:05:09:48 +0300] "GET /pages.php?_bd_prev_page=https://bckln.ru/collect.aspx?019016566.htm&_bdsid=8i31wb.n~FBOZA.171882992.173951532&_gz=2.198475681.196329788.172254536-860287671.160667979 HTTP/1.1" 200 89513 "-" "Mozilla/5.0 AppleWebKit/537.36 (KHTML, like Gecko; compatible; GPTBot/1.2; +https://openai.com/gptbot)"
20.171.207.28 - - [20/Oct/2025:05:09:50 +0300] "GET /pages.php?_bd_prev_page=https://bckln.ru/collect.aspx?019016572.htm&_bdsid=8i31wb.n~FBOZA.171882992.173951532&_gz=2.198475681.196329788.172254536-860287671.160667979 HTTP/1.0" 200 79472 "-" "Mozilla/5.0 AppleWebKit/537.36 (KHTML, like Gecko; compatible; GPTBot/1.2; +https://openai.com/gptbot)"
20.171.207.28 - - [20/Oct/2025:05:09:51 +0300] "GET /pages.php?_bd_prev_page=https://bckln.ru/collect.aspx?019016572.htm&_bdsid=8i31wb.n~FBOZA.171882992.173951532&_gz=2.198475681.196329788.172254536-860287671.160667979 HTTP/1.1" 200 79572 "-" "Mozilla/5.0 AppleWebKit/537.36 (KHTML, like Gecko; compatible; GPTBot/1.2; +https://openai.com/gptbot)"
20.171.207.28 - - [20/Oct/2025:05:09:53 +0300] "GET /pages.php?_bd_prev_page=https://bckln.ru/collect.aspx?062030995.htm&_bdsid=8i31wb.n~FBOZA.171882992.173951532&_gz=2.198475681.196329788.172254536-860287671.160667979 HTTP/1.0" 200 79072 "-" "Mozilla/5.0 AppleWebKit/537.36 (KHTML, like Gecko; compatible; GPTBot/1.2; +https://openai.com/gptbot)"
20.171.207.28 - - [20/Oct/2025:05:09:54 +0300] "GET /pages.php?_bd_prev_page=https://bckln.ru/collect.aspx?062030995.htm&_bdsid=8i31wb.n~FBOZA.171882992.173951532&_gz=2.198475681.196329788.172254536-860287671.160667979 HTTP/1.1" 200 79172 "-" "Mozilla/5.0 AppleWebKit/537.36 (KHTML, like Gecko; compatible; GPTBot/1.2; +https://openai.com/gptbot)"
20.171.207.28 - - [20/Oct/2025:05:09:56 +0300] "GET /pages.php?_bd_prev_page=https://bckln.ru/collect.aspx?062023593.htm&_bdsid=8i31wb.n~FBOZA.171882992.173951532&_gz=2.198475681.196329788.172254536-860287671.160667979 HTTP/1.0" 200 82115 "-" "Mozilla/5.0 AppleWebKit/537.36 (KHTML, like Gecko; compatible; GPTBot/1.2; +https://openai.com/gptbot)"
20.171.207.28 - - [20/Oct/2025:05:09:57 +0300] "GET /pages.php?_bd_prev_page=https://bckln.ru/collect.aspx?062023593.htm&_bdsid=8i31wb.n~FBOZA.171882992.173951532&_gz=2.198475681.196329788.172254536-860287671.160667979 HTTP/1.1" 200 82215 "-" "Mozilla/5.0 AppleWebKit/537.36 (KHTML, like Gecko; compatible; GPTBot/1.2; +https://openai.com/gptbot)"
20.171.207.28 - - [20/Oct/2025:05:09:59 +0300] "GET /pages.php?_bd_prev_page=https://bckln.ru/collect.aspx?062030999.htm&_bdsid=8i31wb.n~FBOZA.171882992.173951532&_gz=2.198475681.196329788.172254536-860287671.160667979 HTTP/1.0" 200 88658 "-" "Mozilla/5.0 AppleWebKit/537.36 (KHTML, like Gecko; compatible; GPTBot/1.2; +https://openai.com/gptbot)"
20.171.207.28 - - [20/Oct/2025:05:10:00 +0300] "GET /pages.php?_bd_prev_page=https://bckln.ru/collect.aspx?062030999.htm&_bdsid=8i31wb.n~FBOZA.171882992.173951532&_gz=2.198475681.196329788.172254536-860287671.160667979 HTTP/1.1" 200 88766 "-" "Mozilla/5.0 AppleWebKit/537.36 (KHTML, like Gecko; compatible; GPTBot/1.2; +https://openai.com/gptbot)"
20.171.207.28 - - [20/Oct/2025:05:10:02 +0300] "GET /pages.php?l=18257&product/else25?c=g HTTP/1.0" 200 88934 "-" "Mozilla/5.0 AppleWebKit/537.36 (KHTML, like Gecko; compatible; GPTBot/1.2; +https://openai.com/gptbot)"
20.171.207.28 - - [20/Oct/2025:05:10:03 +0300] "GET /pages.php?l=18257&product/else25?c=g HTTP/1.1" 200 89042 "-" "Mozilla/5.0 AppleWebKit/537.36 (KHTML, like Gecko; compatible; GPTBot/1.2; +https://openai.com/gptbot)"
20.171.207.28 - - [20/Oct/2025:05:10:05 +0300] "GET /pages.php?_bd_prev_page=https://bckln.ru/collect.aspx?019010502.htm&_bdsid=8i31wb.n~FBOZA.171882992.173951532&_gz=2.198475681.196329788.172254536-860287671.160667979 HTTP/1.0" 200 91676 "-" "Mozilla/5.0 AppleWebKit/537.36 (KHTML, like Gecko; compatible; GPTBot/1.2; +https://openai.com/gptbot)"
20.171.207.28 - - [20/Oct/2025:05:10:06 +0300] "GET /pages.php?_bd_prev_page=https://bckln.ru/collect.aspx?019010502.htm&_bdsid=8i31wb.n~FBOZA.171882992.173951532&_gz=2.198475681.196329788.172254536-860287671.160667979 HTTP/1.1" 200 91769 "-" "Mozilla/5.0 AppleWebKit/537.36 (KHTML, like Gecko; compatible; GPTBot/1.2; +https://openai.com/gptbot)"
20.171.207.28 - - [20/Oct/2025:05:10:08 +0300] "GET /pages.php?l=10523&product/documentary19?c=g HTTP/1.0" 200 80799 "-" "Mozilla/5.0 AppleWebKit/537.36 (KHTML, like Gecko; compatible; GPTBot/1.2; +https://openai.com/gptbot)"
20.171.207.28 - - [20/Oct/2025:05:10:09 +0300] "GET /pages.php?l=10523&product/documentary19?c=g HTTP/1.1" 200 80899 "-" "Mozilla/5.0 AppleWebKit/537.36 (KHTML, like Gecko; compatible; GPTBot/1.2; +https://openai.com/gptbot)"
173.208.176.202 - - [20/Oct/2025:05:08:39 +0300] "GET /wp-content/qq7b83be/index.php?id=501574 HTTP/1.0" 200 - "https://bckln.ru/wp-content/qq7b83be/index.php?id=501574" "Mozilla/5.0 (Windows NT 10.0; Win64; x64) AppleWebKit/537.36 (KHTML, like Gecko) Chrome/58.0.3029.110 Safari/537.3"
45.150.238.5 - - [20/Oct/2025:05:10:11 +0300] "GET / HTTP/1.0" 200 69660 "-" "Zabbix"
45.150.238.5 - - [20/Oct/2025:05:10:11 +0300] "GET / HTTP/1.1" 200 69743 "-" "Zabbix"
20.171.207.28 - - [20/Oct/2025:05:10:12 +0300] "GET /pages.php?l=25380&product/inevitably62?c=g HTTP/1.0" 200 75126 "-" "Mozilla/5.0 AppleWebKit/537.36 (KHTML, like Gecko; compatible; GPTBot/1.2; +https://openai.com/gptbot)"
20.171.207.28 - - [20/Oct/2025:05:10:13 +0300] "GET /pages.php?l=25380&product/inevitably62?c=g HTTP/1.1" 200 75218 "-" "Mozilla/5.0 AppleWebKit/537.36 (KHTML, like Gecko; compatible; GPTBot/1.2; +https://openai.com/gptbot)"
216.73.216.145 - - [20/Oct/2025:05:10:14 +0300] "GET /robots.txt HTTP/1.0" 200 320 "-" "Mozilla/5.0 AppleWebKit/537.36 (KHTML, like Gecko; compatible; ClaudeBot/1.0; +claudebot@anthropic.com)"
216.73.216.145 - - [20/Oct/2025:05:10:14 +0300] "GET /robots.txt HTTP/1.1" 200 320 "-" "Mozilla/5.0 AppleWebKit/537.36 (KHTML, like Gecko; compatible; ClaudeBot/1.0; +claudebot@anthropic.com)"
216.73.216.145 - - [20/Oct/2025:05:10:14 +0300] "GET /?path=%2Fvar%2Fwww%2Fiq22073873%2Fdata%2Fwww%2Fbckln.ru%2Ftheme%2FChild+Theme+Example HTTP/1.0" 200 16398 "-" "Mozilla/5.0 AppleWebKit/537.36 (KHTML, like Gecko; compatible; ClaudeBot/1.0; +claudebot@anthropic.com)"
216.73.216.145 - - [20/Oct/2025:05:10:15 +0300] "GET /?path=%2Fvar%2Fwww%2Fiq22073873%2Fdata%2Fwww%2Fbckln.ru%2Ftheme%2FChild+Theme+Example HTTP/1.1" 200 16425 "-" "Mozilla/5.0 AppleWebKit/537.36 (KHTML, like Gecko; compatible; ClaudeBot/1.0; +claudebot@anthropic.com)"
216.73.216.145 - - [20/Oct/2025:05:10:15 +0300] "GET /?path=%2Fvar%2Fwww%2Fiq22073873%2Fdata%2Fwww%2Fbckln.ru%2Ftheme%2FUser+Guide HTTP/1.0" 200 19460 "-" "Mozilla/5.0 AppleWebKit/537.36 (KHTML, like Gecko; compatible; ClaudeBot/1.0; +claudebot@anthropic.com)"
216.73.216.145 - - [20/Oct/2025:05:10:15 +0300] "GET /?path=%2Fvar%2Fwww%2Fiq22073873%2Fdata%2Fwww%2Fbckln.ru%2Ftheme%2FUser+Guide HTTP/1.1" 200 19488 "-" "Mozilla/5.0 AppleWebKit/537.36 (KHTML, like Gecko; compatible; ClaudeBot/1.0; +claudebot@anthropic.com)"
20.171.207.28 - - [20/Oct/2025:05:10:15 +0300] "GET /pages.php?_bd_prev_page=https://bckln.ru/collect.aspx?055041030.htm&_bdsid=8i31wb.n~FBOZA.171882992.173951532&_gz=2.198475681.196329788.172254536-860287671.160667979 HTTP/1.0" 200 78377 "-" "Mozilla/5.0 AppleWebKit/537.36 (KHTML, like Gecko; compatible; GPTBot/1.2; +https://openai.com/gptbot)"
20.171.207.28 - - [20/Oct/2025:05:10:16 +0300] "GET /pages.php?_bd_prev_page=https://bckln.ru/collect.aspx?055041030.htm&_bdsid=8i31wb.n~FBOZA.171882992.173951532&_gz=2.198475681.196329788.172254536-860287671.160667979 HTTP/1.1" 200 78470 "-" "Mozilla/5.0 AppleWebKit/537.36 (KHTML, like Gecko; compatible; GPTBot/1.2; +https://openai.com/gptbot)"
173.208.176.202 - - [20/Oct/2025:05:10:18 +0300] "GET /wp-content/qq7b83be/index.php?id=501574 HTTP/1.1" 499 0 "https://bckln.ru/wp-content/qq7b83be/index.php?id=501574" "Mozilla/5.0 (Windows NT 10.0; Win64; x64) AppleWebKit/537.36 (KHTML, like Gecko) Chrome/58.0.3029.110 Safari/537.3"
20.171.207.28 - - [20/Oct/2025:05:10:18 +0300] "GET /pages.php?l=40158&product/disability62?c=g HTTP/1.0" 200 87306 "-" "Mozilla/5.0 AppleWebKit/537.36 (KHTML, like Gecko; compatible; GPTBot/1.2; +https://openai.com/gptbot)"
20.171.207.28 - - [20/Oct/2025:05:10:19 +0300] "GET /pages.php?l=40158&product/disability62?c=g HTTP/1.1" 200 87414 "-" "Mozilla/5.0 AppleWebKit/537.36 (KHTML, like Gecko; compatible; GPTBot/1.2; +https://openai.com/gptbot)"
20.171.207.28 - - [20/Oct/2025:05:10:21 +0300] "GET /pages.php?l=30371&product/journalism79?c=g HTTP/1.0" 200 81904 "-" "Mozilla/5.0 AppleWebKit/537.36 (KHTML, like Gecko; compatible; GPTBot/1.2; +https://openai.com/gptbot)"
20.171.207.28 - - [20/Oct/2025:05:10:22 +0300] "GET /pages.php?l=30371&product/journalism79?c=g HTTP/1.1" 200 82003 "-" "Mozilla/5.0 AppleWebKit/537.36 (KHTML, like Gecko; compatible; GPTBot/1.2; +https://openai.com/gptbot)"
20.171.207.28 - - [20/Oct/2025:05:10:24 +0300] "GET /pages.php?_bd_prev_page=https://bckln.ru/collect.aspx?product/loan62?c=g&_bdsid=8i31wb.n~FBOZA.171882992.173951532&_gz=2.198475681.196329788.172254536-860287671.160667979&l=38794 HTTP/1.0" 200 87632 "-" "Mozilla/5.0 AppleWebKit/537.36 (KHTML, like Gecko; compatible; GPTBot/1.2; +https://openai.com/gptbot)"
20.171.207.28 - - [20/Oct/2025:05:10:25 +0300] "GET /pages.php?_bd_prev_page=https://bckln.ru/collect.aspx?product/loan62?c=g&_bdsid=8i31wb.n~FBOZA.171882992.173951532&_gz=2.198475681.196329788.172254536-860287671.160667979&l=38794 HTTP/1.1" 200 87739 "-" "Mozilla/5.0 AppleWebKit/537.36 (KHTML, like Gecko; compatible; GPTBot/1.2; +https://openai.com/gptbot)"
20.171.207.28 - - [20/Oct/2025:05:10:27 +0300] "GET /pages.php?_bd_prev_page=https://bckln.ru/collect.aspx?product/rub62?c=g&_bdsid=8i31wb.n~FBOZA.171882992.173951532&_gz=2.198475681.196329788.172254536-860287671.160667979&l=736 HTTP/1.0" 200 67208 "-" "Mozilla/5.0 AppleWebKit/537.36 (KHTML, like Gecko; compatible; GPTBot/1.2; +https://openai.com/gptbot)"
20.171.207.28 - - [20/Oct/2025:05:10:28 +0300] "GET /pages.php?_bd_prev_page=https://bckln.ru/collect.aspx?product/rub62?c=g&_bdsid=8i31wb.n~FBOZA.171882992.173951532&_gz=2.198475681.196329788.172254536-860287671.160667979&l=736 HTTP/1.1" 200 67292 "-" "Mozilla/5.0 AppleWebKit/537.36 (KHTML, like Gecko; compatible; GPTBot/1.2; +https://openai.com/gptbot)"
20.171.207.28 - - [20/Oct/2025:05:10:31 +0300] "GET /pages.php?_bd_prev_page=https://bckln.ru/collect.aspx?product/pile78?c=g&_bdsid=8i31wb.n~FBOZA.171882992.173951532&_gz=2.198475681.196329788.172254536-860287671.160667979&l=21990 HTTP/1.0" 200 72462 "-" "Mozilla/5.0 AppleWebKit/537.36 (KHTML, like Gecko; compatible; GPTBot/1.2; +https://openai.com/gptbot)"
20.171.207.28 - - [20/Oct/2025:05:10:31 +0300] "GET /pages.php?_bd_prev_page=https://bckln.ru/collect.aspx?product/pile78?c=g&_bdsid=8i31wb.n~FBOZA.171882992.173951532&_gz=2.198475681.196329788.172254536-860287671.160667979&l=21990 HTTP/1.1" 200 72546 "-" "Mozilla/5.0 AppleWebKit/537.36 (KHTML, like Gecko; compatible; GPTBot/1.2; +https://openai.com/gptbot)"
20.171.207.28 - - [20/Oct/2025:05:10:34 +0300] "GET /pages.php?_bd_prev_page=https://bckln.ru/collect.aspx?product/tongue15?c=g&_bdsid=8i31wb.n~FBOZA.171882992.173951532&_gz=2.198475681.196329788.172254536-860287671.160667979&l=13623 HTTP/1.0" 200 74335 "-" "Mozilla/5.0 AppleWebKit/537.36 (KHTML, like Gecko; compatible; GPTBot/1.2; +https://openai.com/gptbot)"
20.171.207.28 - - [20/Oct/2025:05:10:35 +0300] "GET /pages.php?_bd_prev_page=https://bckln.ru/collect.aspx?product/tongue15?c=g&_bdsid=8i31wb.n~FBOZA.171882992.173951532&_gz=2.198475681.196329788.172254536-860287671.160667979&l=13623 HTTP/1.1" 200 74427 "-" "Mozilla/5.0 AppleWebKit/537.36 (KHTML, like Gecko; compatible; GPTBot/1.2; +https://openai.com/gptbot)"
20.171.207.28 - - [20/Oct/2025:05:10:37 +0300] "GET /pages.php?_bd_prev_page=https://bckln.ru/collect.aspx?097001704.htm&_bdsid=8i31wb.n~FBOZA.171882992.173951532&_gz=2.198475681.196329788.172254536-860287671.160667979 HTTP/1.0" 200 74258 "-" "Mozilla/5.0 AppleWebKit/537.36 (KHTML, like Gecko; compatible; GPTBot/1.2; +https://openai.com/gptbot)"
20.171.207.28 - - [20/Oct/2025:05:10:38 +0300] "GET /pages.php?_bd_prev_page=https://bckln.ru/collect.aspx?097001704.htm&_bdsid=8i31wb.n~FBOZA.171882992.173951532&_gz=2.198475681.196329788.172254536-860287671.160667979 HTTP/1.1" 200 74350 "-" "Mozilla/5.0 AppleWebKit/537.36 (KHTML, like Gecko; compatible; GPTBot/1.2; +https://openai.com/gptbot)"
20.171.207.28 - - [20/Oct/2025:05:10:40 +0300] "GET /pages.php?l=26917&product/citizenship43?c=g HTTP/1.0" 200 81024 "-" "Mozilla/5.0 AppleWebKit/537.36 (KHTML, like Gecko; compatible; GPTBot/1.2; +https://openai.com/gptbot)"
20.171.207.28 - - [20/Oct/2025:05:10:41 +0300] "GET /pages.php?l=26917&product/citizenship43?c=g HTTP/1.1" 200 81124 "-" "Mozilla/5.0 AppleWebKit/537.36 (KHTML, like Gecko; compatible; GPTBot/1.2; +https://openai.com/gptbot)"
216.73.216.145 - - [20/Oct/2025:05:10:42 +0300] "GET /?path=%2Fvar%2Fwww%2Fiq22073873%2Fdata%2Fwww%2Fbckln.ru%2Ftheme%2FPlugins HTTP/1.0" 200 28540 "-" "Mozilla/5.0 AppleWebKit/537.36 (KHTML, like Gecko; compatible; ClaudeBot/1.0; +claudebot@anthropic.com)"
216.73.216.145 - - [20/Oct/2025:05:10:42 +0300] "GET /?path=%2Fvar%2Fwww%2Fiq22073873%2Fdata%2Fwww%2Fbckln.ru%2Ftheme%2FPlugins HTTP/1.1" 200 28583 "-" "Mozilla/5.0 AppleWebKit/537.36 (KHTML, like Gecko; compatible; ClaudeBot/1.0; +claudebot@anthropic.com)"
20.171.207.28 - - [20/Oct/2025:05:10:43 +0300] "GET /pages.php?l=349&product/no75?c=g HTTP/1.0" 200 88798 "-" "Mozilla/5.0 AppleWebKit/537.36 (KHTML, like Gecko; compatible; GPTBot/1.2; +https://openai.com/gptbot)"
20.171.207.28 - - [20/Oct/2025:05:10:44 +0300] "GET /pages.php?l=349&product/no75?c=g HTTP/1.1" 200 88906 "-" "Mozilla/5.0 AppleWebKit/537.36 (KHTML, like Gecko; compatible; GPTBot/1.2; +https://openai.com/gptbot)"
216.73.216.145 - - [20/Oct/2025:05:10:42 +0300] "GET /?path=%2Fvar%2Fwww%2Fiq22073873%2Fdata%2Fwww%2Fbckln.ru%2Ftheme%2FPSDs+and+Icons HTTP/1.0" 200 29359 "-" "Mozilla/5.0 AppleWebKit/537.36 (KHTML, like Gecko; compatible; ClaudeBot/1.0; +claudebot@anthropic.com)"
216.73.216.145 - - [20/Oct/2025:05:10:45 +0300] "GET /?path=%2Fvar%2Fwww%2Fiq22073873%2Fdata%2Fwww%2Fbckln.ru%2Ftheme%2FPSDs+and+Icons HTTP/1.1" 200 29372 "-" "Mozilla/5.0 AppleWebKit/537.36 (KHTML, like Gecko; compatible; ClaudeBot/1.0; +claudebot@anthropic.com)"
20.171.207.28 - - [20/Oct/2025:05:10:46 +0300] "GET /pages.php?l=950&product/vendor90?c=g HTTP/1.0" 200 77800 "-" "Mozilla/5.0 AppleWebKit/537.36 (KHTML, like Gecko; compatible; GPTBot/1.2; +https://openai.com/gptbot)"
20.171.207.28 - - [20/Oct/2025:05:10:47 +0300] "GET /pages.php?l=950&product/vendor90?c=g HTTP/1.1" 200 77898 "-" "Mozilla/5.0 AppleWebKit/537.36 (KHTML, like Gecko; compatible; GPTBot/1.2; +https://openai.com/gptbot)"
20.171.207.28 - - [20/Oct/2025:05:10:49 +0300] "GET /pages.php?_bd_prev_page=https://bckln.ru/collect.aspx?064000813.htm&_bdsid=8i31wb.n~FBOZA.171882992.173951532&_gz=2.198475681.196329788.172254536-860287671.160667979 HTTP/1.0" 200 71184 "-" "Mozilla/5.0 AppleWebKit/537.36 (KHTML, like Gecko; compatible; GPTBot/1.2; +https://openai.com/gptbot)"
20.171.207.28 - - [20/Oct/2025:05:10:50 +0300] "GET /pages.php?_bd_prev_page=https://bckln.ru/collect.aspx?064000813.htm&_bdsid=8i31wb.n~FBOZA.171882992.173951532&_gz=2.198475681.196329788.172254536-860287671.160667979 HTTP/1.1" 200 71268 "-" "Mozilla/5.0 AppleWebKit/537.36 (KHTML, like Gecko; compatible; GPTBot/1.2; +https://openai.com/gptbot)"
20.171.207.28 - - [20/Oct/2025:05:10:52 +0300] "GET /pages.php?_bd_prev_page=https://bckln.ru/collect.aspx?product/flee43?c=g&_bdsid=8i31wb.n~FBOZA.171882992.173951532&_gz=2.198475681.196329788.172254536-860287671.160667979&l=26753 HTTP/1.0" 200 87209 "-" "Mozilla/5.0 AppleWebKit/537.36 (KHTML, like Gecko; compatible; GPTBot/1.2; +https://openai.com/gptbot)"
20.171.207.28 - - [20/Oct/2025:05:10:53 +0300] "GET /pages.php?_bd_prev_page=https://bckln.ru/collect.aspx?product/flee43?c=g&_bdsid=8i31wb.n~FBOZA.171882992.173951532&_gz=2.198475681.196329788.172254536-860287671.160667979&l=26753 HTTP/1.1" 200 87317 "-" "Mozilla/5.0 AppleWebKit/537.36 (KHTML, like Gecko; compatible; GPTBot/1.2; +https://openai.com/gptbot)"
20.171.207.28 - - [20/Oct/2025:05:10:55 +0300] "GET /pages.php?_bd_prev_page=https://bckln.ru/collect.aspx?product/pocket61?c=g&_bdsid=8i31wb.n~FBOZA.171882992.173951532&_gz=2.198475681.196329788.172254536-860287671.160667979&l=851 HTTP/1.0" 200 71287 "-" "Mozilla/5.0 AppleWebKit/537.36 (KHTML, like Gecko; compatible; GPTBot/1.2; +https://openai.com/gptbot)"
20.171.207.28 - - [20/Oct/2025:05:10:56 +0300] "GET /pages.php?_bd_prev_page=https://bckln.ru/collect.aspx?product/pocket61?c=g&_bdsid=8i31wb.n~FBOZA.171882992.173951532&_gz=2.198475681.196329788.172254536-860287671.160667979&l=851 HTTP/1.1" 200 71371 "-" "Mozilla/5.0 AppleWebKit/537.36 (KHTML, like Gecko; compatible; GPTBot/1.2; +https://openai.com/gptbot)"
20.171.207.28 - - [20/Oct/2025:05:10:59 +0300] "GET /pages.php?_bd_prev_page=https://bckln.ru/collect.aspx?097044834.htm&_bdsid=8i31wb.n~FBOZA.171882992.173951532&_gz=2.198475681.196329788.172254536-860287671.160667979 HTTP/1.0" 200 75577 "-" "Mozilla/5.0 AppleWebKit/537.36 (KHTML, like Gecko; compatible; GPTBot/1.2; +https://openai.com/gptbot)"
20.171.207.28 - - [20/Oct/2025:05:10:59 +0300] "GET /pages.php?_bd_prev_page=https://bckln.ru/collect.aspx?097044834.htm&_bdsid=8i31wb.n~FBOZA.171882992.173951532&_gz=2.198475681.196329788.172254536-860287671.160667979 HTTP/1.1" 200 75669 "-" "Mozilla/5.0 AppleWebKit/537.36 (KHTML, like Gecko; compatible; GPTBot/1.2; +https://openai.com/gptbot)"
20.171.207.28 - - [20/Oct/2025:05:11:02 +0300] "GET /pages.php?_bd_prev_page=https://bckln.ru/collect.aspx?product/soak43?c=g&_bdsid=8i31wb.n~FBOZA.171882992.173951532&_gz=2.198475681.196329788.172254536-860287671.160667979&l=26749 HTTP/1.0" 200 77233 "-" "Mozilla/5.0 AppleWebKit/537.36 (KHTML, like Gecko; compatible; GPTBot/1.2; +https://openai.com/gptbot)"
20.171.207.28 - - [20/Oct/2025:05:11:03 +0300] "GET /pages.php?_bd_prev_page=https://bckln.ru/collect.aspx?product/soak43?c=g&_bdsid=8i31wb.n~FBOZA.171882992.173951532&_gz=2.198475681.196329788.172254536-860287671.160667979&l=26749 HTTP/1.1" 200 77325 "-" "Mozilla/5.0 AppleWebKit/537.36 (KHTML, like Gecko; compatible; GPTBot/1.2; +https://openai.com/gptbot)"
20.171.207.28 - - [20/Oct/2025:05:11:05 +0300] "GET /pages.php?_bd_prev_page=https://bckln.ru/collect.aspx?010023219.htm&_bdsid=8i31wb.n~FBOZA.171882992.173951532&_gz=2.198475681.196329788.172254536-860287671.160667979 HTTP/1.0" 200 81875 "-" "Mozilla/5.0 AppleWebKit/537.36 (KHTML, like Gecko; compatible; GPTBot/1.2; +https://openai.com/gptbot)"
20.171.207.28 - - [20/Oct/2025:05:11:06 +0300] "GET /pages.php?_bd_prev_page=https://bckln.ru/collect.aspx?010023219.htm&_bdsid=8i31wb.n~FBOZA.171882992.173951532&_gz=2.198475681.196329788.172254536-860287671.160667979 HTTP/1.1" 200 81974 "-" "Mozilla/5.0 AppleWebKit/537.36 (KHTML, like Gecko; compatible; GPTBot/1.2; +https://openai.com/gptbot)"
20.171.207.28 - - [20/Oct/2025:05:11:08 +0300] "GET /pages.php?_bd_prev_page=https://bckln.ru/collect.aspx?015024116.htm&_bdsid=8i31wb.n~FBOZA.171882992.173951532&_gz=2.198475681.196329788.172254536-860287671.160667979 HTTP/1.0" 200 72531 "-" "Mozilla/5.0 AppleWebKit/537.36 (KHTML, like Gecko; compatible; GPTBot/1.2; +https://openai.com/gptbot)"
20.171.207.28 - - [20/Oct/2025:05:11:09 +0300] "GET /pages.php?_bd_prev_page=https://bckln.ru/collect.aspx?015024116.htm&_bdsid=8i31wb.n~FBOZA.171882992.173951532&_gz=2.198475681.196329788.172254536-860287671.160667979 HTTP/1.1" 200 72615 "-" "Mozilla/5.0 AppleWebKit/537.36 (KHTML, like Gecko; compatible; GPTBot/1.2; +https://openai.com/gptbot)"
20.171.207.28 - - [20/Oct/2025:05:11:11 +0300] "GET /pages.php?_bd_prev_page=https://bckln.ru/collect.aspx?product/openly97?c=g&_bdsid=8i31wb.n~FBOZA.171882992.173951532&_gz=2.198475681.196329788.172254536-860287671.160667979&l=19589 HTTP/1.0" 200 81935 "-" "Mozilla/5.0 AppleWebKit/537.36 (KHTML, like Gecko; compatible; GPTBot/1.2; +https://openai.com/gptbot)"
20.171.207.28 - - [20/Oct/2025:05:11:12 +0300] "GET /pages.php?_bd_prev_page=https://bckln.ru/collect.aspx?product/openly97?c=g&_bdsid=8i31wb.n~FBOZA.171882992.173951532&_gz=2.198475681.196329788.172254536-860287671.160667979&l=19589 HTTP/1.1" 200 82034 "-" "Mozilla/5.0 AppleWebKit/537.36 (KHTML, like Gecko; compatible; GPTBot/1.2; +https://openai.com/gptbot)"
20.171.207.28 - - [20/Oct/2025:05:11:14 +0300] "GET /pages.php?_bd_prev_page=https://bckln.ru/collect.aspx?product/haul35?c=g&_bdsid=8i31wb.n~FBOZA.171882992.173951532&_gz=2.198475681.196329788.172254536-860287671.160667979&l=28605 HTTP/1.0" 200 82351 "-" "Mozilla/5.0 AppleWebKit/537.36 (KHTML, like Gecko; compatible; GPTBot/1.2; +https://openai.com/gptbot)"
20.171.207.28 - - [20/Oct/2025:05:11:15 +0300] "GET /pages.php?_bd_prev_page=https://bckln.ru/collect.aspx?product/haul35?c=g&_bdsid=8i31wb.n~FBOZA.171882992.173951532&_gz=2.198475681.196329788.172254536-860287671.160667979&l=28605 HTTP/1.1" 200 82451 "-" "Mozilla/5.0 AppleWebKit/537.36 (KHTML, like Gecko; compatible; GPTBot/1.2; +https://openai.com/gptbot)"
20.171.207.28 - - [20/Oct/2025:05:11:17 +0300] "GET /pages.php?_bd_prev_page=https://bckln.ru/collect.aspx?097025774.htm&_bdsid=8i31wb.n~FBOZA.171882992.173951532&_gz=2.198475681.196329788.172254536-860287671.160667979 HTTP/1.0" 200 83248 "-" "Mozilla/5.0 AppleWebKit/537.36 (KHTML, like Gecko; compatible; GPTBot/1.2; +https://openai.com/gptbot)"
20.171.207.28 - - [20/Oct/2025:05:11:18 +0300] "GET /pages.php?_bd_prev_page=https://bckln.ru/collect.aspx?097025774.htm&_bdsid=8i31wb.n~FBOZA.171882992.173951532&_gz=2.198475681.196329788.172254536-860287671.160667979 HTTP/1.1" 200 83341 "-" "Mozilla/5.0 AppleWebKit/537.36 (KHTML, like Gecko; compatible; GPTBot/1.2; +https://openai.com/gptbot)"
20.171.207.28 - - [20/Oct/2025:05:11:21 +0300] "GET /pages.php?_bd_prev_page=https://bckln.ru/collect.aspx?product/cool62?c=g&_bdsid=8i31wb.n~FBOZA.171882992.173951532&_gz=2.198475681.196329788.172254536-860287671.160667979&l=23586 HTTP/1.0" 200 82840 "-" "Mozilla/5.0 AppleWebKit/537.36 (KHTML, like Gecko; compatible; GPTBot/1.2; +https://openai.com/gptbot)"
20.171.207.28 - - [20/Oct/2025:05:11:22 +0300] "GET /pages.php?_bd_prev_page=https://bckln.ru/collect.aspx?product/cool62?c=g&_bdsid=8i31wb.n~FBOZA.171882992.173951532&_gz=2.198475681.196329788.172254536-860287671.160667979&l=23586 HTTP/1.1" 200 82933 "-" "Mozilla/5.0 AppleWebKit/537.36 (KHTML, like Gecko; compatible; GPTBot/1.2; +https://openai.com/gptbot)"
20.171.207.28 - - [20/Oct/2025:05:11:24 +0300] "GET /pages.php?l=123&product/OK91?c=g HTTP/1.0" 200 83516 "-" "Mozilla/5.0 AppleWebKit/537.36 (KHTML, like Gecko; compatible; GPTBot/1.2; +https://openai.com/gptbot)"
20.171.207.28 - - [20/Oct/2025:05:11:25 +0300] "GET /pages.php?l=123&product/OK91?c=g HTTP/1.1" 200 83616 "-" "Mozilla/5.0 AppleWebKit/537.36 (KHTML, like Gecko; compatible; GPTBot/1.2; +https://openai.com/gptbot)"
20.171.207.28 - - [20/Oct/2025:05:11:27 +0300] "GET /pages.php?_bd_prev_page=https://bckln.ru/collect.aspx?product/stair14?c=g&_bdsid=8i31wb.n~FBOZA.171882992.173951532&_gz=2.198475681.196329788.172254536-860287671.160667979&l=14432 HTTP/1.0" 200 74454 "-" "Mozilla/5.0 AppleWebKit/537.36 (KHTML, like Gecko; compatible; GPTBot/1.2; +https://openai.com/gptbot)"
20.171.207.28 - - [20/Oct/2025:05:11:28 +0300] "GET /pages.php?_bd_prev_page=https://bckln.ru/collect.aspx?product/stair14?c=g&_bdsid=8i31wb.n~FBOZA.171882992.173951532&_gz=2.198475681.196329788.172254536-860287671.160667979&l=14432 HTTP/1.1" 200 74546 "-" "Mozilla/5.0 AppleWebKit/537.36 (KHTML, like Gecko; compatible; GPTBot/1.2; +https://openai.com/gptbot)"
20.171.207.28 - - [20/Oct/2025:05:11:30 +0300] "GET /pages.php?l=43435&product/monument43?c=g HTTP/1.0" 200 80523 "-" "Mozilla/5.0 AppleWebKit/537.36 (KHTML, like Gecko; compatible; GPTBot/1.2; +https://openai.com/gptbot)"
20.171.207.28 - - [20/Oct/2025:05:11:31 +0300] "GET /pages.php?l=43435&product/monument43?c=g HTTP/1.1" 200 80623 "-" "Mozilla/5.0 AppleWebKit/537.36 (KHTML, like Gecko; compatible; GPTBot/1.2; +https://openai.com/gptbot)"
173.208.176.202 - - [20/Oct/2025:05:09:41 +0300] "GET /wp-includes/im763f02/edit.php?id=172474 HTTP/1.0" 200 - "https://bckln.ru/wp-includes/im763f02/edit.php?id=172474" "Mozilla/5.0 (Windows NT 10.0; Win64; x64) AppleWebKit/537.36 (KHTML, like Gecko) Chrome/58.0.3029.110 Safari/537.3"
20.171.207.28 - - [20/Oct/2025:05:11:33 +0300] "GET /pages.php?_bd_prev_page=https://bckln.ru/collect.aspx?product/dress78?c=g&_bdsid=8i31wb.n~FBOZA.171882992.173951532&_gz=2.198475681.196329788.172254536-860287671.160667979&l=21988 HTTP/1.0" 200 85258 "-" "Mozilla/5.0 AppleWebKit/537.36 (KHTML, like Gecko; compatible; GPTBot/1.2; +https://openai.com/gptbot)"
20.171.207.28 - - [20/Oct/2025:05:11:34 +0300] "GET /pages.php?_bd_prev_page=https://bckln.ru/collect.aspx?product/dress78?c=g&_bdsid=8i31wb.n~FBOZA.171882992.173951532&_gz=2.198475681.196329788.172254536-860287671.160667979&l=21988 HTTP/1.1" 200 85358 "-" "Mozilla/5.0 AppleWebKit/537.36 (KHTML, like Gecko; compatible; GPTBot/1.2; +https://openai.com/gptbot)"
20.171.207.28 - - [20/Oct/2025:05:11:36 +0300] "GET /pages.php?_bd_prev_page=https://bckln.ru/collect.aspx?074008751.htm&_bdsid=8i31wb.n~FBOZA.171882992.173951532&_gz=2.198475681.196329788.172254536-860287671.160667979 HTTP/1.0" 200 84444 "-" "Mozilla/5.0 AppleWebKit/537.36 (KHTML, like Gecko; compatible; GPTBot/1.2; +https://openai.com/gptbot)"
20.171.207.28 - - [20/Oct/2025:05:11:37 +0300] "GET /pages.php?_bd_prev_page=https://bckln.ru/collect.aspx?074008751.htm&_bdsid=8i31wb.n~FBOZA.171882992.173951532&_gz=2.198475681.196329788.172254536-860287671.160667979 HTTP/1.1" 200 84543 "-" "Mozilla/5.0 AppleWebKit/537.36 (KHTML, like Gecko; compatible; GPTBot/1.2; +https://openai.com/gptbot)"
20.171.207.28 - - [20/Oct/2025:05:11:40 +0300] "GET /pages.php?_bd_prev_page=https://bckln.ru/collect.aspx?043043428.htm&_bdsid=8i31wb.n~FBOZA.171882992.173951532&_gz=2.198475681.196329788.172254536-860287671.160667979 HTTP/1.0" 200 82190 "-" "Mozilla/5.0 AppleWebKit/537.36 (KHTML, like Gecko; compatible; GPTBot/1.2; +https://openai.com/gptbot)"
20.171.207.28 - - [20/Oct/2025:05:11:41 +0300] "GET /pages.php?_bd_prev_page=https://bckln.ru/collect.aspx?043043428.htm&_bdsid=8i31wb.n~FBOZA.171882992.173951532&_gz=2.198475681.196329788.172254536-860287671.160667979 HTTP/1.1" 200 82290 "-" "Mozilla/5.0 AppleWebKit/537.36 (KHTML, like Gecko; compatible; GPTBot/1.2; +https://openai.com/gptbot)"
20.171.207.28 - - [20/Oct/2025:05:11:43 +0300] "GET /pages.php?_bd_prev_page=https://bckln.ru/collect.aspx?039037796.htm&_bdsid=8i31wb.n~FBOZA.171882992.173951532&_gz=2.198475681.196329788.172254536-860287671.160667979 HTTP/1.0" 200 80173 "-" "Mozilla/5.0 AppleWebKit/537.36 (KHTML, like Gecko; compatible; GPTBot/1.2; +https://openai.com/gptbot)"
20.171.207.28 - - [20/Oct/2025:05:11:44 +0300] "GET /pages.php?_bd_prev_page=https://bckln.ru/collect.aspx?039037796.htm&_bdsid=8i31wb.n~FBOZA.171882992.173951532&_gz=2.198475681.196329788.172254536-860287671.160667979 HTTP/1.1" 200 80273 "-" "Mozilla/5.0 AppleWebKit/537.36 (KHTML, like Gecko; compatible; GPTBot/1.2; +https://openai.com/gptbot)"
173.208.176.202 - - [20/Oct/2025:05:10:16 +0300] "GET /wp-content/qq7b83be/index.php?id=501574 HTTP/1.0" 200 - "https://bckln.ru/wp-content/qq7b83be/index.php?id=501574" "Mozilla/5.0 (Windows NT 10.0; Win64; x64) AppleWebKit/537.36 (KHTML, like Gecko) Chrome/58.0.3029.110 Safari/537.3"
20.171.207.28 - - [20/Oct/2025:05:11:46 +0300] "GET /pages.php?_bd_prev_page=https://bckln.ru/collect.aspx?023025378.htm&_bdsid=8i31wb.n~FBOZA.171882992.173951532&_gz=2.198475681.196329788.172254536-860287671.160667979 HTTP/1.0" 200 78643 "-" "Mozilla/5.0 AppleWebKit/537.36 (KHTML, like Gecko; compatible; GPTBot/1.2; +https://openai.com/gptbot)"
20.171.207.28 - - [20/Oct/2025:05:11:47 +0300] "GET /pages.php?_bd_prev_page=https://bckln.ru/collect.aspx?023025378.htm&_bdsid=8i31wb.n~FBOZA.171882992.173951532&_gz=2.198475681.196329788.172254536-860287671.160667979 HTTP/1.1" 200 78743 "-" "Mozilla/5.0 AppleWebKit/537.36 (KHTML, like Gecko; compatible; GPTBot/1.2; +https://openai.com/gptbot)"
173.208.176.202 - - [20/Oct/2025:05:11:48 +0300] "GET /wp-content/qq7b83be/index.php?id=501574 HTTP/1.1" 499 0 "https://bckln.ru/wp-content/qq7b83be/index.php?id=501574" "Mozilla/5.0 (Windows NT 10.0; Win64; x64) AppleWebKit/537.36 (KHTML, like Gecko) Chrome/58.0.3029.110 Safari/537.3"
20.171.207.28 - - [20/Oct/2025:05:11:49 +0300] "GET /pages.php?_bd_prev_page=https://bckln.ru/collect.aspx?043043510.htm&_bdsid=8i31wb.n~FBOZA.171882992.173951532&_gz=2.198475681.196329788.172254536-860287671.160667979 HTTP/1.0" 200 80028 "-" "Mozilla/5.0 AppleWebKit/537.36 (KHTML, like Gecko; compatible; GPTBot/1.2; +https://openai.com/gptbot)"
20.171.207.28 - - [20/Oct/2025:05:11:50 +0300] "GET /pages.php?_bd_prev_page=https://bckln.ru/collect.aspx?043043510.htm&_bdsid=8i31wb.n~FBOZA.171882992.173951532&_gz=2.198475681.196329788.172254536-860287671.160667979 HTTP/1.1" 200 80121 "-" "Mozilla/5.0 AppleWebKit/537.36 (KHTML, like Gecko; compatible; GPTBot/1.2; +https://openai.com/gptbot)"
20.171.207.28 - - [20/Oct/2025:05:11:52 +0300] "GET /pages.php?_bd_prev_page=https://bckln.ru/collect.aspx?005028204.htm&_bdsid=8i31wb.n~FBOZA.171882992.173951532&_gz=2.198475681.196329788.172254536-860287671.160667979 HTTP/1.0" 200 84970 "-" "Mozilla/5.0 AppleWebKit/537.36 (KHTML, like Gecko; compatible; GPTBot/1.2; +https://openai.com/gptbot)"
20.171.207.28 - - [20/Oct/2025:05:11:53 +0300] "GET /pages.php?_bd_prev_page=https://bckln.ru/collect.aspx?005028204.htm&_bdsid=8i31wb.n~FBOZA.171882992.173951532&_gz=2.198475681.196329788.172254536-860287671.160667979 HTTP/1.1" 200 85069 "-" "Mozilla/5.0 AppleWebKit/537.36 (KHTML, like Gecko; compatible; GPTBot/1.2; +https://openai.com/gptbot)"
20.171.207.28 - - [20/Oct/2025:05:11:55 +0300] "GET /pages.php?_bd_prev_page=https://bckln.ru/collect.aspx?043027306.htm&_bdsid=8i31wb.n~FBOZA.171882992.173951532&_gz=2.198475681.196329788.172254536-860287671.160667979 HTTP/1.0" 200 84049 "-" "Mozilla/5.0 AppleWebKit/537.36 (KHTML, like Gecko; compatible; GPTBot/1.2; +https://openai.com/gptbot)"
20.171.207.28 - - [20/Oct/2025:05:11:56 +0300] "GET /pages.php?_bd_prev_page=https://bckln.ru/collect.aspx?043027306.htm&_bdsid=8i31wb.n~FBOZA.171882992.173951532&_gz=2.198475681.196329788.172254536-860287671.160667979 HTTP/1.1" 200 84149 "-" "Mozilla/5.0 AppleWebKit/537.36 (KHTML, like Gecko; compatible; GPTBot/1.2; +https://openai.com/gptbot)"
20.171.207.28 - - [20/Oct/2025:05:11:58 +0300] "GET /pages.php?_bd_prev_page=https://bckln.ru/collect.aspx?097000240.htm&_bdsid=8i31wb.n~FBOZA.171882992.173951532&_gz=2.198475681.196329788.172254536-860287671.160667979 HTTP/1.0" 200 75142 "-" "Mozilla/5.0 AppleWebKit/537.36 (KHTML, like Gecko; compatible; GPTBot/1.2; +https://openai.com/gptbot)"
20.171.207.28 - - [20/Oct/2025:05:11:59 +0300] "GET /pages.php?_bd_prev_page=https://bckln.ru/collect.aspx?097000240.htm&_bdsid=8i31wb.n~FBOZA.171882992.173951532&_gz=2.198475681.196329788.172254536-860287671.160667979 HTTP/1.1" 200 75234 "-" "Mozilla/5.0 AppleWebKit/537.36 (KHTML, like Gecko; compatible; GPTBot/1.2; +https://openai.com/gptbot)"
20.171.207.28 - - [20/Oct/2025:05:12:01 +0300] "GET /pages.php?l=28027&product/communicate43?c=g HTTP/1.0" 200 75738 "-" "Mozilla/5.0 AppleWebKit/537.36 (KHTML, like Gecko; compatible; GPTBot/1.2; +https://openai.com/gptbot)"
20.171.207.28 - - [20/Oct/2025:05:12:02 +0300] "GET /pages.php?l=28027&product/communicate43?c=g HTTP/1.1" 200 75830 "-" "Mozilla/5.0 AppleWebKit/537.36 (KHTML, like Gecko; compatible; GPTBot/1.2; +https://openai.com/gptbot)"
20.171.207.28 - - [20/Oct/2025:05:12:05 +0300] "GET /pages.php?_bd_prev_page=https://bckln.ru/collect.aspx?023035734.htm&_bdsid=8i31wb.n~FBOZA.171882992.173951532&_gz=2.198475681.196329788.172254536-860287671.160667979 HTTP/1.0" 200 89253 "-" "Mozilla/5.0 AppleWebKit/537.36 (KHTML, like Gecko; compatible; GPTBot/1.2; +https://openai.com/gptbot)"
20.171.207.28 - - [20/Oct/2025:05:12:06 +0300] "GET /pages.php?_bd_prev_page=https://bckln.ru/collect.aspx?023035734.htm&_bdsid=8i31wb.n~FBOZA.171882992.173951532&_gz=2.198475681.196329788.172254536-860287671.160667979 HTTP/1.1" 200 89361 "-" "Mozilla/5.0 AppleWebKit/537.36 (KHTML, like Gecko; compatible; GPTBot/1.2; +https://openai.com/gptbot)"
216.73.216.145 - - [20/Oct/2025:05:12:07 +0300] "GET /?fileloc=%2Fvar%2Fwww%2Fiq22073873%2Fdata%2Fwww%2Fbckln.ru%2Ftheme%2Fdt-the7_v.3.5.1.zip&path=%2Fvar%2Fwww%2Fiq22073873%2Fdata%2Fwww%2Fbckln.ru%2Ftheme HTTP/1.0" 200 12642 "-" "Mozilla/5.0 AppleWebKit/537.36 (KHTML, like Gecko; compatible; ClaudeBot/1.0; +claudebot@anthropic.com)"
216.73.216.145 - - [20/Oct/2025:05:12:08 +0300] "GET /?fileloc=%2Fvar%2Fwww%2Fiq22073873%2Fdata%2Fwww%2Fbckln.ru%2Ftheme%2Fdt-the7_v.3.5.1.zip&path=%2Fvar%2Fwww%2Fiq22073873%2Fdata%2Fwww%2Fbckln.ru%2Ftheme HTTP/1.1" 200 12670 "-" "Mozilla/5.0 AppleWebKit/537.36 (KHTML, like Gecko; compatible; ClaudeBot/1.0; +claudebot@anthropic.com)"
216.73.216.145 - - [20/Oct/2025:05:12:07 +0300] "GET /?fileloc=%2Fvar%2Fwww%2Fiq22073873%2Fdata%2Fwww%2Fbckln.ru%2Ftheme%2Ftemplate_the7.zip&path=%2Fvar%2Fwww%2Fiq22073873%2Fdata%2Fwww%2Fbckln.ru%2Ftheme HTTP/1.0" 500 15071 "-" "Mozilla/5.0 AppleWebKit/537.36 (KHTML, like Gecko; compatible; ClaudeBot/1.0; +claudebot@anthropic.com)"
216.73.216.145 - - [20/Oct/2025:05:12:09 +0300] "GET /?fileloc=%2Fvar%2Fwww%2Fiq22073873%2Fdata%2Fwww%2Fbckln.ru%2Ftheme%2Ftemplate_the7.zip&path=%2Fvar%2Fwww%2Fiq22073873%2Fdata%2Fwww%2Fbckln.ru%2Ftheme HTTP/1.1" 500 15099 "-" "Mozilla/5.0 AppleWebKit/537.36 (KHTML, like Gecko; compatible; ClaudeBot/1.0; +claudebot@anthropic.com)"
20.171.207.28 - - [20/Oct/2025:05:12:08 +0300] "GET /pages.php?_bd_prev_page=https://bckln.ru/collect.aspx?023046804.htm&_bdsid=8i31wb.n~FBOZA.171882992.173951532&_gz=2.198475681.196329788.172254536-860287671.160667979 HTTP/1.0" 200 80665 "-" "Mozilla/5.0 AppleWebKit/537.36 (KHTML, like Gecko; compatible; GPTBot/1.2; +https://openai.com/gptbot)"
20.171.207.28 - - [20/Oct/2025:05:12:09 +0300] "GET /pages.php?_bd_prev_page=https://bckln.ru/collect.aspx?023046804.htm&_bdsid=8i31wb.n~FBOZA.171882992.173951532&_gz=2.198475681.196329788.172254536-860287671.160667979 HTTP/1.1" 200 80765 "-" "Mozilla/5.0 AppleWebKit/537.36 (KHTML, like Gecko; compatible; GPTBot/1.2; +https://openai.com/gptbot)"
20.171.207.28 - - [20/Oct/2025:05:12:11 +0300] "GET /pages.php?_bd_prev_page=https://bckln.ru/collect.aspx?product/boost74?c=g&_bdsid=8i31wb.n~FBOZA.171882992.173951532&_gz=2.198475681.196329788.172254536-860287671.160667979&l=8746 HTTP/1.0" 200 90375 "-" "Mozilla/5.0 AppleWebKit/537.36 (KHTML, like Gecko; compatible; GPTBot/1.2; +https://openai.com/gptbot)"
20.171.207.28 - - [20/Oct/2025:05:12:12 +0300] "GET /pages.php?_bd_prev_page=https://bckln.ru/collect.aspx?product/boost74?c=g&_bdsid=8i31wb.n~FBOZA.171882992.173951532&_gz=2.198475681.196329788.172254536-860287671.160667979&l=8746 HTTP/1.1" 200 90483 "-" "Mozilla/5.0 AppleWebKit/537.36 (KHTML, like Gecko; compatible; GPTBot/1.2; +https://openai.com/gptbot)"
20.171.207.28 - - [20/Oct/2025:05:12:14 +0300] "GET /pages.php?l=1107&product/God43?c=g HTTP/1.0" 200 81972 "-" "Mozilla/5.0 AppleWebKit/537.36 (KHTML, like Gecko; compatible; GPTBot/1.2; +https://openai.com/gptbot)"
20.171.207.28 - - [20/Oct/2025:05:12:15 +0300] "GET /pages.php?l=1107&product/God43?c=g HTTP/1.1" 200 82072 "-" "Mozilla/5.0 AppleWebKit/537.36 (KHTML, like Gecko; compatible; GPTBot/1.2; +https://openai.com/gptbot)"
20.171.207.28 - - [20/Oct/2025:05:12:18 +0300] "GET /pages.php?_bd_prev_page=https://bckln.ru/collect.aspx?product/opera5?c=g&_bdsid=8i31wb.n~FBOZA.171882992.173951532&_gz=2.198475681.196329788.172254536-860287671.160667979&l=59 HTTP/1.0" 200 85094 "-" "Mozilla/5.0 AppleWebKit/537.36 (KHTML, like Gecko; compatible; GPTBot/1.2; +https://openai.com/gptbot)"
20.171.207.28 - - [20/Oct/2025:05:12:19 +0300] "GET /pages.php?_bd_prev_page=https://bckln.ru/collect.aspx?product/opera5?c=g&_bdsid=8i31wb.n~FBOZA.171882992.173951532&_gz=2.198475681.196329788.172254536-860287671.160667979&l=59 HTTP/1.1" 200 85194 "-" "Mozilla/5.0 AppleWebKit/537.36 (KHTML, like Gecko; compatible; GPTBot/1.2; +https://openai.com/gptbot)"
20.171.207.28 - - [20/Oct/2025:05:12:21 +0300] "GET /pages.php?_bd_prev_page=https://bckln.ru/collect.aspx?product/parking97?c=g&_bdsid=8i31wb.n~FBOZA.171882992.173951532&_gz=2.198475681.196329788.172254536-860287671.160667979&l=237 HTTP/1.0" 200 94393 "-" "Mozilla/5.0 AppleWebKit/537.36 (KHTML, like Gecko; compatible; GPTBot/1.2; +https://openai.com/gptbot)"
20.171.207.28 - - [20/Oct/2025:05:12:22 +0300] "GET /pages.php?_bd_prev_page=https://bckln.ru/collect.aspx?product/parking97?c=g&_bdsid=8i31wb.n~FBOZA.171882992.173951532&_gz=2.198475681.196329788.172254536-860287671.160667979&l=237 HTTP/1.1" 200 94509 "-" "Mozilla/5.0 AppleWebKit/537.36 (KHTML, like Gecko; compatible; GPTBot/1.2; +https://openai.com/gptbot)"
20.171.207.28 - - [20/Oct/2025:05:12:24 +0300] "GET /pages.php?_bd_prev_page=https://bckln.ru/collect.aspx?product/these19?c=g&_bdsid=8i31wb.n~FBOZA.171882992.173951532&_gz=2.198475681.196329788.172254536-860287671.160667979&l=32509 HTTP/1.0" 200 84270 "-" "Mozilla/5.0 AppleWebKit/537.36 (KHTML, like Gecko; compatible; GPTBot/1.2; +https://openai.com/gptbot)"
20.171.207.28 - - [20/Oct/2025:05:12:25 +0300] "GET /pages.php?_bd_prev_page=https://bckln.ru/collect.aspx?product/these19?c=g&_bdsid=8i31wb.n~FBOZA.171882992.173951532&_gz=2.198475681.196329788.172254536-860287671.160667979&l=32509 HTTP/1.1" 200 84370 "-" "Mozilla/5.0 AppleWebKit/537.36 (KHTML, like Gecko; compatible; GPTBot/1.2; +https://openai.com/gptbot)"
198.204.224.34 - - [20/Oct/2025:05:12:25 +0300] "GET /wp-content/qq7b83be/index.php HTTP/1.0" 200 6 "https://bckln.ru/wp-content/qq7b83be/index.php" "Mozilla/5.0 (Windows NT 10.0; Win64; x64) AppleWebKit/537.36 (KHTML, like Gecko) Chrome/58.0.3029.110 Safari/537.3"
198.204.224.34 - - [20/Oct/2025:05:12:26 +0300] "GET /wp-content/qq7b83be/index.php HTTP/1.1" 200 16 "https://bckln.ru/wp-content/qq7b83be/index.php" "Mozilla/5.0 (Windows NT 10.0; Win64; x64) AppleWebKit/537.36 (KHTML, like Gecko) Chrome/58.0.3029.110 Safari/537.3"
20.171.207.28 - - [20/Oct/2025:05:12:27 +0300] "GET /pages.php?l=37&product/wood7?c=g HTTP/1.0" 200 75776 "-" "Mozilla/5.0 AppleWebKit/537.36 (KHTML, like Gecko; compatible; GPTBot/1.2; +https://openai.com/gptbot)"
20.171.207.28 - - [20/Oct/2025:05:12:28 +0300] "GET /pages.php?l=37&product/wood7?c=g HTTP/1.1" 200 75868 "-" "Mozilla/5.0 AppleWebKit/537.36 (KHTML, like Gecko; compatible; GPTBot/1.2; +https://openai.com/gptbot)"
20.171.207.28 - - [20/Oct/2025:05:12:30 +0300] "GET /pages.php?_bd_prev_page=https://bckln.ru/collect.aspx?product/politically14?c=g&_bdsid=8i31wb.n~FBOZA.171882992.173951532&_gz=2.198475681.196329788.172254536-860287671.160667979&l=110 HTTP/1.0" 200 76532 "-" "Mozilla/5.0 AppleWebKit/537.36 (KHTML, like Gecko; compatible; GPTBot/1.2; +https://openai.com/gptbot)"
20.171.207.28 - - [20/Oct/2025:05:12:31 +0300] "GET /pages.php?_bd_prev_page=https://bckln.ru/collect.aspx?product/politically14?c=g&_bdsid=8i31wb.n~FBOZA.171882992.173951532&_gz=2.198475681.196329788.172254536-860287671.160667979&l=110 HTTP/1.1" 200 76624 "-" "Mozilla/5.0 AppleWebKit/537.36 (KHTML, like Gecko; compatible; GPTBot/1.2; +https://openai.com/gptbot)"
20.171.207.28 - - [20/Oct/2025:05:12:33 +0300] "GET /pages.php?_bd_prev_page=https://bckln.ru/collect.aspx?063019620.htm&_bdsid=8i31wb.n~FBOZA.171882992.173951532&_gz=2.198475681.196329788.172254536-860287671.160667979 HTTP/1.0" 200 77791 "-" "Mozilla/5.0 AppleWebKit/537.36 (KHTML, like Gecko; compatible; GPTBot/1.2; +https://openai.com/gptbot)"
20.171.207.28 - - [20/Oct/2025:05:12:34 +0300] "GET /pages.php?_bd_prev_page=https://bckln.ru/collect.aspx?063019620.htm&_bdsid=8i31wb.n~FBOZA.171882992.173951532&_gz=2.198475681.196329788.172254536-860287671.160667979 HTTP/1.1" 200 77890 "-" "Mozilla/5.0 AppleWebKit/537.36 (KHTML, like Gecko; compatible; GPTBot/1.2; +https://openai.com/gptbot)"
20.171.207.28 - - [20/Oct/2025:05:12:36 +0300] "GET /pages.php?_bd_prev_page=https://bckln.ru/collect.aspx?product/few52?c=g&_bdsid=8i31wb.n~FBOZA.171882992.173951532&_gz=2.198475681.196329788.172254536-860287671.160667979&l=18 HTTP/1.0" 200 89628 "-" "Mozilla/5.0 AppleWebKit/537.36 (KHTML, like Gecko; compatible; GPTBot/1.2; +https://openai.com/gptbot)"
20.171.207.28 - - [20/Oct/2025:05:12:37 +0300] "GET /pages.php?_bd_prev_page=https://bckln.ru/collect.aspx?product/few52?c=g&_bdsid=8i31wb.n~FBOZA.171882992.173951532&_gz=2.198475681.196329788.172254536-860287671.160667979&l=18 HTTP/1.1" 200 89721 "-" "Mozilla/5.0 AppleWebKit/537.36 (KHTML, like Gecko; compatible; GPTBot/1.2; +https://openai.com/gptbot)"
20.171.207.28 - - [20/Oct/2025:05:12:39 +0300] "GET /pages.php?_bd_prev_page=https://bckln.ru/collect.aspx?052023701.htm&_bdsid=8i31wb.n~FBOZA.171882992.173951532&_gz=2.198475681.196329788.172254536-860287671.160667979 HTTP/1.0" 200 73684 "-" "Mozilla/5.0 AppleWebKit/537.36 (KHTML, like Gecko; compatible; GPTBot/1.2; +https://openai.com/gptbot)"
20.171.207.28 - - [20/Oct/2025:05:12:40 +0300] "GET /pages.php?_bd_prev_page=https://bckln.ru/collect.aspx?052023701.htm&_bdsid=8i31wb.n~FBOZA.171882992.173951532&_gz=2.198475681.196329788.172254536-860287671.160667979 HTTP/1.1" 200 73775 "-" "Mozilla/5.0 AppleWebKit/537.36 (KHTML, like Gecko; compatible; GPTBot/1.2; +https://openai.com/gptbot)"
20.171.207.28 - - [20/Oct/2025:05:12:43 +0300] "GET /pages.php?_bd_prev_page=https://bckln.ru/collect.aspx?087031292.htm&_bdsid=8i31wb.n~FBOZA.171882992.173951532&_gz=2.198475681.196329788.172254536-860287671.160667979 HTTP/1.0" 200 76131 "-" "Mozilla/5.0 AppleWebKit/537.36 (KHTML, like Gecko; compatible; GPTBot/1.2; +https://openai.com/gptbot)"
20.171.207.28 - - [20/Oct/2025:05:12:44 +0300] "GET /pages.php?_bd_prev_page=https://bckln.ru/collect.aspx?087031292.htm&_bdsid=8i31wb.n~FBOZA.171882992.173951532&_gz=2.198475681.196329788.172254536-860287671.160667979 HTTP/1.1" 200 76223 "-" "Mozilla/5.0 AppleWebKit/537.36 (KHTML, like Gecko; compatible; GPTBot/1.2; +https://openai.com/gptbot)"
20.171.207.28 - - [20/Oct/2025:05:12:46 +0300] "GET /pages.php?_bd_prev_page=https://bckln.ru/collect.aspx?product/farmer15?c=g&_bdsid=8i31wb.n~FBOZA.171882992.173951532&_gz=2.198475681.196329788.172254536-860287671.160667979&l=34335 HTTP/1.0" 200 74861 "-" "Mozilla/5.0 AppleWebKit/537.36 (KHTML, like Gecko; compatible; GPTBot/1.2; +https://openai.com/gptbot)"
20.171.207.28 - - [20/Oct/2025:05:12:47 +0300] "GET /pages.php?_bd_prev_page=https://bckln.ru/collect.aspx?product/farmer15?c=g&_bdsid=8i31wb.n~FBOZA.171882992.173951532&_gz=2.198475681.196329788.172254536-860287671.160667979&l=34335 HTTP/1.1" 200 74953 "-" "Mozilla/5.0 AppleWebKit/537.36 (KHTML, like Gecko; compatible; GPTBot/1.2; +https://openai.com/gptbot)"
216.73.216.145 - - [20/Oct/2025:05:12:43 +0300] "GET /?path=%2Fvar%2Fwww%2Fiq22073873%2Fdata%2Fwww%2Fbckln.ru%2Ftheme%2FOld+Theme HTTP/1.0" 200 21073 "-" "Mozilla/5.0 AppleWebKit/537.36 (KHTML, like Gecko; compatible; ClaudeBot/1.0; +claudebot@anthropic.com)"
216.73.216.145 - - [20/Oct/2025:05:12:48 +0300] "GET /?path=%2Fvar%2Fwww%2Fiq22073873%2Fdata%2Fwww%2Fbckln.ru%2Ftheme%2FOld+Theme HTTP/1.1" 200 21109 "-" "Mozilla/5.0 AppleWebKit/537.36 (KHTML, like Gecko; compatible; ClaudeBot/1.0; +claudebot@anthropic.com)"
216.73.216.145 - - [20/Oct/2025:05:12:43 +0300] "GET /?path=%2Fvar%2Fwww%2Fiq22073873%2Fdata%2Fwww%2Fbckln.ru%2Ftheme%2FLicensing HTTP/1.0" 200 16293 "-" "Mozilla/5.0 AppleWebKit/537.36 (KHTML, like Gecko; compatible; ClaudeBot/1.0; +claudebot@anthropic.com)"
216.73.216.145 - - [20/Oct/2025:05:12:48 +0300] "GET /?path=%2Fvar%2Fwww%2Fiq22073873%2Fdata%2Fwww%2Fbckln.ru%2Ftheme%2FLicensing HTTP/1.1" 200 16320 "-" "Mozilla/5.0 AppleWebKit/537.36 (KHTML, like Gecko; compatible; ClaudeBot/1.0; +claudebot@anthropic.com)"
20.171.207.28 - - [20/Oct/2025:05:12:49 +0300] "GET /pages.php?_bd_prev_page=https://bckln.ru/collect.aspx?063032342.htm&_bdsid=8i31wb.n~FBOZA.171882992.173951532&_gz=2.198475681.196329788.172254536-860287671.160667979 HTTP/1.0" 200 81887 "-" "Mozilla/5.0 AppleWebKit/537.36 (KHTML, like Gecko; compatible; GPTBot/1.2; +https://openai.com/gptbot)"
20.171.207.28 - - [20/Oct/2025:05:12:50 +0300] "GET /pages.php?_bd_prev_page=https://bckln.ru/collect.aspx?063032342.htm&_bdsid=8i31wb.n~FBOZA.171882992.173951532&_gz=2.198475681.196329788.172254536-860287671.160667979 HTTP/1.1" 200 81986 "-" "Mozilla/5.0 AppleWebKit/537.36 (KHTML, like Gecko; compatible; GPTBot/1.2; +https://openai.com/gptbot)"
20.171.207.28 - - [20/Oct/2025:05:12:52 +0300] "GET /pages.php?_bd_prev_page=https://bckln.ru/collect.aspx?090020627.htm&_bdsid=8i31wb.n~FBOZA.171882992.173951532&_gz=2.198475681.196329788.172254536-860287671.160667979 HTTP/1.0" 200 77958 "-" "Mozilla/5.0 AppleWebKit/537.36 (KHTML, like Gecko; compatible; GPTBot/1.2; +https://openai.com/gptbot)"
20.171.207.28 - - [20/Oct/2025:05:12:53 +0300] "GET /pages.php?_bd_prev_page=https://bckln.ru/collect.aspx?090020627.htm&_bdsid=8i31wb.n~FBOZA.171882992.173951532&_gz=2.198475681.196329788.172254536-860287671.160667979 HTTP/1.1" 200 78058 "-" "Mozilla/5.0 AppleWebKit/537.36 (KHTML, like Gecko; compatible; GPTBot/1.2; +https://openai.com/gptbot)"
20.171.207.28 - - [20/Oct/2025:05:12:55 +0300] "GET /pages.php?_bd_prev_page=https://bckln.ru/collect.aspx?product/open52?c=g&_bdsid=8i31wb.n~FBOZA.171882992.173951532&_gz=2.198475681.196329788.172254536-860287671.160667979&l=236 HTTP/1.0" 200 73055 "-" "Mozilla/5.0 AppleWebKit/537.36 (KHTML, like Gecko; compatible; GPTBot/1.2; +https://openai.com/gptbot)"
20.171.207.28 - - [20/Oct/2025:05:12:56 +0300] "GET /pages.php?_bd_prev_page=https://bckln.ru/collect.aspx?product/open52?c=g&_bdsid=8i31wb.n~FBOZA.171882992.173951532&_gz=2.198475681.196329788.172254536-860287671.160667979&l=236 HTTP/1.1" 200 73139 "-" "Mozilla/5.0 AppleWebKit/537.36 (KHTML, like Gecko; compatible; GPTBot/1.2; +https://openai.com/gptbot)"
20.171.207.28 - - [20/Oct/2025:05:12:58 +0300] "GET /pages.php?_bd_prev_page=https://bckln.ru/collect.aspx?product/route78?c=g&_bdsid=8i31wb.n~FBOZA.171882992.173951532&_gz=2.198475681.196329788.172254536-860287671.160667979&l=24034 HTTP/1.0" 200 62344 "-" "Mozilla/5.0 AppleWebKit/537.36 (KHTML, like Gecko; compatible; GPTBot/1.2; +https://openai.com/gptbot)"
20.171.207.28 - - [20/Oct/2025:05:12:59 +0300] "GET /pages.php?_bd_prev_page=https://bckln.ru/collect.aspx?product/route78?c=g&_bdsid=8i31wb.n~FBOZA.171882992.173951532&_gz=2.198475681.196329788.172254536-860287671.160667979&l=24034 HTTP/1.1" 200 62420 "-" "Mozilla/5.0 AppleWebKit/537.36 (KHTML, like Gecko; compatible; GPTBot/1.2; +https://openai.com/gptbot)"
20.171.207.28 - - [20/Oct/2025:05:13:01 +0300] "GET /pages.php?_bd_prev_page=https://bckln.ru/collect.aspx?product/lab99?c=g&_bdsid=8i31wb.n~FBOZA.171882992.173951532&_gz=2.198475681.196329788.172254536-860287671.160667979&l=12415 HTTP/1.0" 200 71036 "-" "Mozilla/5.0 AppleWebKit/537.36 (KHTML, like Gecko; compatible; GPTBot/1.2; +https://openai.com/gptbot)"
20.171.207.28 - - [20/Oct/2025:05:13:02 +0300] "GET /pages.php?_bd_prev_page=https://bckln.ru/collect.aspx?product/lab99?c=g&_bdsid=8i31wb.n~FBOZA.171882992.173951532&_gz=2.198475681.196329788.172254536-860287671.160667979&l=12415 HTTP/1.1" 200 71089 "-" "Mozilla/5.0 AppleWebKit/537.36 (KHTML, like Gecko; compatible; GPTBot/1.2; +https://openai.com/gptbot)"
20.171.207.28 - - [20/Oct/2025:05:13:04 +0300] "GET /pages.php?_bd_prev_page=https://bckln.ru/collect.aspx?063006202.htm&_bdsid=8i31wb.n~FBOZA.171882992.173951532&_gz=2.198475681.196329788.172254536-860287671.160667979 HTTP/1.0" 200 79433 "-" "Mozilla/5.0 AppleWebKit/537.36 (KHTML, like Gecko; compatible; GPTBot/1.2; +https://openai.com/gptbot)"
20.171.207.28 - - [20/Oct/2025:05:13:05 +0300] "GET /pages.php?_bd_prev_page=https://bckln.ru/collect.aspx?063006202.htm&_bdsid=8i31wb.n~FBOZA.171882992.173951532&_gz=2.198475681.196329788.172254536-860287671.160667979 HTTP/1.1" 200 79526 "-" "Mozilla/5.0 AppleWebKit/537.36 (KHTML, like Gecko; compatible; GPTBot/1.2; +https://openai.com/gptbot)"
20.171.207.28 - - [20/Oct/2025:05:13:07 +0300] "GET /pages.php?_bd_prev_page=https://bckln.ru/collect.aspx?018001499.htm&_bdsid=8i31wb.n~FBOZA.171882992.173951532&_gz=2.198475681.196329788.172254536-860287671.160667979 HTTP/1.0" 200 81231 "-" "Mozilla/5.0 AppleWebKit/537.36 (KHTML, like Gecko; compatible; GPTBot/1.2; +https://openai.com/gptbot)"
20.171.207.28 - - [20/Oct/2025:05:13:08 +0300] "GET /pages.php?_bd_prev_page=https://bckln.ru/collect.aspx?018001499.htm&_bdsid=8i31wb.n~FBOZA.171882992.173951532&_gz=2.198475681.196329788.172254536-860287671.160667979 HTTP/1.1" 200 81331 "-" "Mozilla/5.0 AppleWebKit/537.36 (KHTML, like Gecko; compatible; GPTBot/1.2; +https://openai.com/gptbot)"
45.150.238.5 - - [20/Oct/2025:05:13:11 +0300] "GET / HTTP/1.0" 200 69659 "-" "Zabbix"
45.150.238.5 - - [20/Oct/2025:05:13:12 +0300] "GET / HTTP/1.1" 200 69742 "-" "Zabbix"
