20.171.207.28 - - [20/Oct/2025:04:56:26 +0300] "GET /pages.php?_bd_prev_page=https://bckln.ru/collect.aspx?065022630.htm&_bdsid=8i31wb.n~FBOZA.171882992.173951532&_gz=2.198475681.196329788.172254536-860287671.160667979 HTTP/1.1" 200 75750 "-" "Mozilla/5.0 AppleWebKit/537.36 (KHTML, like Gecko; compatible; GPTBot/1.2; +https://openai.com/gptbot)"
18.207.79.144 - - [20/Oct/2025:04:56:27 +0300] "GET /?path=/var/www/iq22073873/data/www/bckln.ru/wp-content/plugins/go_pricing/assets/lib/js/mediaelementjs HTTP/1.0" 200 54639 "-" "Mozilla/5.0 AppleWebKit/537.36 (KHTML, like Gecko; compatible; Amazonbot/0.1; +https://developer.amazon.com/support/amazonbot) Chrome/119.0.6045.214 Safari/537.36"
18.207.79.144 - - [20/Oct/2025:04:56:27 +0300] "GET /?path=/var/www/iq22073873/data/www/bckln.ru/wp-content/plugins/go_pricing/assets/lib/js/mediaelementjs HTTP/1.1" 200 54707 "-" "Mozilla/5.0 AppleWebKit/537.36 (KHTML, like Gecko; compatible; Amazonbot/0.1; +https://developer.amazon.com/support/amazonbot) Chrome/119.0.6045.214 Safari/537.36"
20.171.207.28 - - [20/Oct/2025:04:56:28 +0300] "GET /pages.php?_bd_prev_page=https://bckln.ru/collect.aspx?007017594.htm&_bdsid=8i31wb.n~FBOZA.171882992.173951532&_gz=2.198475681.196329788.172254536-860287671.160667979 HTTP/1.0" 200 81401 "-" "Mozilla/5.0 AppleWebKit/537.36 (KHTML, like Gecko; compatible; GPTBot/1.2; +https://openai.com/gptbot)"
20.171.207.28 - - [20/Oct/2025:04:56:29 +0300] "GET /pages.php?_bd_prev_page=https://bckln.ru/collect.aspx?007017594.htm&_bdsid=8i31wb.n~FBOZA.171882992.173951532&_gz=2.198475681.196329788.172254536-860287671.160667979 HTTP/1.1" 200 81501 "-" "Mozilla/5.0 AppleWebKit/537.36 (KHTML, like Gecko; compatible; GPTBot/1.2; +https://openai.com/gptbot)"
20.171.207.28 - - [20/Oct/2025:04:56:31 +0300] "GET /pages.php?_bd_prev_page=https://bckln.ru/collect.aspx?product/night65?c=g&_bdsid=8i31wb.n~FBOZA.171882992.173951532&_gz=2.198475681.196329788.172254536-860287671.160667979&l=1201 HTTP/1.0" 200 81007 "-" "Mozilla/5.0 AppleWebKit/537.36 (KHTML, like Gecko; compatible; GPTBot/1.2; +https://openai.com/gptbot)"
20.171.207.28 - - [20/Oct/2025:04:56:32 +0300] "GET /pages.php?_bd_prev_page=https://bckln.ru/collect.aspx?product/night65?c=g&_bdsid=8i31wb.n~FBOZA.171882992.173951532&_gz=2.198475681.196329788.172254536-860287671.160667979&l=1201 HTTP/1.1" 200 81107 "-" "Mozilla/5.0 AppleWebKit/537.36 (KHTML, like Gecko; compatible; GPTBot/1.2; +https://openai.com/gptbot)"
20.171.207.28 - - [20/Oct/2025:04:56:34 +0300] "GET /pages.php?_bd_prev_page=https://bckln.ru/collect.aspx?product/balance16?c=g&_bdsid=8i31wb.n~FBOZA.171882992.173951532&_gz=2.198475681.196329788.172254536-860287671.160667979&l=208 HTTP/1.0" 200 73181 "-" "Mozilla/5.0 AppleWebKit/537.36 (KHTML, like Gecko; compatible; GPTBot/1.2; +https://openai.com/gptbot)"
20.171.207.28 - - [20/Oct/2025:04:56:35 +0300] "GET /pages.php?_bd_prev_page=https://bckln.ru/collect.aspx?product/balance16?c=g&_bdsid=8i31wb.n~FBOZA.171882992.173951532&_gz=2.198475681.196329788.172254536-860287671.160667979&l=208 HTTP/1.1" 200 73265 "-" "Mozilla/5.0 AppleWebKit/537.36 (KHTML, like Gecko; compatible; GPTBot/1.2; +https://openai.com/gptbot)"
52.200.58.199 - - [20/Oct/2025:04:56:35 +0300] "GET /prokat/?path=/var/www/iq22073873/data/www/bckln.ru/wp-content/plugins/revslider/admin/assets/js/shortcode_generator HTTP/1.0" 200 22594 "-" "Mozilla/5.0 AppleWebKit/537.36 (KHTML, like Gecko; compatible; Amazonbot/0.1; +https://developer.amazon.com/support/amazonbot) Chrome/119.0.6045.214 Safari/537.36"
52.200.58.199 - - [20/Oct/2025:04:56:35 +0300] "GET /prokat/?path=/var/www/iq22073873/data/www/bckln.ru/wp-content/plugins/revslider/admin/assets/js/shortcode_generator HTTP/1.1" 200 22630 "-" "Mozilla/5.0 AppleWebKit/537.36 (KHTML, like Gecko; compatible; Amazonbot/0.1; +https://developer.amazon.com/support/amazonbot) Chrome/119.0.6045.214 Safari/537.36"
3.217.82.254 - - [20/Oct/2025:04:56:31 +0300] "GET /prokat/?path=/var/www/iq22073873/data/www/bckln.ru/wp-content/themes/dt-the7/inc/extensions/meta-box/img HTTP/1.0" 200 18667 "-" "Mozilla/5.0 AppleWebKit/537.36 (KHTML, like Gecko; compatible; Amazonbot/0.1; +https://developer.amazon.com/support/amazonbot) Chrome/119.0.6045.214 Safari/537.36"
3.217.82.254 - - [20/Oct/2025:04:56:36 +0300] "GET /prokat/?path=/var/www/iq22073873/data/www/bckln.ru/wp-content/themes/dt-the7/inc/extensions/meta-box/img HTTP/1.1" 200 18695 "-" "Mozilla/5.0 AppleWebKit/537.36 (KHTML, like Gecko; compatible; Amazonbot/0.1; +https://developer.amazon.com/support/amazonbot) Chrome/119.0.6045.214 Safari/537.36"
20.171.207.28 - - [20/Oct/2025:04:56:37 +0300] "GET /pages.php?_bd_prev_page=https://bckln.ru/collect.aspx?product/trick65?c=g&_bdsid=8i31wb.n~FBOZA.171882992.173951532&_gz=2.198475681.196329788.172254536-860287671.160667979&l=2087 HTTP/1.0" 200 72089 "-" "Mozilla/5.0 AppleWebKit/537.36 (KHTML, like Gecko; compatible; GPTBot/1.2; +https://openai.com/gptbot)"
20.171.207.28 - - [20/Oct/2025:04:56:38 +0300] "GET /pages.php?_bd_prev_page=https://bckln.ru/collect.aspx?product/trick65?c=g&_bdsid=8i31wb.n~FBOZA.171882992.173951532&_gz=2.198475681.196329788.172254536-860287671.160667979&l=2087 HTTP/1.1" 200 72173 "-" "Mozilla/5.0 AppleWebKit/537.36 (KHTML, like Gecko; compatible; GPTBot/1.2; +https://openai.com/gptbot)"
54.197.82.195 - - [20/Oct/2025:04:56:39 +0300] "GET /prokat/?fileloc=/var/www/iq22073873/data/www/bckln.ru/wp-content/themes/dt-the7/css/static-less/shortcodes/.htaccess&path=/var/www/iq22073873/data/www/bckln.ru/wp-content/themes/dt-the7/css/static-less/shortcodes HTTP/1.0" 200 13329 "-" "Mozilla/5.0 AppleWebKit/537.36 (KHTML, like Gecko; compatible; Amazonbot/0.1; +https://developer.amazon.com/support/amazonbot) Chrome/119.0.6045.214 Safari/537.36"
54.197.82.195 - - [20/Oct/2025:04:56:39 +0300] "GET /prokat/?fileloc=/var/www/iq22073873/data/www/bckln.ru/wp-content/themes/dt-the7/css/static-less/shortcodes/.htaccess&path=/var/www/iq22073873/data/www/bckln.ru/wp-content/themes/dt-the7/css/static-less/shortcodes HTTP/1.1" 200 13357 "-" "Mozilla/5.0 AppleWebKit/537.36 (KHTML, like Gecko; compatible; Amazonbot/0.1; +https://developer.amazon.com/support/amazonbot) Chrome/119.0.6045.214 Safari/537.36"
20.171.207.28 - - [20/Oct/2025:04:56:40 +0300] "GET /pages.php?_bd_prev_page=https://bckln.ru/collect.aspx?039007546.htm&_bdsid=8i31wb.n~FBOZA.171882992.173951532&_gz=2.198475681.196329788.172254536-860287671.160667979 HTTP/1.0" 200 71056 "-" "Mozilla/5.0 AppleWebKit/537.36 (KHTML, like Gecko; compatible; GPTBot/1.2; +https://openai.com/gptbot)"
20.171.207.28 - - [20/Oct/2025:04:56:41 +0300] "GET /pages.php?_bd_prev_page=https://bckln.ru/collect.aspx?039007546.htm&_bdsid=8i31wb.n~FBOZA.171882992.173951532&_gz=2.198475681.196329788.172254536-860287671.160667979 HTTP/1.1" 200 71140 "-" "Mozilla/5.0 AppleWebKit/537.36 (KHTML, like Gecko; compatible; GPTBot/1.2; +https://openai.com/gptbot)"
54.84.102.81 - - [20/Oct/2025:04:56:43 +0300] "GET /?fileloc=/var/www/iq22073873/data/www/bckln.ru/wp-content/plugins/wp-file-manager/lib/js/extras/encoding-japanese.min.js&path=/var/www/iq22073873/data/www/bckln.ru/wp-content/plugins/wp-file-manager/lib/js/extras HTTP/1.0" 200 241308 "-" "Mozilla/5.0 AppleWebKit/537.36 (KHTML, like Gecko; compatible; Amazonbot/0.1; +https://developer.amazon.com/support/amazonbot) Chrome/119.0.6045.214 Safari/537.36"
54.84.102.81 - - [20/Oct/2025:04:56:44 +0300] "GET /?fileloc=/var/www/iq22073873/data/www/bckln.ru/wp-content/plugins/wp-file-manager/lib/js/extras/encoding-japanese.min.js&path=/var/www/iq22073873/data/www/bckln.ru/wp-content/plugins/wp-file-manager/lib/js/extras HTTP/1.1" 200 241450 "-" "Mozilla/5.0 AppleWebKit/537.36 (KHTML, like Gecko; compatible; Amazonbot/0.1; +https://developer.amazon.com/support/amazonbot) Chrome/119.0.6045.214 Safari/537.36"
20.171.207.28 - - [20/Oct/2025:04:56:44 +0300] "GET /pages.php?_bd_prev_page=https://bckln.ru/collect.aspx?007038098.htm&_bdsid=8i31wb.n~FBOZA.171882992.173951532&_gz=2.198475681.196329788.172254536-860287671.160667979 HTTP/1.0" 200 76007 "-" "Mozilla/5.0 AppleWebKit/537.36 (KHTML, like Gecko; compatible; GPTBot/1.2; +https://openai.com/gptbot)"
20.171.207.28 - - [20/Oct/2025:04:56:45 +0300] "GET /pages.php?_bd_prev_page=https://bckln.ru/collect.aspx?007038098.htm&_bdsid=8i31wb.n~FBOZA.171882992.173951532&_gz=2.198475681.196329788.172254536-860287671.160667979 HTTP/1.1" 200 76099 "-" "Mozilla/5.0 AppleWebKit/537.36 (KHTML, like Gecko; compatible; GPTBot/1.2; +https://openai.com/gptbot)"
52.1.106.130 - - [20/Oct/2025:04:56:47 +0300] "GET /prokat/?fileloc=/var/www/iq22073873/data/www/bckln.ru/wp-content/plugins/js_composer/include/templates/editors/.htaccess&path=/var/www/iq22073873/data/www/bckln.ru/wp-content/plugins/js_composer/include/templates/editors HTTP/1.0" 200 13363 "-" "Mozilla/5.0 AppleWebKit/537.36 (KHTML, like Gecko; compatible; Amazonbot/0.1; +https://developer.amazon.com/support/amazonbot) Chrome/119.0.6045.214 Safari/537.36"
52.1.106.130 - - [20/Oct/2025:04:56:47 +0300] "GET /prokat/?fileloc=/var/www/iq22073873/data/www/bckln.ru/wp-content/plugins/js_composer/include/templates/editors/.htaccess&path=/var/www/iq22073873/data/www/bckln.ru/wp-content/plugins/js_composer/include/templates/editors HTTP/1.1" 200 13391 "-" "Mozilla/5.0 AppleWebKit/537.36 (KHTML, like Gecko; compatible; Amazonbot/0.1; +https://developer.amazon.com/support/amazonbot) Chrome/119.0.6045.214 Safari/537.36"
20.171.207.28 - - [20/Oct/2025:04:56:47 +0300] "GET /pages.php?l=38650&product/set36?c=g HTTP/1.0" 200 63289 "-" "Mozilla/5.0 AppleWebKit/537.36 (KHTML, like Gecko; compatible; GPTBot/1.2; +https://openai.com/gptbot)"
20.171.207.28 - - [20/Oct/2025:04:56:48 +0300] "GET /pages.php?l=38650&product/set36?c=g HTTP/1.1" 200 63365 "-" "Mozilla/5.0 AppleWebKit/537.36 (KHTML, like Gecko; compatible; GPTBot/1.2; +https://openai.com/gptbot)"
52.202.233.37 - - [20/Oct/2025:04:56:51 +0300] "GET /?fileloc=/var/www/iq22073873/data/www/bckln.ru/wp-content/plugins/wp-file-manager/lib/fonts/notosans/NotoSans-Regular.eot&path=/var/www/iq22073873/data/www/bckln.ru/wp-content/plugins/wp-file-manager/lib/fonts/notosans HTTP/1.0" 200 13226 "-" "Mozilla/5.0 AppleWebKit/537.36 (KHTML, like Gecko; compatible; Amazonbot/0.1; +https://developer.amazon.com/support/amazonbot) Chrome/119.0.6045.214 Safari/537.36"
52.202.233.37 - - [20/Oct/2025:04:56:51 +0300] "GET /?fileloc=/var/www/iq22073873/data/www/bckln.ru/wp-content/plugins/wp-file-manager/lib/fonts/notosans/NotoSans-Regular.eot&path=/var/www/iq22073873/data/www/bckln.ru/wp-content/plugins/wp-file-manager/lib/fonts/notosans HTTP/1.1" 200 13254 "-" "Mozilla/5.0 AppleWebKit/537.36 (KHTML, like Gecko; compatible; Amazonbot/0.1; +https://developer.amazon.com/support/amazonbot) Chrome/119.0.6045.214 Safari/537.36"
20.171.207.28 - - [20/Oct/2025:04:56:50 +0300] "GET /pages.php?_bd_prev_page=https://bckln.ru/collect.aspx?016000211.htm&_bdsid=8i31wb.n~FBOZA.171882992.173951532&_gz=2.198475681.196329788.172254536-860287671.160667979 HTTP/1.0" 200 74345 "-" "Mozilla/5.0 AppleWebKit/537.36 (KHTML, like Gecko; compatible; GPTBot/1.2; +https://openai.com/gptbot)"
20.171.207.28 - - [20/Oct/2025:04:56:51 +0300] "GET /pages.php?_bd_prev_page=https://bckln.ru/collect.aspx?016000211.htm&_bdsid=8i31wb.n~FBOZA.171882992.173951532&_gz=2.198475681.196329788.172254536-860287671.160667979 HTTP/1.1" 200 74437 "-" "Mozilla/5.0 AppleWebKit/537.36 (KHTML, like Gecko; compatible; GPTBot/1.2; +https://openai.com/gptbot)"
20.171.207.28 - - [20/Oct/2025:04:56:53 +0300] "GET /pages.php?_bd_prev_page=https://bckln.ru/collect.aspx?product/bride52?c=g&_bdsid=8i31wb.n~FBOZA.171882992.173951532&_gz=2.198475681.196329788.172254536-860287671.160667979&l=15970 HTTP/1.0" 200 72829 "-" "Mozilla/5.0 AppleWebKit/537.36 (KHTML, like Gecko; compatible; GPTBot/1.2; +https://openai.com/gptbot)"
20.171.207.28 - - [20/Oct/2025:04:56:54 +0300] "GET /pages.php?_bd_prev_page=https://bckln.ru/collect.aspx?product/bride52?c=g&_bdsid=8i31wb.n~FBOZA.171882992.173951532&_gz=2.198475681.196329788.172254536-860287671.160667979&l=15970 HTTP/1.1" 200 72913 "-" "Mozilla/5.0 AppleWebKit/537.36 (KHTML, like Gecko; compatible; GPTBot/1.2; +https://openai.com/gptbot)"
44.212.145.46 - - [20/Oct/2025:04:56:55 +0300] "GET /?fileloc=/var/www/iq22073873/data/www/bckln.ru/wp-content/plugins/go_pricing/assets/admin/js/index.php&path=/var/www/iq22073873/data/www/bckln.ru/wp-content/plugins/go_pricing/assets/admin/js HTTP/1.0" 200 13217 "-" "Mozilla/5.0 AppleWebKit/537.36 (KHTML, like Gecko; compatible; Amazonbot/0.1; +https://developer.amazon.com/support/amazonbot) Chrome/119.0.6045.214 Safari/537.36"
44.212.145.46 - - [20/Oct/2025:04:56:55 +0300] "GET /?fileloc=/var/www/iq22073873/data/www/bckln.ru/wp-content/plugins/go_pricing/assets/admin/js/index.php&path=/var/www/iq22073873/data/www/bckln.ru/wp-content/plugins/go_pricing/assets/admin/js HTTP/1.1" 200 13245 "-" "Mozilla/5.0 AppleWebKit/537.36 (KHTML, like Gecko; compatible; Amazonbot/0.1; +https://developer.amazon.com/support/amazonbot) Chrome/119.0.6045.214 Safari/537.36"
20.171.207.28 - - [20/Oct/2025:04:56:56 +0300] "GET /pages.php?l=38097&product/waist7?c=g HTTP/1.0" 200 80490 "-" "Mozilla/5.0 AppleWebKit/537.36 (KHTML, like Gecko; compatible; GPTBot/1.2; +https://openai.com/gptbot)"
20.171.207.28 - - [20/Oct/2025:04:56:57 +0300] "GET /pages.php?l=38097&product/waist7?c=g HTTP/1.1" 200 80590 "-" "Mozilla/5.0 AppleWebKit/537.36 (KHTML, like Gecko; compatible; GPTBot/1.2; +https://openai.com/gptbot)"
18.233.24.238 - - [20/Oct/2025:04:56:59 +0300] "GET /?fileloc=/var/www/iq22073873/data/www/bckln.ru/wp-content/plugins/wp-file-manager/lib/js/extras/.htaccess&path=/var/www/iq22073873/data/www/bckln.ru/wp-content/plugins/wp-file-manager/lib/js/extras HTTP/1.0" 200 13336 "-" "Mozilla/5.0 AppleWebKit/537.36 (KHTML, like Gecko; compatible; Amazonbot/0.1; +https://developer.amazon.com/support/amazonbot) Chrome/119.0.6045.214 Safari/537.36"
18.233.24.238 - - [20/Oct/2025:04:56:59 +0300] "GET /?fileloc=/var/www/iq22073873/data/www/bckln.ru/wp-content/plugins/wp-file-manager/lib/js/extras/.htaccess&path=/var/www/iq22073873/data/www/bckln.ru/wp-content/plugins/wp-file-manager/lib/js/extras HTTP/1.1" 200 13364 "-" "Mozilla/5.0 AppleWebKit/537.36 (KHTML, like Gecko; compatible; Amazonbot/0.1; +https://developer.amazon.com/support/amazonbot) Chrome/119.0.6045.214 Safari/537.36"
20.171.207.28 - - [20/Oct/2025:04:57:00 +0300] "GET /pages.php?_bd_prev_page=https://bckln.ru/collect.aspx?007038106.htm&_bdsid=8i31wb.n~FBOZA.171882992.173951532&_gz=2.198475681.196329788.172254536-860287671.160667979 HTTP/1.0" 200 84011 "-" "Mozilla/5.0 AppleWebKit/537.36 (KHTML, like Gecko; compatible; GPTBot/1.2; +https://openai.com/gptbot)"
20.171.207.28 - - [20/Oct/2025:04:57:00 +0300] "GET /pages.php?_bd_prev_page=https://bckln.ru/collect.aspx?007038106.htm&_bdsid=8i31wb.n~FBOZA.171882992.173951532&_gz=2.198475681.196329788.172254536-860287671.160667979 HTTP/1.1" 200 84110 "-" "Mozilla/5.0 AppleWebKit/537.36 (KHTML, like Gecko; compatible; GPTBot/1.2; +https://openai.com/gptbot)"
54.145.82.217 - - [20/Oct/2025:04:57:03 +0300] "GET /?fileloc=/var/www/iq22073873/data/www/bckln.ru/wp-content/plugins/Ultimate_VC_Addons/woocomposer/assets/js/custom.js&path=/var/www/iq22073873/data/www/bckln.ru/wp-content/plugins/Ultimate_VC_Addons/woocomposer/assets/js HTTP/1.0" 200 27096 "-" "Mozilla/5.0 AppleWebKit/537.36 (KHTML, like Gecko; compatible; Amazonbot/0.1; +https://developer.amazon.com/support/amazonbot) Chrome/119.0.6045.214 Safari/537.36"
54.145.82.217 - - [20/Oct/2025:04:57:03 +0300] "GET /?fileloc=/var/www/iq22073873/data/www/bckln.ru/wp-content/plugins/Ultimate_VC_Addons/woocomposer/assets/js/custom.js&path=/var/www/iq22073873/data/www/bckln.ru/wp-content/plugins/Ultimate_VC_Addons/woocomposer/assets/js HTTP/1.1" 200 27132 "-" "Mozilla/5.0 AppleWebKit/537.36 (KHTML, like Gecko; compatible; Amazonbot/0.1; +https://developer.amazon.com/support/amazonbot) Chrome/119.0.6045.214 Safari/537.36"
20.171.207.28 - - [20/Oct/2025:04:57:03 +0300] "GET /pages.php?_bd_prev_page=https://bckln.ru/collect.aspx?product/pursue7?c=g&_bdsid=8i31wb.n~FBOZA.171882992.173951532&_gz=2.198475681.196329788.172254536-860287671.160667979&l=38103 HTTP/1.0" 200 65168 "-" "Mozilla/5.0 AppleWebKit/537.36 (KHTML, like Gecko; compatible; GPTBot/1.2; +https://openai.com/gptbot)"
20.171.207.28 - - [20/Oct/2025:04:57:04 +0300] "GET /pages.php?_bd_prev_page=https://bckln.ru/collect.aspx?product/pursue7?c=g&_bdsid=8i31wb.n~FBOZA.171882992.173951532&_gz=2.198475681.196329788.172254536-860287671.160667979&l=38103 HTTP/1.1" 200 65244 "-" "Mozilla/5.0 AppleWebKit/537.36 (KHTML, like Gecko; compatible; GPTBot/1.2; +https://openai.com/gptbot)"
20.171.207.28 - - [20/Oct/2025:04:57:06 +0300] "GET /pages.php?_bd_prev_page=https://bckln.ru/collect.aspx?product/silly16?c=g&_bdsid=8i31wb.n~FBOZA.171882992.173951532&_gz=2.198475681.196329788.172254536-860287671.160667979&l=208 HTTP/1.0" 200 81829 "-" "Mozilla/5.0 AppleWebKit/537.36 (KHTML, like Gecko; compatible; GPTBot/1.2; +https://openai.com/gptbot)"
20.171.207.28 - - [20/Oct/2025:04:57:07 +0300] "GET /pages.php?_bd_prev_page=https://bckln.ru/collect.aspx?product/silly16?c=g&_bdsid=8i31wb.n~FBOZA.171882992.173951532&_gz=2.198475681.196329788.172254536-860287671.160667979&l=208 HTTP/1.1" 200 81928 "-" "Mozilla/5.0 AppleWebKit/537.36 (KHTML, like Gecko; compatible; GPTBot/1.2; +https://openai.com/gptbot)"
54.84.102.81 - - [20/Oct/2025:04:57:07 +0300] "GET /?fileloc=/var/www/iq22073873/data/www/bckln.ru/wp-content/themes/dt-the7/inc/shortcodes/vc_templates/vc_btn.php&path=/var/www/iq22073873/data/www/bckln.ru/wp-content/themes/dt-the7/inc/shortcodes/vc_templates HTTP/1.0" 200 19283 "-" "Mozilla/5.0 AppleWebKit/537.36 (KHTML, like Gecko; compatible; Amazonbot/0.1; +https://developer.amazon.com/support/amazonbot) Chrome/119.0.6045.214 Safari/537.36"
54.84.102.81 - - [20/Oct/2025:04:57:07 +0300] "GET /?fileloc=/var/www/iq22073873/data/www/bckln.ru/wp-content/themes/dt-the7/inc/shortcodes/vc_templates/vc_btn.php&path=/var/www/iq22073873/data/www/bckln.ru/wp-content/themes/dt-the7/inc/shortcodes/vc_templates HTTP/1.1" 200 19311 "-" "Mozilla/5.0 AppleWebKit/537.36 (KHTML, like Gecko; compatible; Amazonbot/0.1; +https://developer.amazon.com/support/amazonbot) Chrome/119.0.6045.214 Safari/537.36"
45.150.238.5 - - [20/Oct/2025:04:57:09 +0300] "GET / HTTP/1.0" 200 69660 "-" "Zabbix"
45.150.238.5 - - [20/Oct/2025:04:57:10 +0300] "GET / HTTP/1.1" 200 69743 "-" "Zabbix"
20.171.207.28 - - [20/Oct/2025:04:57:09 +0300] "GET /pages.php?l=42229&product/flexibility77?c=g HTTP/1.0" 200 83964 "-" "Mozilla/5.0 AppleWebKit/537.36 (KHTML, like Gecko; compatible; GPTBot/1.2; +https://openai.com/gptbot)"
20.171.207.28 - - [20/Oct/2025:04:57:10 +0300] "GET /pages.php?l=42229&product/flexibility77?c=g HTTP/1.1" 200 84064 "-" "Mozilla/5.0 AppleWebKit/537.36 (KHTML, like Gecko; compatible; GPTBot/1.2; +https://openai.com/gptbot)"
52.0.218.219 - - [20/Oct/2025:04:57:11 +0300] "GET /?fileloc=/var/www/iq22073873/data/www/bckln.ru/wp-includes/sodium_compat/src/Core/AEGIS/AEGIS/cache.php&path=/var/www/iq22073873/data/www/bckln.ru/wp-includes/sodium_compat/src/Core/AEGIS/AEGIS HTTP/1.0" 200 18837 "-" "Mozilla/5.0 AppleWebKit/537.36 (KHTML, like Gecko; compatible; Amazonbot/0.1; +https://developer.amazon.com/support/amazonbot) Chrome/119.0.6045.214 Safari/537.36"
52.0.218.219 - - [20/Oct/2025:04:57:11 +0300] "GET /?fileloc=/var/www/iq22073873/data/www/bckln.ru/wp-includes/sodium_compat/src/Core/AEGIS/AEGIS/cache.php&path=/var/www/iq22073873/data/www/bckln.ru/wp-includes/sodium_compat/src/Core/AEGIS/AEGIS HTTP/1.1" 200 18865 "-" "Mozilla/5.0 AppleWebKit/537.36 (KHTML, like Gecko; compatible; Amazonbot/0.1; +https://developer.amazon.com/support/amazonbot) Chrome/119.0.6045.214 Safari/537.36"
20.171.207.28 - - [20/Oct/2025:04:57:12 +0300] "GET /pages.php?_bd_prev_page=https://bckln.ru/collect.aspx?036036683.htm&_bdsid=8i31wb.n~FBOZA.171882992.173951532&_gz=2.198475681.196329788.172254536-860287671.160667979 HTTP/1.0" 200 89079 "-" "Mozilla/5.0 AppleWebKit/537.36 (KHTML, like Gecko; compatible; GPTBot/1.2; +https://openai.com/gptbot)"
20.171.207.28 - - [20/Oct/2025:04:57:13 +0300] "GET /pages.php?_bd_prev_page=https://bckln.ru/collect.aspx?036036683.htm&_bdsid=8i31wb.n~FBOZA.171882992.173951532&_gz=2.198475681.196329788.172254536-860287671.160667979 HTTP/1.1" 200 89187 "-" "Mozilla/5.0 AppleWebKit/537.36 (KHTML, like Gecko; compatible; GPTBot/1.2; +https://openai.com/gptbot)"
173.208.176.202 - - [20/Oct/2025:04:55:44 +0300] "GET /wp-includes/im763f02/edit.php?id=172474 HTTP/1.0" 200 - "https://bckln.ru/wp-includes/im763f02/edit.php?id=172474" "Mozilla/5.0 (Windows NT 10.0; Win64; x64) AppleWebKit/537.36 (KHTML, like Gecko) Chrome/58.0.3029.110 Safari/537.3"
34.226.89.140 - - [20/Oct/2025:04:57:15 +0300] "GET /?fileloc=/var/www/iq22073873/data/www/bckln.ru/wp-content/themes/twentytwentythree/assets/fonts/inter/LICENSE.txt&path=/var/www/iq22073873/data/www/bckln.ru/wp-content/themes/twentytwentythree/assets/fonts/inter HTTP/1.0" 200 17668 "-" "Mozilla/5.0 AppleWebKit/537.36 (KHTML, like Gecko; compatible; Amazonbot/0.1; +https://developer.amazon.com/support/amazonbot) Chrome/119.0.6045.214 Safari/537.36"
34.226.89.140 - - [20/Oct/2025:04:57:16 +0300] "GET /?fileloc=/var/www/iq22073873/data/www/bckln.ru/wp-content/themes/twentytwentythree/assets/fonts/inter/LICENSE.txt&path=/var/www/iq22073873/data/www/bckln.ru/wp-content/themes/twentytwentythree/assets/fonts/inter HTTP/1.1" 200 17696 "-" "Mozilla/5.0 AppleWebKit/537.36 (KHTML, like Gecko; compatible; Amazonbot/0.1; +https://developer.amazon.com/support/amazonbot) Chrome/119.0.6045.214 Safari/537.36"
20.171.207.28 - - [20/Oct/2025:04:57:16 +0300] "GET /pages.php?_bd_prev_page=https://bckln.ru/collect.aspx?007000386.htm&_bdsid=8i31wb.n~FBOZA.171882992.173951532&_gz=2.198475681.196329788.172254536-860287671.160667979 HTTP/1.0" 200 84079 "-" "Mozilla/5.0 AppleWebKit/537.36 (KHTML, like Gecko; compatible; GPTBot/1.2; +https://openai.com/gptbot)"
20.171.207.28 - - [20/Oct/2025:04:57:16 +0300] "GET /pages.php?_bd_prev_page=https://bckln.ru/collect.aspx?007000386.htm&_bdsid=8i31wb.n~FBOZA.171882992.173951532&_gz=2.198475681.196329788.172254536-860287671.160667979 HTTP/1.1" 200 84179 "-" "Mozilla/5.0 AppleWebKit/537.36 (KHTML, like Gecko; compatible; GPTBot/1.2; +https://openai.com/gptbot)"
66.249.66.167 - - [20/Oct/2025:04:57:15 +0300] "GET /toy135?kg=41858 HTTP/1.0" 200 556575 "-" "Mozilla/5.0 (Linux; Android 6.0.1; Nexus 5X Build/MMB29P) AppleWebKit/537.36 (KHTML, like Gecko) Chrome/140.0.7339.207 Mobile Safari/537.36 (compatible; Googlebot/2.1; +http://www.google.com/bot.html)"
173.208.176.202 - - [20/Oct/2025:04:57:19 +0300] "GET /wp-includes/im763f02/edit.php?id=172474 HTTP/1.1" 499 0 "https://bckln.ru/wp-includes/im763f02/edit.php?id=172474" "Mozilla/5.0 (Windows NT 10.0; Win64; x64) AppleWebKit/537.36 (KHTML, like Gecko) Chrome/58.0.3029.110 Safari/537.3"
66.249.66.167 - - [20/Oct/2025:04:57:19 +0300] "GET /toy135?kg=41858 HTTP/1.1" 200 556745 "-" "Mozilla/5.0 (Linux; Android 6.0.1; Nexus 5X Build/MMB29P) AppleWebKit/537.36 (KHTML, like Gecko) Chrome/140.0.7339.207 Mobile Safari/537.36 (compatible; Googlebot/2.1; +http://www.google.com/bot.html)"
54.83.56.1 - - [20/Oct/2025:04:57:19 +0300] "GET /?fileloc=/var/www/iq22073873/data/www/bckln.ru/wp-content/plugins/go_pricing/assets/images/pins/pin_clean_3.png&path=/var/www/iq22073873/data/www/bckln.ru/wp-content/plugins/go_pricing/assets/images/pins HTTP/1.0" 200 13198 "-" "Mozilla/5.0 AppleWebKit/537.36 (KHTML, like Gecko; compatible; Amazonbot/0.1; +https://developer.amazon.com/support/amazonbot) Chrome/119.0.6045.214 Safari/537.36"
54.83.56.1 - - [20/Oct/2025:04:57:19 +0300] "GET /?fileloc=/var/www/iq22073873/data/www/bckln.ru/wp-content/plugins/go_pricing/assets/images/pins/pin_clean_3.png&path=/var/www/iq22073873/data/www/bckln.ru/wp-content/plugins/go_pricing/assets/images/pins HTTP/1.1" 200 13226 "-" "Mozilla/5.0 AppleWebKit/537.36 (KHTML, like Gecko; compatible; Amazonbot/0.1; +https://developer.amazon.com/support/amazonbot) Chrome/119.0.6045.214 Safari/537.36"
20.171.207.28 - - [20/Oct/2025:04:57:19 +0300] "GET /pages.php?l=391&product/rating7?c=g HTTP/1.0" 200 87260 "-" "Mozilla/5.0 AppleWebKit/537.36 (KHTML, like Gecko; compatible; GPTBot/1.2; +https://openai.com/gptbot)"
20.171.207.28 - - [20/Oct/2025:04:57:20 +0300] "GET /pages.php?l=391&product/rating7?c=g HTTP/1.1" 200 87368 "-" "Mozilla/5.0 AppleWebKit/537.36 (KHTML, like Gecko; compatible; GPTBot/1.2; +https://openai.com/gptbot)"
20.171.207.28 - - [20/Oct/2025:04:57:22 +0300] "GET /pages.php?_bd_prev_page=https://bckln.ru/collect.aspx?013011202.htm&_bdsid=8i31wb.n~FBOZA.171882992.173951532&_gz=2.198475681.196329788.172254536-860287671.160667979 HTTP/1.0" 200 80828 "-" "Mozilla/5.0 AppleWebKit/537.36 (KHTML, like Gecko; compatible; GPTBot/1.2; +https://openai.com/gptbot)"
20.171.207.28 - - [20/Oct/2025:04:57:23 +0300] "GET /pages.php?_bd_prev_page=https://bckln.ru/collect.aspx?013011202.htm&_bdsid=8i31wb.n~FBOZA.171882992.173951532&_gz=2.198475681.196329788.172254536-860287671.160667979 HTTP/1.1" 200 80928 "-" "Mozilla/5.0 AppleWebKit/537.36 (KHTML, like Gecko; compatible; GPTBot/1.2; +https://openai.com/gptbot)"
44.209.89.189 - - [20/Oct/2025:04:57:23 +0300] "GET /?fileloc=/var/www/iq22073873/data/www/bckln.ru/wp-content/plugins/go_pricing/assets/images/icons/icon_green_minus.png&path=/var/www/iq22073873/data/www/bckln.ru/wp-content/plugins/go_pricing/assets/images/icons HTTP/1.0" 200 13206 "-" "Mozilla/5.0 AppleWebKit/537.36 (KHTML, like Gecko; compatible; Amazonbot/0.1; +https://developer.amazon.com/support/amazonbot) Chrome/119.0.6045.214 Safari/537.36"
44.209.89.189 - - [20/Oct/2025:04:57:23 +0300] "GET /?fileloc=/var/www/iq22073873/data/www/bckln.ru/wp-content/plugins/go_pricing/assets/images/icons/icon_green_minus.png&path=/var/www/iq22073873/data/www/bckln.ru/wp-content/plugins/go_pricing/assets/images/icons HTTP/1.1" 200 13234 "-" "Mozilla/5.0 AppleWebKit/537.36 (KHTML, like Gecko; compatible; Amazonbot/0.1; +https://developer.amazon.com/support/amazonbot) Chrome/119.0.6045.214 Safari/537.36"
20.171.207.28 - - [20/Oct/2025:04:57:25 +0300] "GET /pages.php?_bd_prev_page=https://bckln.ru/collect.aspx?product/immune65?c=g&_bdsid=8i31wb.n~FBOZA.171882992.173951532&_gz=2.198475681.196329788.172254536-860287671.160667979&l=1909 HTTP/1.0" 200 67682 "-" "Mozilla/5.0 AppleWebKit/537.36 (KHTML, like Gecko; compatible; GPTBot/1.2; +https://openai.com/gptbot)"
20.171.207.28 - - [20/Oct/2025:04:57:26 +0300] "GET /pages.php?_bd_prev_page=https://bckln.ru/collect.aspx?product/immune65?c=g&_bdsid=8i31wb.n~FBOZA.171882992.173951532&_gz=2.198475681.196329788.172254536-860287671.160667979&l=1909 HTTP/1.1" 200 67766 "-" "Mozilla/5.0 AppleWebKit/537.36 (KHTML, like Gecko; compatible; GPTBot/1.2; +https://openai.com/gptbot)"
63.141.249.210 - - [20/Oct/2025:04:57:26 +0300] "GET /wp-content/qq7b83be/index.php HTTP/1.1" 499 0 "https://bckln.ru/wp-content/qq7b83be/index.php" "Mozilla/5.0 (Windows NT 10.0; Win64; x64) AppleWebKit/537.36 (KHTML, like Gecko) Chrome/58.0.3029.110 Safari/537.3"
63.141.249.210 - - [20/Oct/2025:04:57:26 +0300] "GET /wp-content/qq7b83be/index.php HTTP/1.0" 200 6 "https://bckln.ru/wp-content/qq7b83be/index.php" "Mozilla/5.0 (Windows NT 10.0; Win64; x64) AppleWebKit/537.36 (KHTML, like Gecko) Chrome/58.0.3029.110 Safari/537.3"
63.141.249.210 - - [20/Oct/2025:04:57:27 +0300] "GET /wp-content/qq7b83be/index.php HTTP/1.1" 200 16 "https://bckln.ru/wp-content/qq7b83be/index.php" "Mozilla/5.0 (Windows NT 10.0; Win64; x64) AppleWebKit/537.36 (KHTML, like Gecko) Chrome/58.0.3029.110 Safari/537.3"
18.215.112.101 - - [20/Oct/2025:04:57:27 +0300] "GET /?fileloc=/var/www/iq22073873/data/www/bckln.ru/wp-includes/sodium_compat/src/Core32/SecretStream/State.php&path=/var/www/iq22073873/data/www/bckln.ru/wp-includes/sodium_compat/src/Core32/SecretStream HTTP/1.0" 200 16931 "-" "Mozilla/5.0 AppleWebKit/537.36 (KHTML, like Gecko; compatible; Amazonbot/0.1; +https://developer.amazon.com/support/amazonbot) Chrome/119.0.6045.214 Safari/537.36"
18.215.112.101 - - [20/Oct/2025:04:57:28 +0300] "GET /?fileloc=/var/www/iq22073873/data/www/bckln.ru/wp-includes/sodium_compat/src/Core32/SecretStream/State.php&path=/var/www/iq22073873/data/www/bckln.ru/wp-includes/sodium_compat/src/Core32/SecretStream HTTP/1.1" 200 16959 "-" "Mozilla/5.0 AppleWebKit/537.36 (KHTML, like Gecko; compatible; Amazonbot/0.1; +https://developer.amazon.com/support/amazonbot) Chrome/119.0.6045.214 Safari/537.36"
20.171.207.28 - - [20/Oct/2025:04:57:28 +0300] "GET /pages.php?_bd_prev_page=https://bckln.ru/collect.aspx?product/thing46?c=g&_bdsid=8i31wb.n~FBOZA.171882992.173951532&_gz=2.198475681.196329788.172254536-860287671.160667979&l=23722 HTTP/1.0" 200 71762 "-" "Mozilla/5.0 AppleWebKit/537.36 (KHTML, like Gecko; compatible; GPTBot/1.2; +https://openai.com/gptbot)"
20.171.207.28 - - [20/Oct/2025:04:57:29 +0300] "GET /pages.php?_bd_prev_page=https://bckln.ru/collect.aspx?product/thing46?c=g&_bdsid=8i31wb.n~FBOZA.171882992.173951532&_gz=2.198475681.196329788.172254536-860287671.160667979&l=23722 HTTP/1.1" 200 71839 "-" "Mozilla/5.0 AppleWebKit/537.36 (KHTML, like Gecko; compatible; GPTBot/1.2; +https://openai.com/gptbot)"
3.232.102.111 - - [20/Oct/2025:04:57:31 +0300] "GET /?fileloc=/var/www/iq22073873/data/www/bckln.ru/wp-content/themes/dt-the7/inc/presets/images/skin07c.gif&path=/var/www/iq22073873/data/www/bckln.ru/wp-content/themes/dt-the7/inc/presets/images HTTP/1.0" 200 13164 "-" "Mozilla/5.0 AppleWebKit/537.36 (KHTML, like Gecko; compatible; Amazonbot/0.1; +https://developer.amazon.com/support/amazonbot) Chrome/119.0.6045.214 Safari/537.36"
3.232.102.111 - - [20/Oct/2025:04:57:32 +0300] "GET /?fileloc=/var/www/iq22073873/data/www/bckln.ru/wp-content/themes/dt-the7/inc/presets/images/skin07c.gif&path=/var/www/iq22073873/data/www/bckln.ru/wp-content/themes/dt-the7/inc/presets/images HTTP/1.1" 200 13192 "-" "Mozilla/5.0 AppleWebKit/537.36 (KHTML, like Gecko; compatible; Amazonbot/0.1; +https://developer.amazon.com/support/amazonbot) Chrome/119.0.6045.214 Safari/537.36"
20.171.207.28 - - [20/Oct/2025:04:57:31 +0300] "GET /pages.php?_bd_prev_page=https://bckln.ru/collect.aspx?product/dip49?c=g&_bdsid=8i31wb.n~FBOZA.171882992.173951532&_gz=2.198475681.196329788.172254536-860287671.160667979&l=23349 HTTP/1.0" 200 71544 "-" "Mozilla/5.0 AppleWebKit/537.36 (KHTML, like Gecko; compatible; GPTBot/1.2; +https://openai.com/gptbot)"
20.171.207.28 - - [20/Oct/2025:04:57:32 +0300] "GET /pages.php?_bd_prev_page=https://bckln.ru/collect.aspx?product/dip49?c=g&_bdsid=8i31wb.n~FBOZA.171882992.173951532&_gz=2.198475681.196329788.172254536-860287671.160667979&l=23349 HTTP/1.1" 200 71628 "-" "Mozilla/5.0 AppleWebKit/537.36 (KHTML, like Gecko; compatible; GPTBot/1.2; +https://openai.com/gptbot)"
20.171.207.28 - - [20/Oct/2025:04:57:34 +0300] "GET /pages.php?l=8425&product/hi7?c=g HTTP/1.0" 200 91478 "-" "Mozilla/5.0 AppleWebKit/537.36 (KHTML, like Gecko; compatible; GPTBot/1.2; +https://openai.com/gptbot)"
20.171.207.28 - - [20/Oct/2025:04:57:35 +0300] "GET /pages.php?l=8425&product/hi7?c=g HTTP/1.1" 200 91586 "-" "Mozilla/5.0 AppleWebKit/537.36 (KHTML, like Gecko; compatible; GPTBot/1.2; +https://openai.com/gptbot)"
20.171.207.28 - - [20/Oct/2025:04:57:37 +0300] "GET /pages.php?_bd_prev_page=https://bckln.ru/collect.aspx?product/unique36?c=g&_bdsid=8i31wb.n~FBOZA.171882992.173951532&_gz=2.198475681.196329788.172254536-860287671.160667979&l=6972 HTTP/1.0" 200 86666 "-" "Mozilla/5.0 AppleWebKit/537.36 (KHTML, like Gecko; compatible; GPTBot/1.2; +https://openai.com/gptbot)"
20.171.207.28 - - [20/Oct/2025:04:57:38 +0300] "GET /pages.php?_bd_prev_page=https://bckln.ru/collect.aspx?product/unique36?c=g&_bdsid=8i31wb.n~FBOZA.171882992.173951532&_gz=2.198475681.196329788.172254536-860287671.160667979&l=6972 HTTP/1.1" 200 86773 "-" "Mozilla/5.0 AppleWebKit/537.36 (KHTML, like Gecko; compatible; GPTBot/1.2; +https://openai.com/gptbot)"
20.171.207.28 - - [20/Oct/2025:04:57:40 +0300] "GET /pages.php?l=677&product/or69?c=g HTTP/1.0" 200 81734 "-" "Mozilla/5.0 AppleWebKit/537.36 (KHTML, like Gecko; compatible; GPTBot/1.2; +https://openai.com/gptbot)"
20.171.207.28 - - [20/Oct/2025:04:57:41 +0300] "GET /pages.php?l=677&product/or69?c=g HTTP/1.1" 200 81833 "-" "Mozilla/5.0 AppleWebKit/537.36 (KHTML, like Gecko; compatible; GPTBot/1.2; +https://openai.com/gptbot)"
20.171.207.28 - - [20/Oct/2025:04:57:44 +0300] "GET /pages.php?_bd_prev_page=https://bckln.ru/collect.aspx?product/lifetime9?c=g&_bdsid=8i31wb.n~FBOZA.171882992.173951532&_gz=2.198475681.196329788.172254536-860287671.160667979&l=51 HTTP/1.0" 200 81107 "-" "Mozilla/5.0 AppleWebKit/537.36 (KHTML, like Gecko; compatible; GPTBot/1.2; +https://openai.com/gptbot)"
20.171.207.28 - - [20/Oct/2025:04:57:45 +0300] "GET /pages.php?_bd_prev_page=https://bckln.ru/collect.aspx?product/lifetime9?c=g&_bdsid=8i31wb.n~FBOZA.171882992.173951532&_gz=2.198475681.196329788.172254536-860287671.160667979&l=51 HTTP/1.1" 200 81199 "-" "Mozilla/5.0 AppleWebKit/537.36 (KHTML, like Gecko; compatible; GPTBot/1.2; +https://openai.com/gptbot)"
20.171.207.28 - - [20/Oct/2025:04:57:47 +0300] "GET /pages.php?_bd_prev_page=https://bckln.ru/collect.aspx?product/cookie81?c=g&_bdsid=8i31wb.n~FBOZA.171882992.173951532&_gz=2.198475681.196329788.172254536-860287671.160667979&l=26153 HTTP/1.0" 200 84388 "-" "Mozilla/5.0 AppleWebKit/537.36 (KHTML, like Gecko; compatible; GPTBot/1.2; +https://openai.com/gptbot)"
20.171.207.28 - - [20/Oct/2025:04:57:48 +0300] "GET /pages.php?_bd_prev_page=https://bckln.ru/collect.aspx?product/cookie81?c=g&_bdsid=8i31wb.n~FBOZA.171882992.173951532&_gz=2.198475681.196329788.172254536-860287671.160667979&l=26153 HTTP/1.1" 200 84488 "-" "Mozilla/5.0 AppleWebKit/537.36 (KHTML, like Gecko; compatible; GPTBot/1.2; +https://openai.com/gptbot)"
20.171.207.28 - - [20/Oct/2025:04:57:50 +0300] "GET /pages.php?_bd_prev_page=https://bckln.ru/collect.aspx?036041549.htm&_bdsid=8i31wb.n~FBOZA.171882992.173951532&_gz=2.198475681.196329788.172254536-860287671.160667979 HTTP/1.0" 200 84042 "-" "Mozilla/5.0 AppleWebKit/537.36 (KHTML, like Gecko; compatible; GPTBot/1.2; +https://openai.com/gptbot)"
20.171.207.28 - - [20/Oct/2025:04:57:51 +0300] "GET /pages.php?_bd_prev_page=https://bckln.ru/collect.aspx?036041549.htm&_bdsid=8i31wb.n~FBOZA.171882992.173951532&_gz=2.198475681.196329788.172254536-860287671.160667979 HTTP/1.1" 200 84135 "-" "Mozilla/5.0 AppleWebKit/537.36 (KHTML, like Gecko; compatible; GPTBot/1.2; +https://openai.com/gptbot)"
20.171.207.28 - - [20/Oct/2025:04:57:53 +0300] "GET /pages.php?_bd_prev_page=https://bckln.ru/collect.aspx?036000259.htm&_bdsid=8i31wb.n~FBOZA.171882992.173951532&_gz=2.198475681.196329788.172254536-860287671.160667979 HTTP/1.0" 200 77271 "-" "Mozilla/5.0 AppleWebKit/537.36 (KHTML, like Gecko; compatible; GPTBot/1.2; +https://openai.com/gptbot)"
20.171.207.28 - - [20/Oct/2025:04:57:54 +0300] "GET /pages.php?_bd_prev_page=https://bckln.ru/collect.aspx?036000259.htm&_bdsid=8i31wb.n~FBOZA.171882992.173951532&_gz=2.198475681.196329788.172254536-860287671.160667979 HTTP/1.1" 200 77363 "-" "Mozilla/5.0 AppleWebKit/537.36 (KHTML, like Gecko; compatible; GPTBot/1.2; +https://openai.com/gptbot)"
20.171.207.28 - - [20/Oct/2025:04:57:56 +0300] "GET /pages.php?_bd_prev_page=https://bckln.ru/collect.aspx?product/stair7?c=g&_bdsid=8i31wb.n~FBOZA.171882992.173951532&_gz=2.198475681.196329788.172254536-860287671.160667979&l=399 HTTP/1.0" 200 62834 "-" "Mozilla/5.0 AppleWebKit/537.36 (KHTML, like Gecko; compatible; GPTBot/1.2; +https://openai.com/gptbot)"
20.171.207.28 - - [20/Oct/2025:04:57:57 +0300] "GET /pages.php?_bd_prev_page=https://bckln.ru/collect.aspx?product/stair7?c=g&_bdsid=8i31wb.n~FBOZA.171882992.173951532&_gz=2.198475681.196329788.172254536-860287671.160667979&l=399 HTTP/1.1" 200 62910 "-" "Mozilla/5.0 AppleWebKit/537.36 (KHTML, like Gecko; compatible; GPTBot/1.2; +https://openai.com/gptbot)"
20.171.207.28 - - [20/Oct/2025:04:57:59 +0300] "GET /pages.php?_bd_prev_page=https://bckln.ru/collect.aspx?041008052.htm&_bdsid=8i31wb.n~FBOZA.171882992.173951532&_gz=2.198475681.196329788.172254536-860287671.160667979 HTTP/1.0" 200 83314 "-" "Mozilla/5.0 AppleWebKit/537.36 (KHTML, like Gecko; compatible; GPTBot/1.2; +https://openai.com/gptbot)"
20.171.207.28 - - [20/Oct/2025:04:58:00 +0300] "GET /pages.php?_bd_prev_page=https://bckln.ru/collect.aspx?041008052.htm&_bdsid=8i31wb.n~FBOZA.171882992.173951532&_gz=2.198475681.196329788.172254536-860287671.160667979 HTTP/1.1" 200 83413 "-" "Mozilla/5.0 AppleWebKit/537.36 (KHTML, like Gecko; compatible; GPTBot/1.2; +https://openai.com/gptbot)"
20.171.207.28 - - [20/Oct/2025:04:58:03 +0300] "GET /pages.php?_bd_prev_page=https://bckln.ru/collect.aspx?002000023.htm&_bdsid=8i31wb.n~FBOZA.171882992.173951532&_gz=2.198475681.196329788.172254536-860287671.160667979 HTTP/1.0" 200 75984 "-" "Mozilla/5.0 AppleWebKit/537.36 (KHTML, like Gecko; compatible; GPTBot/1.2; +https://openai.com/gptbot)"
20.171.207.28 - - [20/Oct/2025:04:58:07 +0300] "GET /pages.php?_bd_prev_page=https://bckln.ru/collect.aspx?002000023.htm&_bdsid=8i31wb.n~FBOZA.171882992.173951532&_gz=2.198475681.196329788.172254536-860287671.160667979 HTTP/1.1" 200 76076 "-" "Mozilla/5.0 AppleWebKit/537.36 (KHTML, like Gecko; compatible; GPTBot/1.2; +https://openai.com/gptbot)"
20.171.207.28 - - [20/Oct/2025:04:58:08 +0300] "GET /pages.php?_bd_prev_page=https://bckln.ru/collect.aspx?048014293.htm&_bdsid=8i31wb.n~FBOZA.171882992.173951532&_gz=2.198475681.196329788.172254536-860287671.160667979 HTTP/1.0" 200 76788 "-" "Mozilla/5.0 AppleWebKit/537.36 (KHTML, like Gecko; compatible; GPTBot/1.2; +https://openai.com/gptbot)"
20.171.207.28 - - [20/Oct/2025:04:58:08 +0300] "GET /pages.php?_bd_prev_page=https://bckln.ru/collect.aspx?048014293.htm&_bdsid=8i31wb.n~FBOZA.171882992.173951532&_gz=2.198475681.196329788.172254536-860287671.160667979 HTTP/1.1" 200 76880 "-" "Mozilla/5.0 AppleWebKit/537.36 (KHTML, like Gecko; compatible; GPTBot/1.2; +https://openai.com/gptbot)"
20.171.207.28 - - [20/Oct/2025:04:58:11 +0300] "GET /pages.php?_bd_prev_page=https://bckln.ru/collect.aspx?048019105.htm&_bdsid=8i31wb.n~FBOZA.171882992.173951532&_gz=2.198475681.196329788.172254536-860287671.160667979 HTTP/1.0" 200 87601 "-" "Mozilla/5.0 AppleWebKit/537.36 (KHTML, like Gecko; compatible; GPTBot/1.2; +https://openai.com/gptbot)"
20.171.207.28 - - [20/Oct/2025:04:58:12 +0300] "GET /pages.php?_bd_prev_page=https://bckln.ru/collect.aspx?048019105.htm&_bdsid=8i31wb.n~FBOZA.171882992.173951532&_gz=2.198475681.196329788.172254536-860287671.160667979 HTTP/1.1" 200 87694 "-" "Mozilla/5.0 AppleWebKit/537.36 (KHTML, like Gecko; compatible; GPTBot/1.2; +https://openai.com/gptbot)"
20.171.207.28 - - [20/Oct/2025:04:58:14 +0300] "GET /pages.php?_bd_prev_page=https://bckln.ru/collect.aspx?036026557.htm&_bdsid=8i31wb.n~FBOZA.171882992.173951532&_gz=2.198475681.196329788.172254536-860287671.160667979 HTTP/1.0" 200 80914 "-" "Mozilla/5.0 AppleWebKit/537.36 (KHTML, like Gecko; compatible; GPTBot/1.2; +https://openai.com/gptbot)"
20.171.207.28 - - [20/Oct/2025:04:58:15 +0300] "GET /pages.php?_bd_prev_page=https://bckln.ru/collect.aspx?036026557.htm&_bdsid=8i31wb.n~FBOZA.171882992.173951532&_gz=2.198475681.196329788.172254536-860287671.160667979 HTTP/1.1" 200 81014 "-" "Mozilla/5.0 AppleWebKit/537.36 (KHTML, like Gecko; compatible; GPTBot/1.2; +https://openai.com/gptbot)"
20.171.207.28 - - [20/Oct/2025:04:58:17 +0300] "GET /pages.php?_bd_prev_page=https://bckln.ru/collect.aspx?002000021.htm&_bdsid=8i31wb.n~FBOZA.171882992.173951532&_gz=2.198475681.196329788.172254536-860287671.160667979 HTTP/1.0" 200 76848 "-" "Mozilla/5.0 AppleWebKit/537.36 (KHTML, like Gecko; compatible; GPTBot/1.2; +https://openai.com/gptbot)"
20.171.207.28 - - [20/Oct/2025:04:58:18 +0300] "GET /pages.php?_bd_prev_page=https://bckln.ru/collect.aspx?002000021.htm&_bdsid=8i31wb.n~FBOZA.171882992.173951532&_gz=2.198475681.196329788.172254536-860287671.160667979 HTTP/1.1" 200 76940 "-" "Mozilla/5.0 AppleWebKit/537.36 (KHTML, like Gecko; compatible; GPTBot/1.2; +https://openai.com/gptbot)"
20.171.207.28 - - [20/Oct/2025:04:58:20 +0300] "GET /pages.php?l=8726&product/elephant26?c=g HTTP/1.0" 200 79930 "-" "Mozilla/5.0 AppleWebKit/537.36 (KHTML, like Gecko; compatible; GPTBot/1.2; +https://openai.com/gptbot)"
20.171.207.28 - - [20/Oct/2025:04:58:21 +0300] "GET /pages.php?l=8726&product/elephant26?c=g HTTP/1.1" 200 80030 "-" "Mozilla/5.0 AppleWebKit/537.36 (KHTML, like Gecko; compatible; GPTBot/1.2; +https://openai.com/gptbot)"
20.171.207.28 - - [20/Oct/2025:04:58:23 +0300] "GET /pages.php?_bd_prev_page=https://bckln.ru/collect.aspx?048015171.htm&_bdsid=8i31wb.n~FBOZA.171882992.173951532&_gz=2.198475681.196329788.172254536-860287671.160667979 HTTP/1.0" 200 83954 "-" "Mozilla/5.0 AppleWebKit/537.36 (KHTML, like Gecko; compatible; GPTBot/1.2; +https://openai.com/gptbot)"
20.171.207.28 - - [20/Oct/2025:04:58:24 +0300] "GET /pages.php?_bd_prev_page=https://bckln.ru/collect.aspx?048015171.htm&_bdsid=8i31wb.n~FBOZA.171882992.173951532&_gz=2.198475681.196329788.172254536-860287671.160667979 HTTP/1.1" 200 84047 "-" "Mozilla/5.0 AppleWebKit/537.36 (KHTML, like Gecko; compatible; GPTBot/1.2; +https://openai.com/gptbot)"
20.171.207.28 - - [20/Oct/2025:04:58:27 +0300] "GET /pages.php?_bd_prev_page=https://bckln.ru/collect.aspx?036026279.htm&_bdsid=8i31wb.n~FBOZA.171882992.173951532&_gz=2.198475681.196329788.172254536-860287671.160667979 HTTP/1.0" 200 89999 "-" "Mozilla/5.0 AppleWebKit/537.36 (KHTML, like Gecko; compatible; GPTBot/1.2; +https://openai.com/gptbot)"
20.171.207.28 - - [20/Oct/2025:04:58:28 +0300] "GET /pages.php?_bd_prev_page=https://bckln.ru/collect.aspx?036026279.htm&_bdsid=8i31wb.n~FBOZA.171882992.173951532&_gz=2.198475681.196329788.172254536-860287671.160667979 HTTP/1.1" 200 90092 "-" "Mozilla/5.0 AppleWebKit/537.36 (KHTML, like Gecko; compatible; GPTBot/1.2; +https://openai.com/gptbot)"
20.171.207.28 - - [20/Oct/2025:04:58:30 +0300] "GET /pages.php?_bd_prev_page=https://bckln.ru/collect.aspx?048014289.htm&_bdsid=8i31wb.n~FBOZA.171882992.173951532&_gz=2.198475681.196329788.172254536-860287671.160667979 HTTP/1.0" 200 82414 "-" "Mozilla/5.0 AppleWebKit/537.36 (KHTML, like Gecko; compatible; GPTBot/1.2; +https://openai.com/gptbot)"
20.171.207.28 - - [20/Oct/2025:04:58:31 +0300] "GET /pages.php?_bd_prev_page=https://bckln.ru/collect.aspx?048014289.htm&_bdsid=8i31wb.n~FBOZA.171882992.173951532&_gz=2.198475681.196329788.172254536-860287671.160667979 HTTP/1.1" 200 82507 "-" "Mozilla/5.0 AppleWebKit/537.36 (KHTML, like Gecko; compatible; GPTBot/1.2; +https://openai.com/gptbot)"
20.171.207.28 - - [20/Oct/2025:04:58:33 +0300] "GET /pages.php?l=15170&product/communicate48?c=g HTTP/1.0" 200 70863 "-" "Mozilla/5.0 AppleWebKit/537.36 (KHTML, like Gecko; compatible; GPTBot/1.2; +https://openai.com/gptbot)"
20.171.207.28 - - [20/Oct/2025:04:58:34 +0300] "GET /pages.php?l=15170&product/communicate48?c=g HTTP/1.1" 200 70947 "-" "Mozilla/5.0 AppleWebKit/537.36 (KHTML, like Gecko; compatible; GPTBot/1.2; +https://openai.com/gptbot)"
20.171.207.28 - - [20/Oct/2025:04:58:36 +0300] "GET /pages.php?l=14296&product/regulation48?c=g HTTP/1.0" 200 85393 "-" "Mozilla/5.0 AppleWebKit/537.36 (KHTML, like Gecko; compatible; GPTBot/1.2; +https://openai.com/gptbot)"
20.171.207.28 - - [20/Oct/2025:04:58:37 +0300] "GET /pages.php?l=14296&product/regulation48?c=g HTTP/1.1" 200 85493 "-" "Mozilla/5.0 AppleWebKit/537.36 (KHTML, like Gecko; compatible; GPTBot/1.2; +https://openai.com/gptbot)"
20.171.207.28 - - [20/Oct/2025:04:58:39 +0300] "GET /pages.php?_bd_prev_page=https://bckln.ru/collect.aspx?036013519.htm&_bdsid=8i31wb.n~FBOZA.171882992.173951532&_gz=2.198475681.196329788.172254536-860287671.160667979 HTTP/1.0" 200 76707 "-" "Mozilla/5.0 AppleWebKit/537.36 (KHTML, like Gecko; compatible; GPTBot/1.2; +https://openai.com/gptbot)"
20.171.207.28 - - [20/Oct/2025:04:58:40 +0300] "GET /pages.php?_bd_prev_page=https://bckln.ru/collect.aspx?036013519.htm&_bdsid=8i31wb.n~FBOZA.171882992.173951532&_gz=2.198475681.196329788.172254536-860287671.160667979 HTTP/1.1" 200 76799 "-" "Mozilla/5.0 AppleWebKit/537.36 (KHTML, like Gecko; compatible; GPTBot/1.2; +https://openai.com/gptbot)"
20.171.207.28 - - [20/Oct/2025:04:58:43 +0300] "GET /pages.php?l=15170&product/classical48?c=g HTTP/1.0" 200 80242 "-" "Mozilla/5.0 AppleWebKit/537.36 (KHTML, like Gecko; compatible; GPTBot/1.2; +https://openai.com/gptbot)"
20.171.207.28 - - [20/Oct/2025:04:58:43 +0300] "GET /pages.php?l=15170&product/classical48?c=g HTTP/1.1" 200 80335 "-" "Mozilla/5.0 AppleWebKit/537.36 (KHTML, like Gecko; compatible; GPTBot/1.2; +https://openai.com/gptbot)"
173.208.176.202 - - [20/Oct/2025:04:57:17 +0300] "GET /wp-includes/im763f02/edit.php?id=172474 HTTP/1.0" 200 - "https://bckln.ru/wp-includes/im763f02/edit.php?id=172474" "Mozilla/5.0 (Windows NT 10.0; Win64; x64) AppleWebKit/537.36 (KHTML, like Gecko) Chrome/58.0.3029.110 Safari/537.3"
20.171.207.28 - - [20/Oct/2025:04:58:46 +0300] "GET /pages.php?l=24051&product/in79?c=g HTTP/1.0" 200 84346 "-" "Mozilla/5.0 AppleWebKit/537.36 (KHTML, like Gecko; compatible; GPTBot/1.2; +https://openai.com/gptbot)"
20.171.207.28 - - [20/Oct/2025:04:58:47 +0300] "GET /pages.php?l=24051&product/in79?c=g HTTP/1.1" 200 84446 "-" "Mozilla/5.0 AppleWebKit/537.36 (KHTML, like Gecko; compatible; GPTBot/1.2; +https://openai.com/gptbot)"
20.171.207.28 - - [20/Oct/2025:04:58:49 +0300] "GET /pages.php?_bd_prev_page=https://bckln.ru/collect.aspx?048014291.htm&_bdsid=8i31wb.n~FBOZA.171882992.173951532&_gz=2.198475681.196329788.172254536-860287671.160667979 HTTP/1.0" 200 72778 "-" "Mozilla/5.0 AppleWebKit/537.36 (KHTML, like Gecko; compatible; GPTBot/1.2; +https://openai.com/gptbot)"
20.171.207.28 - - [20/Oct/2025:04:58:50 +0300] "GET /pages.php?_bd_prev_page=https://bckln.ru/collect.aspx?048014291.htm&_bdsid=8i31wb.n~FBOZA.171882992.173951532&_gz=2.198475681.196329788.172254536-860287671.160667979 HTTP/1.1" 200 72862 "-" "Mozilla/5.0 AppleWebKit/537.36 (KHTML, like Gecko; compatible; GPTBot/1.2; +https://openai.com/gptbot)"
63.141.249.210 - - [20/Oct/2025:04:57:24 +0300] "GET /wp-content/qq7b83be/index.php HTTP/1.0" 200 - "https://bckln.ru/wp-content/qq7b83be/index.php" "Mozilla/5.0 (Windows NT 10.0; Win64; x64) AppleWebKit/537.36 (KHTML, like Gecko) Chrome/58.0.3029.110 Safari/537.3"
20.171.207.28 - - [20/Oct/2025:04:58:52 +0300] "GET /pages.php?_bd_prev_page=https://bckln.ru/collect.aspx?096018209.htm&_bdsid=8i31wb.n~FBOZA.171882992.173951532&_gz=2.198475681.196329788.172254536-860287671.160667979 HTTP/1.0" 200 79905 "-" "Mozilla/5.0 AppleWebKit/537.36 (KHTML, like Gecko; compatible; GPTBot/1.2; +https://openai.com/gptbot)"
20.171.207.28 - - [20/Oct/2025:04:58:53 +0300] "GET /pages.php?_bd_prev_page=https://bckln.ru/collect.aspx?096018209.htm&_bdsid=8i31wb.n~FBOZA.171882992.173951532&_gz=2.198475681.196329788.172254536-860287671.160667979 HTTP/1.1" 200 80005 "-" "Mozilla/5.0 AppleWebKit/537.36 (KHTML, like Gecko; compatible; GPTBot/1.2; +https://openai.com/gptbot)"
173.208.176.202 - - [20/Oct/2025:04:58:55 +0300] "GET /wp-includes/im763f02/edit.php?id=172474 HTTP/1.1" 499 0 "https://bckln.ru/wp-includes/im763f02/edit.php?id=172474" "Mozilla/5.0 (Windows NT 10.0; Win64; x64) AppleWebKit/537.36 (KHTML, like Gecko) Chrome/58.0.3029.110 Safari/537.3"
20.171.207.28 - - [20/Oct/2025:04:58:55 +0300] "GET /pages.php?l=14296&product/my48?c=g HTTP/1.0" 200 76755 "-" "Mozilla/5.0 AppleWebKit/537.36 (KHTML, like Gecko; compatible; GPTBot/1.2; +https://openai.com/gptbot)"
20.171.207.28 - - [20/Oct/2025:04:58:56 +0300] "GET /pages.php?l=14296&product/my48?c=g HTTP/1.1" 200 76847 "-" "Mozilla/5.0 AppleWebKit/537.36 (KHTML, like Gecko; compatible; GPTBot/1.2; +https://openai.com/gptbot)"
173.208.176.202 - - [20/Oct/2025:04:58:59 +0300] "GET /wp-content/qq7b83be/index.php?id=501574 HTTP/1.1" 499 0 "https://bckln.ru/wp-content/qq7b83be/index.php?id=501574" "Mozilla/5.0 (Windows NT 10.0; Win64; x64) AppleWebKit/537.36 (KHTML, like Gecko) Chrome/58.0.3029.110 Safari/537.3"
20.171.207.28 - - [20/Oct/2025:04:58:58 +0300] "GET /pages.php?_bd_prev_page=https://bckln.ru/collect.aspx?075033150.htm&_bdsid=8i31wb.n~FBOZA.171882992.173951532&_gz=2.198475681.196329788.172254536-860287671.160667979 HTTP/1.0" 200 75293 "-" "Mozilla/5.0 AppleWebKit/537.36 (KHTML, like Gecko; compatible; GPTBot/1.2; +https://openai.com/gptbot)"
20.171.207.28 - - [20/Oct/2025:04:58:59 +0300] "GET /pages.php?_bd_prev_page=https://bckln.ru/collect.aspx?075033150.htm&_bdsid=8i31wb.n~FBOZA.171882992.173951532&_gz=2.198475681.196329788.172254536-860287671.160667979 HTTP/1.1" 200 75385 "-" "Mozilla/5.0 AppleWebKit/537.36 (KHTML, like Gecko; compatible; GPTBot/1.2; +https://openai.com/gptbot)"
20.171.207.28 - - [20/Oct/2025:04:59:02 +0300] "GET /pages.php?_bd_prev_page=https://bckln.ru/collect.aspx?075033564.htm&_bdsid=8i31wb.n~FBOZA.171882992.173951532&_gz=2.198475681.196329788.172254536-860287671.160667979 HTTP/1.0" 200 79413 "-" "Mozilla/5.0 AppleWebKit/537.36 (KHTML, like Gecko; compatible; GPTBot/1.2; +https://openai.com/gptbot)"
20.171.207.28 - - [20/Oct/2025:04:59:03 +0300] "GET /pages.php?_bd_prev_page=https://bckln.ru/collect.aspx?075033564.htm&_bdsid=8i31wb.n~FBOZA.171882992.173951532&_gz=2.198475681.196329788.172254536-860287671.160667979 HTTP/1.1" 200 79513 "-" "Mozilla/5.0 AppleWebKit/537.36 (KHTML, like Gecko; compatible; GPTBot/1.2; +https://openai.com/gptbot)"
