20.171.207.28 - - [20/Oct/2025:04:45:56 +0300] "GET /pages.php?_bd_prev_page=https://bckln.ru/collect.aspx?product/blue96?c=g&_bdsid=8i31wb.n~FBOZA.171882992.173951532&_gz=2.198475681.196329788.172254536-860287671.160667979&l=232 HTTP/1.0" 200 86315 "-" "Mozilla/5.0 AppleWebKit/537.36 (KHTML, like Gecko; compatible; GPTBot/1.2; +https://openai.com/gptbot)"
20.171.207.28 - - [20/Oct/2025:04:45:57 +0300] "GET /pages.php?_bd_prev_page=https://bckln.ru/collect.aspx?product/blue96?c=g&_bdsid=8i31wb.n~FBOZA.171882992.173951532&_gz=2.198475681.196329788.172254536-860287671.160667979&l=232 HTTP/1.1" 200 86423 "-" "Mozilla/5.0 AppleWebKit/537.36 (KHTML, like Gecko; compatible; GPTBot/1.2; +https://openai.com/gptbot)"
54.197.114.76 - - [20/Oct/2025:04:45:59 +0300] "GET /?path=/var/www/iq22073873/data/www/bckln.ru/wp-content/plugins/wp-file-manager/lib/codemirror/mode/sql HTTP/1.0" 200 18928 "-" "Mozilla/5.0 AppleWebKit/537.36 (KHTML, like Gecko; compatible; Amazonbot/0.1; +https://developer.amazon.com/support/amazonbot) Chrome/119.0.6045.214 Safari/537.36"
54.197.114.76 - - [20/Oct/2025:04:45:59 +0300] "GET /?path=/var/www/iq22073873/data/www/bckln.ru/wp-content/plugins/wp-file-manager/lib/codemirror/mode/sql HTTP/1.1" 200 18956 "-" "Mozilla/5.0 AppleWebKit/537.36 (KHTML, like Gecko; compatible; Amazonbot/0.1; +https://developer.amazon.com/support/amazonbot) Chrome/119.0.6045.214 Safari/537.36"
20.171.207.28 - - [20/Oct/2025:04:45:59 +0300] "GET /pages.php?l=47220&product/comfortable86?c=g HTTP/1.0" 200 74091 "-" "Mozilla/5.0 AppleWebKit/537.36 (KHTML, like Gecko; compatible; GPTBot/1.2; +https://openai.com/gptbot)"
20.171.207.28 - - [20/Oct/2025:04:46:00 +0300] "GET /pages.php?l=47220&product/comfortable86?c=g HTTP/1.1" 200 74183 "-" "Mozilla/5.0 AppleWebKit/537.36 (KHTML, like Gecko; compatible; GPTBot/1.2; +https://openai.com/gptbot)"
66.249.66.167 - - [20/Oct/2025:04:45:57 +0300] "GET /rear197?kg=44760 HTTP/1.0" 200 104254 "-" "Mozilla/5.0 (Linux; Android 6.0.1; Nexus 5X Build/MMB29P) AppleWebKit/537.36 (KHTML, like Gecko) Chrome/140.0.7339.207 Mobile Safari/537.36 (compatible; Googlebot/2.1; +http://www.google.com/bot.html)"
66.249.66.167 - - [20/Oct/2025:04:46:01 +0300] "GET /rear197?kg=44760 HTTP/1.1" 200 104355 "-" "Mozilla/5.0 (Linux; Android 6.0.1; Nexus 5X Build/MMB29P) AppleWebKit/537.36 (KHTML, like Gecko) Chrome/140.0.7339.207 Mobile Safari/537.36 (compatible; Googlebot/2.1; +http://www.google.com/bot.html)"
20.171.207.28 - - [20/Oct/2025:04:46:02 +0300] "GET /pages.php?l=1786&product/engine34?c=g HTTP/1.0" 200 72369 "-" "Mozilla/5.0 AppleWebKit/537.36 (KHTML, like Gecko; compatible; GPTBot/1.2; +https://openai.com/gptbot)"
20.171.207.28 - - [20/Oct/2025:04:46:03 +0300] "GET /pages.php?l=1786&product/engine34?c=g HTTP/1.1" 200 72453 "-" "Mozilla/5.0 AppleWebKit/537.36 (KHTML, like Gecko; compatible; GPTBot/1.2; +https://openai.com/gptbot)"
54.147.182.90 - - [20/Oct/2025:04:46:03 +0300] "GET /?path=/var/www/iq22073873/data/www/bckln.ru/wp-content/plugins/wp-file-manager/lib/codemirror/mode/css HTTP/1.0" 200 31256 "-" "Mozilla/5.0 AppleWebKit/537.36 (KHTML, like Gecko; compatible; Amazonbot/0.1; +https://developer.amazon.com/support/amazonbot) Chrome/119.0.6045.214 Safari/537.36"
54.147.182.90 - - [20/Oct/2025:04:46:04 +0300] "GET /?path=/var/www/iq22073873/data/www/bckln.ru/wp-content/plugins/wp-file-manager/lib/codemirror/mode/css HTTP/1.1" 200 31300 "-" "Mozilla/5.0 AppleWebKit/537.36 (KHTML, like Gecko; compatible; Amazonbot/0.1; +https://developer.amazon.com/support/amazonbot) Chrome/119.0.6045.214 Safari/537.36"
20.171.207.28 - - [20/Oct/2025:04:46:05 +0300] "GET /pages.php?l=1788&product/frustrate34?c=g HTTP/1.0" 200 76237 "-" "Mozilla/5.0 AppleWebKit/537.36 (KHTML, like Gecko; compatible; GPTBot/1.2; +https://openai.com/gptbot)"
20.171.207.28 - - [20/Oct/2025:04:46:07 +0300] "GET /pages.php?l=1788&product/frustrate34?c=g HTTP/1.1" 200 76329 "-" "Mozilla/5.0 AppleWebKit/537.36 (KHTML, like Gecko; compatible; GPTBot/1.2; +https://openai.com/gptbot)"
45.150.238.5 - - [20/Oct/2025:04:46:06 +0300] "GET / HTTP/1.0" 200 69659 "-" "Zabbix"
45.150.238.5 - - [20/Oct/2025:04:46:07 +0300] "GET / HTTP/1.1" 200 69742 "-" "Zabbix"
173.208.176.202 - - [20/Oct/2025:04:44:38 +0300] "GET /wp-includes/im763f02/edit.php?id=172474 HTTP/1.0" 200 - "https://bckln.ru/wp-includes/im763f02/edit.php?id=172474" "Mozilla/5.0 (Windows NT 10.0; Win64; x64) AppleWebKit/537.36 (KHTML, like Gecko) Chrome/58.0.3029.110 Safari/537.3"
98.83.177.42 - - [20/Oct/2025:04:46:07 +0300] "GET /?fileloc=/var/www/iq22073873/data/www/bckln.ru/wp-content/themes/dt-the7/css/compatibility/woo-fonts/WooCommerce.woff&path=/var/www/iq22073873/data/www/bckln.ru/wp-content/themes/dt-the7/css/compatibility/woo-fonts HTTP/1.0" 200 13202 "-" "Mozilla/5.0 AppleWebKit/537.36 (KHTML, like Gecko; compatible; Amazonbot/0.1; +https://developer.amazon.com/support/amazonbot) Chrome/119.0.6045.214 Safari/537.36"
98.83.177.42 - - [20/Oct/2025:04:46:08 +0300] "GET /?fileloc=/var/www/iq22073873/data/www/bckln.ru/wp-content/themes/dt-the7/css/compatibility/woo-fonts/WooCommerce.woff&path=/var/www/iq22073873/data/www/bckln.ru/wp-content/themes/dt-the7/css/compatibility/woo-fonts HTTP/1.1" 200 13230 "-" "Mozilla/5.0 AppleWebKit/537.36 (KHTML, like Gecko; compatible; Amazonbot/0.1; +https://developer.amazon.com/support/amazonbot) Chrome/119.0.6045.214 Safari/537.36"
20.171.207.28 - - [20/Oct/2025:04:46:08 +0300] "GET /pages.php?_bd_prev_page=https://bckln.ru/collect.aspx?088039639.htm&_bdsid=8i31wb.n~FBOZA.171882992.173951532&_gz=2.198475681.196329788.172254536-860287671.160667979 HTTP/1.0" 200 79602 "-" "Mozilla/5.0 AppleWebKit/537.36 (KHTML, like Gecko; compatible; GPTBot/1.2; +https://openai.com/gptbot)"
20.171.207.28 - - [20/Oct/2025:04:46:09 +0300] "GET /pages.php?_bd_prev_page=https://bckln.ru/collect.aspx?088039639.htm&_bdsid=8i31wb.n~FBOZA.171882992.173951532&_gz=2.198475681.196329788.172254536-860287671.160667979 HTTP/1.1" 200 79695 "-" "Mozilla/5.0 AppleWebKit/537.36 (KHTML, like Gecko; compatible; GPTBot/1.2; +https://openai.com/gptbot)"
173.208.176.202 - - [20/Oct/2025:04:46:12 +0300] "GET /wp-includes/im763f02/edit.php?id=172474 HTTP/1.1" 499 0 "https://bckln.ru/wp-includes/im763f02/edit.php?id=172474" "Mozilla/5.0 (Windows NT 10.0; Win64; x64) AppleWebKit/537.36 (KHTML, like Gecko) Chrome/58.0.3029.110 Safari/537.3"
3.235.215.92 - - [20/Oct/2025:04:46:11 +0300] "GET /?fileloc=/var/www/iq22073873/data/www/bckln.ru/wp-content/plugins/js_composer/include/params/vc_grid_element/vc_grid_element.php&path=/var/www/iq22073873/data/www/bckln.ru/wp-content/plugins/js_composer/include/params/vc_grid_element HTTP/1.0" 200 24365 "-" "Mozilla/5.0 AppleWebKit/537.36 (KHTML, like Gecko; compatible; Amazonbot/0.1; +https://developer.amazon.com/support/amazonbot) Chrome/119.0.6045.214 Safari/537.36"
3.235.215.92 - - [20/Oct/2025:04:46:12 +0300] "GET /?fileloc=/var/www/iq22073873/data/www/bckln.ru/wp-content/plugins/js_composer/include/params/vc_grid_element/vc_grid_element.php&path=/var/www/iq22073873/data/www/bckln.ru/wp-content/plugins/js_composer/include/params/vc_grid_element HTTP/1.1" 200 24399 "-" "Mozilla/5.0 AppleWebKit/537.36 (KHTML, like Gecko; compatible; Amazonbot/0.1; +https://developer.amazon.com/support/amazonbot) Chrome/119.0.6045.214 Safari/537.36"
20.171.207.28 - - [20/Oct/2025:04:46:12 +0300] "GET /pages.php?_bd_prev_page=https://bckln.ru/collect.aspx?055024972.htm&_bdsid=8i31wb.n~FBOZA.171882992.173951532&_gz=2.198475681.196329788.172254536-860287671.160667979 HTTP/1.0" 200 78618 "-" "Mozilla/5.0 AppleWebKit/537.36 (KHTML, like Gecko; compatible; GPTBot/1.2; +https://openai.com/gptbot)"
20.171.207.28 - - [20/Oct/2025:04:46:12 +0300] "GET /pages.php?_bd_prev_page=https://bckln.ru/collect.aspx?055024972.htm&_bdsid=8i31wb.n~FBOZA.171882992.173951532&_gz=2.198475681.196329788.172254536-860287671.160667979 HTTP/1.1" 200 78718 "-" "Mozilla/5.0 AppleWebKit/537.36 (KHTML, like Gecko; compatible; GPTBot/1.2; +https://openai.com/gptbot)"
20.171.207.28 - - [20/Oct/2025:04:46:15 +0300] "GET /pages.php?_bd_prev_page=https://bckln.ru/collect.aspx?087020666.htm&_bdsid=8i31wb.n~FBOZA.171882992.173951532&_gz=2.198475681.196329788.172254536-860287671.160667979 HTTP/1.0" 200 69422 "-" "Mozilla/5.0 AppleWebKit/537.36 (KHTML, like Gecko; compatible; GPTBot/1.2; +https://openai.com/gptbot)"
20.171.207.28 - - [20/Oct/2025:04:46:16 +0300] "GET /pages.php?_bd_prev_page=https://bckln.ru/collect.aspx?087020666.htm&_bdsid=8i31wb.n~FBOZA.171882992.173951532&_gz=2.198475681.196329788.172254536-860287671.160667979 HTTP/1.1" 200 69504 "-" "Mozilla/5.0 AppleWebKit/537.36 (KHTML, like Gecko; compatible; GPTBot/1.2; +https://openai.com/gptbot)"
100.29.164.178 - - [20/Oct/2025:04:46:15 +0300] "GET /?fileloc=/var/www/iq22073873/data/www/bckln.ru/wp-content/plugins/js_composer/include/classes/shortcodes/vc-gitem-row.php&path=/var/www/iq22073873/data/www/bckln.ru/wp-content/plugins/js_composer/include/classes/shortcodes HTTP/1.0" 200 13980 "-" "Mozilla/5.0 AppleWebKit/537.36 (KHTML, like Gecko; compatible; Amazonbot/0.1; +https://developer.amazon.com/support/amazonbot) Chrome/119.0.6045.214 Safari/537.36"
100.29.164.178 - - [20/Oct/2025:04:46:16 +0300] "GET /?fileloc=/var/www/iq22073873/data/www/bckln.ru/wp-content/plugins/js_composer/include/classes/shortcodes/vc-gitem-row.php&path=/var/www/iq22073873/data/www/bckln.ru/wp-content/plugins/js_composer/include/classes/shortcodes HTTP/1.1" 200 14008 "-" "Mozilla/5.0 AppleWebKit/537.36 (KHTML, like Gecko; compatible; Amazonbot/0.1; +https://developer.amazon.com/support/amazonbot) Chrome/119.0.6045.214 Safari/537.36"
20.171.207.28 - - [20/Oct/2025:04:46:18 +0300] "GET /pages.php?_bd_prev_page=https://bckln.ru/collect.aspx?027045472.htm&_bdsid=8i31wb.n~FBOZA.171882992.173951532&_gz=2.198475681.196329788.172254536-860287671.160667979 HTTP/1.0" 200 82065 "-" "Mozilla/5.0 AppleWebKit/537.36 (KHTML, like Gecko; compatible; GPTBot/1.2; +https://openai.com/gptbot)"
20.171.207.28 - - [20/Oct/2025:04:46:19 +0300] "GET /pages.php?_bd_prev_page=https://bckln.ru/collect.aspx?027045472.htm&_bdsid=8i31wb.n~FBOZA.171882992.173951532&_gz=2.198475681.196329788.172254536-860287671.160667979 HTTP/1.1" 200 82164 "-" "Mozilla/5.0 AppleWebKit/537.36 (KHTML, like Gecko; compatible; GPTBot/1.2; +https://openai.com/gptbot)"
98.82.63.147 - - [20/Oct/2025:04:46:19 +0300] "GET /?fileloc=/var/www/iq22073873/data/www/bckln.ru/wp-includes/js/tinymce/plugins/directionality/directionality/index.php&path=/var/www/iq22073873/data/www/bckln.ru/wp-includes/js/tinymce/plugins/directionality/directionality HTTP/1.0" 200 13691 "-" "Mozilla/5.0 AppleWebKit/537.36 (KHTML, like Gecko; compatible; Amazonbot/0.1; +https://developer.amazon.com/support/amazonbot) Chrome/119.0.6045.214 Safari/537.36"
98.82.63.147 - - [20/Oct/2025:04:46:20 +0300] "GET /?fileloc=/var/www/iq22073873/data/www/bckln.ru/wp-includes/js/tinymce/plugins/directionality/directionality/index.php&path=/var/www/iq22073873/data/www/bckln.ru/wp-includes/js/tinymce/plugins/directionality/directionality HTTP/1.1" 200 13719 "-" "Mozilla/5.0 AppleWebKit/537.36 (KHTML, like Gecko; compatible; Amazonbot/0.1; +https://developer.amazon.com/support/amazonbot) Chrome/119.0.6045.214 Safari/537.36"
20.171.207.28 - - [20/Oct/2025:04:46:21 +0300] "GET /pages.php?_bd_prev_page=https://bckln.ru/collect.aspx?036030433.htm&_bdsid=8i31wb.n~FBOZA.171882992.173951532&_gz=2.198475681.196329788.172254536-860287671.160667979 HTTP/1.0" 200 68579 "-" "Mozilla/5.0 AppleWebKit/537.36 (KHTML, like Gecko; compatible; GPTBot/1.2; +https://openai.com/gptbot)"
20.171.207.28 - - [20/Oct/2025:04:46:22 +0300] "GET /pages.php?_bd_prev_page=https://bckln.ru/collect.aspx?036030433.htm&_bdsid=8i31wb.n~FBOZA.171882992.173951532&_gz=2.198475681.196329788.172254536-860287671.160667979 HTTP/1.1" 200 68663 "-" "Mozilla/5.0 AppleWebKit/537.36 (KHTML, like Gecko; compatible; GPTBot/1.2; +https://openai.com/gptbot)"
3.221.156.96 - - [20/Oct/2025:04:46:23 +0300] "GET /?fileloc=/var/www/iq22073873/data/www/bckln.ru/wp-content/plugins/js_composer/include/templates/shortcodes/vc_message.php&path=/var/www/iq22073873/data/www/bckln.ru/wp-content/plugins/js_composer/include/templates/shortcodes HTTP/1.0" 200 16293 "-" "Mozilla/5.0 AppleWebKit/537.36 (KHTML, like Gecko; compatible; Amazonbot/0.1; +https://developer.amazon.com/support/amazonbot) Chrome/119.0.6045.214 Safari/537.36"
3.221.156.96 - - [20/Oct/2025:04:46:23 +0300] "GET /?fileloc=/var/www/iq22073873/data/www/bckln.ru/wp-content/plugins/js_composer/include/templates/shortcodes/vc_message.php&path=/var/www/iq22073873/data/www/bckln.ru/wp-content/plugins/js_composer/include/templates/shortcodes HTTP/1.1" 200 16320 "-" "Mozilla/5.0 AppleWebKit/537.36 (KHTML, like Gecko; compatible; Amazonbot/0.1; +https://developer.amazon.com/support/amazonbot) Chrome/119.0.6045.214 Safari/537.36"
20.171.207.28 - - [20/Oct/2025:04:46:24 +0300] "GET /pages.php?_bd_prev_page=https://bckln.ru/collect.aspx?088005263.htm&_bdsid=8i31wb.n~FBOZA.171882992.173951532&_gz=2.198475681.196329788.172254536-860287671.160667979 HTTP/1.0" 200 76534 "-" "Mozilla/5.0 AppleWebKit/537.36 (KHTML, like Gecko; compatible; GPTBot/1.2; +https://openai.com/gptbot)"
20.171.207.28 - - [20/Oct/2025:04:46:26 +0300] "GET /pages.php?_bd_prev_page=https://bckln.ru/collect.aspx?088005263.htm&_bdsid=8i31wb.n~FBOZA.171882992.173951532&_gz=2.198475681.196329788.172254536-860287671.160667979 HTTP/1.1" 200 76626 "-" "Mozilla/5.0 AppleWebKit/537.36 (KHTML, like Gecko; compatible; GPTBot/1.2; +https://openai.com/gptbot)"
34.238.45.183 - - [20/Oct/2025:04:46:27 +0300] "GET /?fileloc=/var/www/iq22073873/data/www/bckln.ru/wp-content/themes/dt-the7/css/compatibility/woo-fonts/star.ttf&path=/var/www/iq22073873/data/www/bckln.ru/wp-content/themes/dt-the7/css/compatibility/woo-fonts HTTP/1.0" 200 13194 "-" "Mozilla/5.0 AppleWebKit/537.36 (KHTML, like Gecko; compatible; Amazonbot/0.1; +https://developer.amazon.com/support/amazonbot) Chrome/119.0.6045.214 Safari/537.36"
34.238.45.183 - - [20/Oct/2025:04:46:28 +0300] "GET /?fileloc=/var/www/iq22073873/data/www/bckln.ru/wp-content/themes/dt-the7/css/compatibility/woo-fonts/star.ttf&path=/var/www/iq22073873/data/www/bckln.ru/wp-content/themes/dt-the7/css/compatibility/woo-fonts HTTP/1.1" 200 13222 "-" "Mozilla/5.0 AppleWebKit/537.36 (KHTML, like Gecko; compatible; Amazonbot/0.1; +https://developer.amazon.com/support/amazonbot) Chrome/119.0.6045.214 Safari/537.36"
20.171.207.28 - - [20/Oct/2025:04:46:28 +0300] "GET /pages.php?_bd_prev_page=https://bckln.ru/collect.aspx?036030443.htm&_bdsid=8i31wb.n~FBOZA.171882992.173951532&_gz=2.198475681.196329788.172254536-860287671.160667979 HTTP/1.0" 200 70794 "-" "Mozilla/5.0 AppleWebKit/537.36 (KHTML, like Gecko; compatible; GPTBot/1.2; +https://openai.com/gptbot)"
20.171.207.28 - - [20/Oct/2025:04:46:28 +0300] "GET /pages.php?_bd_prev_page=https://bckln.ru/collect.aspx?036030443.htm&_bdsid=8i31wb.n~FBOZA.171882992.173951532&_gz=2.198475681.196329788.172254536-860287671.160667979 HTTP/1.1" 200 70878 "-" "Mozilla/5.0 AppleWebKit/537.36 (KHTML, like Gecko; compatible; GPTBot/1.2; +https://openai.com/gptbot)"
20.171.207.28 - - [20/Oct/2025:04:46:31 +0300] "GET /pages.php?_bd_prev_page=https://bckln.ru/collect.aspx?087002988.htm&_bdsid=8i31wb.n~FBOZA.171882992.173951532&_gz=2.198475681.196329788.172254536-860287671.160667979 HTTP/1.0" 200 79252 "-" "Mozilla/5.0 AppleWebKit/537.36 (KHTML, like Gecko; compatible; GPTBot/1.2; +https://openai.com/gptbot)"
20.171.207.28 - - [20/Oct/2025:04:46:32 +0300] "GET /pages.php?_bd_prev_page=https://bckln.ru/collect.aspx?087002988.htm&_bdsid=8i31wb.n~FBOZA.171882992.173951532&_gz=2.198475681.196329788.172254536-860287671.160667979 HTTP/1.1" 200 79352 "-" "Mozilla/5.0 AppleWebKit/537.36 (KHTML, like Gecko; compatible; GPTBot/1.2; +https://openai.com/gptbot)"
20.171.207.28 - - [20/Oct/2025:04:46:34 +0300] "GET /pages.php?_bd_prev_page=https://bckln.ru/collect.aspx?027000648.htm&_bdsid=8i31wb.n~FBOZA.171882992.173951532&_gz=2.198475681.196329788.172254536-860287671.160667979 HTTP/1.0" 200 91846 "-" "Mozilla/5.0 AppleWebKit/537.36 (KHTML, like Gecko; compatible; GPTBot/1.2; +https://openai.com/gptbot)"
20.171.207.28 - - [20/Oct/2025:04:46:35 +0300] "GET /pages.php?_bd_prev_page=https://bckln.ru/collect.aspx?027000648.htm&_bdsid=8i31wb.n~FBOZA.171882992.173951532&_gz=2.198475681.196329788.172254536-860287671.160667979 HTTP/1.1" 200 91954 "-" "Mozilla/5.0 AppleWebKit/537.36 (KHTML, like Gecko; compatible; GPTBot/1.2; +https://openai.com/gptbot)"
20.171.207.28 - - [20/Oct/2025:04:46:37 +0300] "GET /pages.php?_bd_prev_page=https://bckln.ru/collect.aspx?036021635.htm&_bdsid=8i31wb.n~FBOZA.171882992.173951532&_gz=2.198475681.196329788.172254536-860287671.160667979 HTTP/1.0" 200 75740 "-" "Mozilla/5.0 AppleWebKit/537.36 (KHTML, like Gecko; compatible; GPTBot/1.2; +https://openai.com/gptbot)"
20.171.207.28 - - [20/Oct/2025:04:46:38 +0300] "GET /pages.php?_bd_prev_page=https://bckln.ru/collect.aspx?036021635.htm&_bdsid=8i31wb.n~FBOZA.171882992.173951532&_gz=2.198475681.196329788.172254536-860287671.160667979 HTTP/1.1" 200 75832 "-" "Mozilla/5.0 AppleWebKit/537.36 (KHTML, like Gecko; compatible; GPTBot/1.2; +https://openai.com/gptbot)"
20.171.207.28 - - [20/Oct/2025:04:46:40 +0300] "GET /pages.php?_bd_prev_page=https://bckln.ru/collect.aspx?087002982.htm&_bdsid=8i31wb.n~FBOZA.171882992.173951532&_gz=2.198475681.196329788.172254536-860287671.160667979 HTTP/1.0" 200 77605 "-" "Mozilla/5.0 AppleWebKit/537.36 (KHTML, like Gecko; compatible; GPTBot/1.2; +https://openai.com/gptbot)"
20.171.207.28 - - [20/Oct/2025:04:46:41 +0300] "GET /pages.php?_bd_prev_page=https://bckln.ru/collect.aspx?087002982.htm&_bdsid=8i31wb.n~FBOZA.171882992.173951532&_gz=2.198475681.196329788.172254536-860287671.160667979 HTTP/1.1" 200 77698 "-" "Mozilla/5.0 AppleWebKit/537.36 (KHTML, like Gecko; compatible; GPTBot/1.2; +https://openai.com/gptbot)"
20.171.207.28 - - [20/Oct/2025:04:46:43 +0300] "GET /pages.php?_bd_prev_page=https://bckln.ru/collect.aspx?036027295.htm&_bdsid=8i31wb.n~FBOZA.171882992.173951532&_gz=2.198475681.196329788.172254536-860287671.160667979 HTTP/1.0" 200 72314 "-" "Mozilla/5.0 AppleWebKit/537.36 (KHTML, like Gecko; compatible; GPTBot/1.2; +https://openai.com/gptbot)"
20.171.207.28 - - [20/Oct/2025:04:46:44 +0300] "GET /pages.php?_bd_prev_page=https://bckln.ru/collect.aspx?036027295.htm&_bdsid=8i31wb.n~FBOZA.171882992.173951532&_gz=2.198475681.196329788.172254536-860287671.160667979 HTTP/1.1" 200 72398 "-" "Mozilla/5.0 AppleWebKit/537.36 (KHTML, like Gecko; compatible; GPTBot/1.2; +https://openai.com/gptbot)"
20.171.207.28 - - [20/Oct/2025:04:46:46 +0300] "GET /pages.php?_bd_prev_page=https://bckln.ru/collect.aspx?087032444.htm&_bdsid=8i31wb.n~FBOZA.171882992.173951532&_gz=2.198475681.196329788.172254536-860287671.160667979 HTTP/1.0" 200 79623 "-" "Mozilla/5.0 AppleWebKit/537.36 (KHTML, like Gecko; compatible; GPTBot/1.2; +https://openai.com/gptbot)"
20.171.207.28 - - [20/Oct/2025:04:46:48 +0300] "GET /pages.php?_bd_prev_page=https://bckln.ru/collect.aspx?087032444.htm&_bdsid=8i31wb.n~FBOZA.171882992.173951532&_gz=2.198475681.196329788.172254536-860287671.160667979 HTTP/1.1" 200 79723 "-" "Mozilla/5.0 AppleWebKit/537.36 (KHTML, like Gecko; compatible; GPTBot/1.2; +https://openai.com/gptbot)"
20.171.207.28 - - [20/Oct/2025:04:46:49 +0300] "GET /pages.php?l=21636&product/racial36?c=g HTTP/1.0" 200 76302 "-" "Mozilla/5.0 AppleWebKit/537.36 (KHTML, like Gecko; compatible; GPTBot/1.2; +https://openai.com/gptbot)"
20.171.207.28 - - [20/Oct/2025:04:46:50 +0300] "GET /pages.php?l=21636&product/racial36?c=g HTTP/1.1" 200 76394 "-" "Mozilla/5.0 AppleWebKit/537.36 (KHTML, like Gecko; compatible; GPTBot/1.2; +https://openai.com/gptbot)"
20.171.207.28 - - [20/Oct/2025:04:46:53 +0300] "GET /pages.php?_bd_prev_page=https://bckln.ru/collect.aspx?036030597.htm&_bdsid=8i31wb.n~FBOZA.171882992.173951532&_gz=2.198475681.196329788.172254536-860287671.160667979 HTTP/1.0" 200 74450 "-" "Mozilla/5.0 AppleWebKit/537.36 (KHTML, like Gecko; compatible; GPTBot/1.2; +https://openai.com/gptbot)"
20.171.207.28 - - [20/Oct/2025:04:46:54 +0300] "GET /pages.php?_bd_prev_page=https://bckln.ru/collect.aspx?036030597.htm&_bdsid=8i31wb.n~FBOZA.171882992.173951532&_gz=2.198475681.196329788.172254536-860287671.160667979 HTTP/1.1" 200 74542 "-" "Mozilla/5.0 AppleWebKit/537.36 (KHTML, like Gecko; compatible; GPTBot/1.2; +https://openai.com/gptbot)"
20.171.207.28 - - [20/Oct/2025:04:46:56 +0300] "GET /pages.php?_bd_prev_page=https://bckln.ru/collect.aspx?036030589.htm&_bdsid=8i31wb.n~FBOZA.171882992.173951532&_gz=2.198475681.196329788.172254536-860287671.160667979 HTTP/1.0" 200 71618 "-" "Mozilla/5.0 AppleWebKit/537.36 (KHTML, like Gecko; compatible; GPTBot/1.2; +https://openai.com/gptbot)"
20.171.207.28 - - [20/Oct/2025:04:46:57 +0300] "GET /pages.php?_bd_prev_page=https://bckln.ru/collect.aspx?036030589.htm&_bdsid=8i31wb.n~FBOZA.171882992.173951532&_gz=2.198475681.196329788.172254536-860287671.160667979 HTTP/1.1" 200 71702 "-" "Mozilla/5.0 AppleWebKit/537.36 (KHTML, like Gecko; compatible; GPTBot/1.2; +https://openai.com/gptbot)"
20.171.207.28 - - [20/Oct/2025:04:46:59 +0300] "GET /pages.php?_bd_prev_page=https://bckln.ru/collect.aspx?087030172.htm&_bdsid=8i31wb.n~FBOZA.171882992.173951532&_gz=2.198475681.196329788.172254536-860287671.160667979 HTTP/1.0" 200 81106 "-" "Mozilla/5.0 AppleWebKit/537.36 (KHTML, like Gecko; compatible; GPTBot/1.2; +https://openai.com/gptbot)"
20.171.207.28 - - [20/Oct/2025:04:47:00 +0300] "GET /pages.php?_bd_prev_page=https://bckln.ru/collect.aspx?087030172.htm&_bdsid=8i31wb.n~FBOZA.171882992.173951532&_gz=2.198475681.196329788.172254536-860287671.160667979 HTTP/1.1" 200 81198 "-" "Mozilla/5.0 AppleWebKit/537.36 (KHTML, like Gecko; compatible; GPTBot/1.2; +https://openai.com/gptbot)"
20.171.207.28 - - [20/Oct/2025:04:47:02 +0300] "GET /pages.php?_bd_prev_page=https://bckln.ru/collect.aspx?036038649.htm&_bdsid=8i31wb.n~FBOZA.171882992.173951532&_gz=2.198475681.196329788.172254536-860287671.160667979 HTTP/1.0" 200 80244 "-" "Mozilla/5.0 AppleWebKit/537.36 (KHTML, like Gecko; compatible; GPTBot/1.2; +https://openai.com/gptbot)"
20.171.207.28 - - [20/Oct/2025:04:47:03 +0300] "GET /pages.php?_bd_prev_page=https://bckln.ru/collect.aspx?036038649.htm&_bdsid=8i31wb.n~FBOZA.171882992.173951532&_gz=2.198475681.196329788.172254536-860287671.160667979 HTTP/1.1" 200 80337 "-" "Mozilla/5.0 AppleWebKit/537.36 (KHTML, like Gecko; compatible; GPTBot/1.2; +https://openai.com/gptbot)"
20.171.207.28 - - [20/Oct/2025:04:47:05 +0300] "GET /pages.php?l=30429&product/Palestinian87?c=g HTTP/1.0" 200 76666 "-" "Mozilla/5.0 AppleWebKit/537.36 (KHTML, like Gecko; compatible; GPTBot/1.2; +https://openai.com/gptbot)"
20.171.207.28 - - [20/Oct/2025:04:47:06 +0300] "GET /pages.php?l=30429&product/Palestinian87?c=g HTTP/1.1" 200 76758 "-" "Mozilla/5.0 AppleWebKit/537.36 (KHTML, like Gecko; compatible; GPTBot/1.2; +https://openai.com/gptbot)"
20.171.207.28 - - [20/Oct/2025:04:47:08 +0300] "GET /pages.php?_bd_prev_page=https://bckln.ru/collect.aspx?087030178.htm&_bdsid=8i31wb.n~FBOZA.171882992.173951532&_gz=2.198475681.196329788.172254536-860287671.160667979 HTTP/1.0" 200 69922 "-" "Mozilla/5.0 AppleWebKit/537.36 (KHTML, like Gecko; compatible; GPTBot/1.2; +https://openai.com/gptbot)"
20.171.207.28 - - [20/Oct/2025:04:47:09 +0300] "GET /pages.php?_bd_prev_page=https://bckln.ru/collect.aspx?087030178.htm&_bdsid=8i31wb.n~FBOZA.171882992.173951532&_gz=2.198475681.196329788.172254536-860287671.160667979 HTTP/1.1" 200 70006 "-" "Mozilla/5.0 AppleWebKit/537.36 (KHTML, like Gecko; compatible; GPTBot/1.2; +https://openai.com/gptbot)"
20.171.207.28 - - [20/Oct/2025:04:47:12 +0300] "GET /pages.php?l=3133&product/add71?c=g HTTP/1.0" 200 79588 "-" "Mozilla/5.0 AppleWebKit/537.36 (KHTML, like Gecko; compatible; GPTBot/1.2; +https://openai.com/gptbot)"
20.171.207.28 - - [20/Oct/2025:04:47:12 +0300] "GET /pages.php?l=3133&product/add71?c=g HTTP/1.1" 200 79681 "-" "Mozilla/5.0 AppleWebKit/537.36 (KHTML, like Gecko; compatible; GPTBot/1.2; +https://openai.com/gptbot)"
20.171.207.28 - - [20/Oct/2025:04:47:15 +0300] "GET /pages.php?l=5358&product/age88?c=g HTTP/1.0" 200 80731 "-" "Mozilla/5.0 AppleWebKit/537.36 (KHTML, like Gecko; compatible; GPTBot/1.2; +https://openai.com/gptbot)"
20.171.207.28 - - [20/Oct/2025:04:47:16 +0300] "GET /pages.php?l=5358&product/age88?c=g HTTP/1.1" 200 80830 "-" "Mozilla/5.0 AppleWebKit/537.36 (KHTML, like Gecko; compatible; GPTBot/1.2; +https://openai.com/gptbot)"
20.171.207.28 - - [20/Oct/2025:04:47:18 +0300] "GET /pages.php?_bd_prev_page=https://bckln.ru/collect.aspx?013006522.htm&_bdsid=8i31wb.n~FBOZA.171882992.173951532&_gz=2.198475681.196329788.172254536-860287671.160667979 HTTP/1.0" 200 78693 "-" "Mozilla/5.0 AppleWebKit/537.36 (KHTML, like Gecko; compatible; GPTBot/1.2; +https://openai.com/gptbot)"
20.171.207.28 - - [20/Oct/2025:04:47:19 +0300] "GET /pages.php?_bd_prev_page=https://bckln.ru/collect.aspx?013006522.htm&_bdsid=8i31wb.n~FBOZA.171882992.173951532&_gz=2.198475681.196329788.172254536-860287671.160667979 HTTP/1.1" 200 78793 "-" "Mozilla/5.0 AppleWebKit/537.36 (KHTML, like Gecko; compatible; GPTBot/1.2; +https://openai.com/gptbot)"
173.208.176.202 - - [20/Oct/2025:04:45:53 +0300] "GET /wp-content/qq7b83be/index.php?id=501574 HTTP/1.0" 200 - "https://bckln.ru/wp-content/qq7b83be/index.php?id=501574" "Mozilla/5.0 (Windows NT 10.0; Win64; x64) AppleWebKit/537.36 (KHTML, like Gecko) Chrome/58.0.3029.110 Safari/537.3"
20.171.207.28 - - [20/Oct/2025:04:47:21 +0300] "GET /pages.php?_bd_prev_page=https://bckln.ru/collect.aspx?036006971.htm&_bdsid=8i31wb.n~FBOZA.171882992.173951532&_gz=2.198475681.196329788.172254536-860287671.160667979 HTTP/1.0" 200 79748 "-" "Mozilla/5.0 AppleWebKit/537.36 (KHTML, like Gecko; compatible; GPTBot/1.2; +https://openai.com/gptbot)"
20.171.207.28 - - [20/Oct/2025:04:47:22 +0300] "GET /pages.php?_bd_prev_page=https://bckln.ru/collect.aspx?036006971.htm&_bdsid=8i31wb.n~FBOZA.171882992.173951532&_gz=2.198475681.196329788.172254536-860287671.160667979 HTTP/1.1" 200 79848 "-" "Mozilla/5.0 AppleWebKit/537.36 (KHTML, like Gecko; compatible; GPTBot/1.2; +https://openai.com/gptbot)"
20.171.207.28 - - [20/Oct/2025:04:47:25 +0300] "GET /pages.php?_bd_prev_page=https://bckln.ru/collect.aspx?087000112.htm&_bdsid=8i31wb.n~FBOZA.171882992.173951532&_gz=2.198475681.196329788.172254536-860287671.160667979 HTTP/1.0" 200 72580 "-" "Mozilla/5.0 AppleWebKit/537.36 (KHTML, like Gecko; compatible; GPTBot/1.2; +https://openai.com/gptbot)"
20.171.207.28 - - [20/Oct/2025:04:47:26 +0300] "GET /pages.php?_bd_prev_page=https://bckln.ru/collect.aspx?087000112.htm&_bdsid=8i31wb.n~FBOZA.171882992.173951532&_gz=2.198475681.196329788.172254536-860287671.160667979 HTTP/1.1" 200 72664 "-" "Mozilla/5.0 AppleWebKit/537.36 (KHTML, like Gecko; compatible; GPTBot/1.2; +https://openai.com/gptbot)"
63.141.249.210 - - [20/Oct/2025:04:47:26 +0300] "GET /wp-content/qq7b83be/index.php HTTP/1.1" 499 0 "https://bckln.ru/wp-content/qq7b83be/index.php" "Mozilla/5.0 (Windows NT 10.0; Win64; x64) AppleWebKit/537.36 (KHTML, like Gecko) Chrome/58.0.3029.110 Safari/537.3"
63.141.249.210 - - [20/Oct/2025:04:47:27 +0300] "GET /wp-content/qq7b83be/index.php HTTP/1.0" 200 6 "https://bckln.ru/wp-content/qq7b83be/index.php" "Mozilla/5.0 (Windows NT 10.0; Win64; x64) AppleWebKit/537.36 (KHTML, like Gecko) Chrome/58.0.3029.110 Safari/537.3"
63.141.249.210 - - [20/Oct/2025:04:47:27 +0300] "GET /wp-content/qq7b83be/index.php HTTP/1.1" 200 16 "https://bckln.ru/wp-content/qq7b83be/index.php" "Mozilla/5.0 (Windows NT 10.0; Win64; x64) AppleWebKit/537.36 (KHTML, like Gecko) Chrome/58.0.3029.110 Safari/537.3"
173.208.176.202 - - [20/Oct/2025:04:47:27 +0300] "GET /wp-content/qq7b83be/index.php?id=501574 HTTP/1.0" 200 6 "https://bckln.ru/wp-content/qq7b83be/index.php?id=501574" "Mozilla/5.0 (Windows NT 10.0; Win64; x64) AppleWebKit/537.36 (KHTML, like Gecko) Chrome/58.0.3029.110 Safari/537.3"
173.208.176.202 - - [20/Oct/2025:04:47:28 +0300] "GET /wp-content/qq7b83be/index.php?id=501574 HTTP/1.1" 200 16 "https://bckln.ru/wp-content/qq7b83be/index.php?id=501574" "Mozilla/5.0 (Windows NT 10.0; Win64; x64) AppleWebKit/537.36 (KHTML, like Gecko) Chrome/58.0.3029.110 Safari/537.3"
20.171.207.28 - - [20/Oct/2025:04:47:28 +0300] "GET /pages.php?_bd_prev_page=https://bckln.ru/collect.aspx?034035917.htm&_bdsid=8i31wb.n~FBOZA.171882992.173951532&_gz=2.198475681.196329788.172254536-860287671.160667979 HTTP/1.0" 200 78667 "-" "Mozilla/5.0 AppleWebKit/537.36 (KHTML, like Gecko; compatible; GPTBot/1.2; +https://openai.com/gptbot)"
20.171.207.28 - - [20/Oct/2025:04:47:29 +0300] "GET /pages.php?_bd_prev_page=https://bckln.ru/collect.aspx?034035917.htm&_bdsid=8i31wb.n~FBOZA.171882992.173951532&_gz=2.198475681.196329788.172254536-860287671.160667979 HTTP/1.1" 200 78760 "-" "Mozilla/5.0 AppleWebKit/537.36 (KHTML, like Gecko; compatible; GPTBot/1.2; +https://openai.com/gptbot)"
20.171.207.28 - - [20/Oct/2025:04:47:31 +0300] "GET /pages.php?_bd_prev_page=https://bckln.ru/collect.aspx?087000444.htm&_bdsid=8i31wb.n~FBOZA.171882992.173951532&_gz=2.198475681.196329788.172254536-860287671.160667979 HTTP/1.0" 200 73129 "-" "Mozilla/5.0 AppleWebKit/537.36 (KHTML, like Gecko; compatible; GPTBot/1.2; +https://openai.com/gptbot)"
20.171.207.28 - - [20/Oct/2025:04:47:32 +0300] "GET /pages.php?_bd_prev_page=https://bckln.ru/collect.aspx?087000444.htm&_bdsid=8i31wb.n~FBOZA.171882992.173951532&_gz=2.198475681.196329788.172254536-860287671.160667979 HTTP/1.1" 200 73182 "-" "Mozilla/5.0 AppleWebKit/537.36 (KHTML, like Gecko; compatible; GPTBot/1.2; +https://openai.com/gptbot)"
20.171.207.28 - - [20/Oct/2025:04:47:34 +0300] "GET /pages.php?_bd_prev_page=https://bckln.ru/collect.aspx?013003924.htm&_bdsid=8i31wb.n~FBOZA.171882992.173951532&_gz=2.198475681.196329788.172254536-860287671.160667979 HTTP/1.0" 200 69638 "-" "Mozilla/5.0 AppleWebKit/537.36 (KHTML, like Gecko; compatible; GPTBot/1.2; +https://openai.com/gptbot)"
20.171.207.28 - - [20/Oct/2025:04:47:35 +0300] "GET /pages.php?_bd_prev_page=https://bckln.ru/collect.aspx?013003924.htm&_bdsid=8i31wb.n~FBOZA.171882992.173951532&_gz=2.198475681.196329788.172254536-860287671.160667979 HTTP/1.1" 200 69721 "-" "Mozilla/5.0 AppleWebKit/537.36 (KHTML, like Gecko; compatible; GPTBot/1.2; +https://openai.com/gptbot)"
20.171.207.28 - - [20/Oct/2025:04:47:37 +0300] "GET /pages.php?_bd_prev_page=https://bckln.ru/collect.aspx?086026327.htm&_bdsid=8i31wb.n~FBOZA.171882992.173951532&_gz=2.198475681.196329788.172254536-860287671.160667979 HTTP/1.0" 200 82125 "-" "Mozilla/5.0 AppleWebKit/537.36 (KHTML, like Gecko; compatible; GPTBot/1.2; +https://openai.com/gptbot)"
20.171.207.28 - - [20/Oct/2025:04:47:38 +0300] "GET /pages.php?_bd_prev_page=https://bckln.ru/collect.aspx?086026327.htm&_bdsid=8i31wb.n~FBOZA.171882992.173951532&_gz=2.198475681.196329788.172254536-860287671.160667979 HTTP/1.1" 200 82225 "-" "Mozilla/5.0 AppleWebKit/537.36 (KHTML, like Gecko; compatible; GPTBot/1.2; +https://openai.com/gptbot)"
173.208.176.202 - - [20/Oct/2025:04:46:09 +0300] "GET /wp-includes/im763f02/edit.php?id=172474 HTTP/1.0" 200 - "https://bckln.ru/wp-includes/im763f02/edit.php?id=172474" "Mozilla/5.0 (Windows NT 10.0; Win64; x64) AppleWebKit/537.36 (KHTML, like Gecko) Chrome/58.0.3029.110 Safari/537.3"
20.171.207.28 - - [20/Oct/2025:04:47:40 +0300] "GET /pages.php?_bd_prev_page=https://bckln.ru/collect.aspx?036030595.htm&_bdsid=8i31wb.n~FBOZA.171882992.173951532&_gz=2.198475681.196329788.172254536-860287671.160667979 HTTP/1.0" 200 77037 "-" "Mozilla/5.0 AppleWebKit/537.36 (KHTML, like Gecko; compatible; GPTBot/1.2; +https://openai.com/gptbot)"
20.171.207.28 - - [20/Oct/2025:04:47:41 +0300] "GET /pages.php?_bd_prev_page=https://bckln.ru/collect.aspx?036030595.htm&_bdsid=8i31wb.n~FBOZA.171882992.173951532&_gz=2.198475681.196329788.172254536-860287671.160667979 HTTP/1.1" 200 77129 "-" "Mozilla/5.0 AppleWebKit/537.36 (KHTML, like Gecko; compatible; GPTBot/1.2; +https://openai.com/gptbot)"
20.171.207.28 - - [20/Oct/2025:04:47:43 +0300] "GET /pages.php?_bd_prev_page=https://bckln.ru/collect.aspx?013003926.htm&_bdsid=8i31wb.n~FBOZA.171882992.173951532&_gz=2.198475681.196329788.172254536-860287671.160667979 HTTP/1.0" 200 75057 "-" "Mozilla/5.0 AppleWebKit/537.36 (KHTML, like Gecko; compatible; GPTBot/1.2; +https://openai.com/gptbot)"
20.171.207.28 - - [20/Oct/2025:04:47:44 +0300] "GET /pages.php?_bd_prev_page=https://bckln.ru/collect.aspx?013003926.htm&_bdsid=8i31wb.n~FBOZA.171882992.173951532&_gz=2.198475681.196329788.172254536-860287671.160667979 HTTP/1.1" 200 75134 "-" "Mozilla/5.0 AppleWebKit/537.36 (KHTML, like Gecko; compatible; GPTBot/1.2; +https://openai.com/gptbot)"
173.208.176.202 - - [20/Oct/2025:04:47:46 +0300] "GET /wp-includes/im763f02/edit.php?id=172474 HTTP/1.1" 499 0 "https://bckln.ru/wp-includes/im763f02/edit.php?id=172474" "Mozilla/5.0 (Windows NT 10.0; Win64; x64) AppleWebKit/537.36 (KHTML, like Gecko) Chrome/58.0.3029.110 Safari/537.3"
20.171.207.28 - - [20/Oct/2025:04:47:47 +0300] "GET /pages.php?_bd_prev_page=https://bckln.ru/collect.aspx?087000496.htm&_bdsid=8i31wb.n~FBOZA.171882992.173951532&_gz=2.198475681.196329788.172254536-860287671.160667979 HTTP/1.0" 200 68770 "-" "Mozilla/5.0 AppleWebKit/537.36 (KHTML, like Gecko; compatible; GPTBot/1.2; +https://openai.com/gptbot)"
20.171.207.28 - - [20/Oct/2025:04:47:48 +0300] "GET /pages.php?_bd_prev_page=https://bckln.ru/collect.aspx?087000496.htm&_bdsid=8i31wb.n~FBOZA.171882992.173951532&_gz=2.198475681.196329788.172254536-860287671.160667979 HTTP/1.1" 200 68854 "-" "Mozilla/5.0 AppleWebKit/537.36 (KHTML, like Gecko; compatible; GPTBot/1.2; +https://openai.com/gptbot)"
20.171.207.28 - - [20/Oct/2025:04:47:50 +0300] "GET /pages.php?l=493&product/golf87?c=g HTTP/1.0" 200 85813 "-" "Mozilla/5.0 AppleWebKit/537.36 (KHTML, like Gecko; compatible; GPTBot/1.2; +https://openai.com/gptbot)"
20.171.207.28 - - [20/Oct/2025:04:47:51 +0300] "GET /pages.php?l=493&product/golf87?c=g HTTP/1.1" 200 85920 "-" "Mozilla/5.0 AppleWebKit/537.36 (KHTML, like Gecko; compatible; GPTBot/1.2; +https://openai.com/gptbot)"
20.171.207.28 - - [20/Oct/2025:04:47:53 +0300] "GET /pages.php?_bd_prev_page=https://bckln.ru/collect.aspx?086019511.htm&_bdsid=8i31wb.n~FBOZA.171882992.173951532&_gz=2.198475681.196329788.172254536-860287671.160667979 HTTP/1.0" 200 76559 "-" "Mozilla/5.0 AppleWebKit/537.36 (KHTML, like Gecko; compatible; GPTBot/1.2; +https://openai.com/gptbot)"
20.171.207.28 - - [20/Oct/2025:04:47:54 +0300] "GET /pages.php?_bd_prev_page=https://bckln.ru/collect.aspx?086019511.htm&_bdsid=8i31wb.n~FBOZA.171882992.173951532&_gz=2.198475681.196329788.172254536-860287671.160667979 HTTP/1.1" 200 76650 "-" "Mozilla/5.0 AppleWebKit/537.36 (KHTML, like Gecko; compatible; GPTBot/1.2; +https://openai.com/gptbot)"
20.171.207.28 - - [20/Oct/2025:04:47:56 +0300] "GET /pages.php?_bd_prev_page=https://bckln.ru/collect.aspx?086000783.htm&_bdsid=8i31wb.n~FBOZA.171882992.173951532&_gz=2.198475681.196329788.172254536-860287671.160667979 HTTP/1.0" 200 79472 "-" "Mozilla/5.0 AppleWebKit/537.36 (KHTML, like Gecko; compatible; GPTBot/1.2; +https://openai.com/gptbot)"
20.171.207.28 - - [20/Oct/2025:04:47:58 +0300] "GET /pages.php?_bd_prev_page=https://bckln.ru/collect.aspx?086000783.htm&_bdsid=8i31wb.n~FBOZA.171882992.173951532&_gz=2.198475681.196329788.172254536-860287671.160667979 HTTP/1.1" 200 79572 "-" "Mozilla/5.0 AppleWebKit/537.36 (KHTML, like Gecko; compatible; GPTBot/1.2; +https://openai.com/gptbot)"
20.171.207.28 - - [20/Oct/2025:04:47:59 +0300] "GET /pages.php?_bd_prev_page=https://bckln.ru/collect.aspx?036003709.htm&_bdsid=8i31wb.n~FBOZA.171882992.173951532&_gz=2.198475681.196329788.172254536-860287671.160667979 HTTP/1.0" 200 77770 "-" "Mozilla/5.0 AppleWebKit/537.36 (KHTML, like Gecko; compatible; GPTBot/1.2; +https://openai.com/gptbot)"
20.171.207.28 - - [20/Oct/2025:04:48:04 +0300] "GET /pages.php?_bd_prev_page=https://bckln.ru/collect.aspx?036003709.htm&_bdsid=8i31wb.n~FBOZA.171882992.173951532&_gz=2.198475681.196329788.172254536-860287671.160667979 HTTP/1.1" 200 77869 "-" "Mozilla/5.0 AppleWebKit/537.36 (KHTML, like Gecko; compatible; GPTBot/1.2; +https://openai.com/gptbot)"
20.171.207.28 - - [20/Oct/2025:04:48:04 +0300] "GET /pages.php?_bd_prev_page=https://bckln.ru/collect.aspx?087032088.htm&_bdsid=8i31wb.n~FBOZA.171882992.173951532&_gz=2.198475681.196329788.172254536-860287671.160667979 HTTP/1.0" 200 81372 "-" "Mozilla/5.0 AppleWebKit/537.36 (KHTML, like Gecko; compatible; GPTBot/1.2; +https://openai.com/gptbot)"
20.171.207.28 - - [20/Oct/2025:04:48:06 +0300] "GET /pages.php?_bd_prev_page=https://bckln.ru/collect.aspx?087032088.htm&_bdsid=8i31wb.n~FBOZA.171882992.173951532&_gz=2.198475681.196329788.172254536-860287671.160667979 HTTP/1.1" 200 81465 "-" "Mozilla/5.0 AppleWebKit/537.36 (KHTML, like Gecko; compatible; GPTBot/1.2; +https://openai.com/gptbot)"
20.171.207.28 - - [20/Oct/2025:04:48:08 +0300] "GET /pages.php?l=3919&product/rip13?c=g HTTP/1.0" 200 75782 "-" "Mozilla/5.0 AppleWebKit/537.36 (KHTML, like Gecko; compatible; GPTBot/1.2; +https://openai.com/gptbot)"
20.171.207.28 - - [20/Oct/2025:04:48:09 +0300] "GET /pages.php?l=3919&product/rip13?c=g HTTP/1.1" 200 75874 "-" "Mozilla/5.0 AppleWebKit/537.36 (KHTML, like Gecko; compatible; GPTBot/1.2; +https://openai.com/gptbot)"
20.171.207.28 - - [20/Oct/2025:04:48:11 +0300] "GET /pages.php?_bd_prev_page=https://bckln.ru/collect.aspx?086006407.htm&_bdsid=8i31wb.n~FBOZA.171882992.173951532&_gz=2.198475681.196329788.172254536-860287671.160667979 HTTP/1.0" 200 73170 "-" "Mozilla/5.0 AppleWebKit/537.36 (KHTML, like Gecko; compatible; GPTBot/1.2; +https://openai.com/gptbot)"
20.171.207.28 - - [20/Oct/2025:04:48:12 +0300] "GET /pages.php?_bd_prev_page=https://bckln.ru/collect.aspx?086006407.htm&_bdsid=8i31wb.n~FBOZA.171882992.173951532&_gz=2.198475681.196329788.172254536-860287671.160667979 HTTP/1.1" 200 73223 "-" "Mozilla/5.0 AppleWebKit/537.36 (KHTML, like Gecko; compatible; GPTBot/1.2; +https://openai.com/gptbot)"
20.171.207.28 - - [20/Oct/2025:04:48:14 +0300] "GET /pages.php?l=23550&product/listener28?c=g HTTP/1.0" 200 79633 "-" "Mozilla/5.0 AppleWebKit/537.36 (KHTML, like Gecko; compatible; GPTBot/1.2; +https://openai.com/gptbot)"
20.171.207.28 - - [20/Oct/2025:04:48:15 +0300] "GET /pages.php?l=23550&product/listener28?c=g HTTP/1.1" 200 79733 "-" "Mozilla/5.0 AppleWebKit/537.36 (KHTML, like Gecko; compatible; GPTBot/1.2; +https://openai.com/gptbot)"
20.171.207.28 - - [20/Oct/2025:04:48:17 +0300] "GET /pages.php?_bd_prev_page=https://bckln.ru/collect.aspx?product/corner87?c=g&_bdsid=8i31wb.n~FBOZA.171882992.173951532&_gz=2.198475681.196329788.172254536-860287671.160667979&l=495 HTTP/1.0" 200 83928 "-" "Mozilla/5.0 AppleWebKit/537.36 (KHTML, like Gecko; compatible; GPTBot/1.2; +https://openai.com/gptbot)"
20.171.207.28 - - [20/Oct/2025:04:48:18 +0300] "GET /pages.php?_bd_prev_page=https://bckln.ru/collect.aspx?product/corner87?c=g&_bdsid=8i31wb.n~FBOZA.171882992.173951532&_gz=2.198475681.196329788.172254536-860287671.160667979&l=495 HTTP/1.1" 200 84028 "-" "Mozilla/5.0 AppleWebKit/537.36 (KHTML, like Gecko; compatible; GPTBot/1.2; +https://openai.com/gptbot)"
20.171.207.28 - - [20/Oct/2025:04:48:20 +0300] "GET /pages.php?028000267.htm HTTP/1.0" 200 91912 "-" "Mozilla/5.0 AppleWebKit/537.36 (KHTML, like Gecko; compatible; GPTBot/1.2; +https://openai.com/gptbot)"
20.171.207.28 - - [20/Oct/2025:04:48:21 +0300] "GET /pages.php?028000267.htm HTTP/1.1" 200 92020 "-" "Mozilla/5.0 AppleWebKit/537.36 (KHTML, like Gecko; compatible; GPTBot/1.2; +https://openai.com/gptbot)"
20.171.207.28 - - [20/Oct/2025:04:48:24 +0300] "GET /pages.php?l=42804&product/documentary36?c=g HTTP/1.0" 200 78189 "-" "Mozilla/5.0 AppleWebKit/537.36 (KHTML, like Gecko; compatible; GPTBot/1.2; +https://openai.com/gptbot)"
20.171.207.28 - - [20/Oct/2025:04:48:25 +0300] "GET /pages.php?l=42804&product/documentary36?c=g HTTP/1.1" 200 78289 "-" "Mozilla/5.0 AppleWebKit/537.36 (KHTML, like Gecko; compatible; GPTBot/1.2; +https://openai.com/gptbot)"
20.171.207.28 - - [20/Oct/2025:04:48:27 +0300] "GET /pages.php?_bd_prev_page=https://bckln.ru/collect.aspx?087002980.htm&_bdsid=8i31wb.n~FBOZA.171882992.173951532&_gz=2.198475681.196329788.172254536-860287671.160667979 HTTP/1.0" 200 79794 "-" "Mozilla/5.0 AppleWebKit/537.36 (KHTML, like Gecko; compatible; GPTBot/1.2; +https://openai.com/gptbot)"
20.171.207.28 - - [20/Oct/2025:04:48:28 +0300] "GET /pages.php?_bd_prev_page=https://bckln.ru/collect.aspx?087002980.htm&_bdsid=8i31wb.n~FBOZA.171882992.173951532&_gz=2.198475681.196329788.172254536-860287671.160667979 HTTP/1.1" 200 79887 "-" "Mozilla/5.0 AppleWebKit/537.36 (KHTML, like Gecko; compatible; GPTBot/1.2; +https://openai.com/gptbot)"
20.171.207.28 - - [20/Oct/2025:04:48:30 +0300] "GET /pages.php?l=21987&product/exclusively89?c=g HTTP/1.0" 200 77020 "-" "Mozilla/5.0 AppleWebKit/537.36 (KHTML, like Gecko; compatible; GPTBot/1.2; +https://openai.com/gptbot)"
20.171.207.28 - - [20/Oct/2025:04:48:31 +0300] "GET /pages.php?l=21987&product/exclusively89?c=g HTTP/1.1" 200 77112 "-" "Mozilla/5.0 AppleWebKit/537.36 (KHTML, like Gecko; compatible; GPTBot/1.2; +https://openai.com/gptbot)"
20.171.207.28 - - [20/Oct/2025:04:48:33 +0300] "GET /pages.php?l=219&product/peanut49?c=g HTTP/1.0" 200 75253 "-" "Mozilla/5.0 AppleWebKit/537.36 (KHTML, like Gecko; compatible; GPTBot/1.2; +https://openai.com/gptbot)"
20.171.207.28 - - [20/Oct/2025:04:48:34 +0300] "GET /pages.php?l=219&product/peanut49?c=g HTTP/1.1" 200 75345 "-" "Mozilla/5.0 AppleWebKit/537.36 (KHTML, like Gecko; compatible; GPTBot/1.2; +https://openai.com/gptbot)"
20.171.207.28 - - [20/Oct/2025:04:48:36 +0300] "GET /pages.php?_bd_prev_page=https://bckln.ru/collect.aspx?087038644.htm&_bdsid=8i31wb.n~FBOZA.171882992.173951532&_gz=2.198475681.196329788.172254536-860287671.160667979 HTTP/1.0" 200 83126 "-" "Mozilla/5.0 AppleWebKit/537.36 (KHTML, like Gecko; compatible; GPTBot/1.2; +https://openai.com/gptbot)"
20.171.207.28 - - [20/Oct/2025:04:48:38 +0300] "GET /pages.php?_bd_prev_page=https://bckln.ru/collect.aspx?087038644.htm&_bdsid=8i31wb.n~FBOZA.171882992.173951532&_gz=2.198475681.196329788.172254536-860287671.160667979 HTTP/1.1" 200 83226 "-" "Mozilla/5.0 AppleWebKit/537.36 (KHTML, like Gecko; compatible; GPTBot/1.2; +https://openai.com/gptbot)"
20.171.207.28 - - [20/Oct/2025:04:48:39 +0300] "GET /pages.php?_bd_prev_page=https://bckln.ru/collect.aspx?049000212.htm&_bdsid=8i31wb.n~FBOZA.171882992.173951532&_gz=2.198475681.196329788.172254536-860287671.160667979 HTTP/1.0" 200 89179 "-" "Mozilla/5.0 AppleWebKit/537.36 (KHTML, like Gecko; compatible; GPTBot/1.2; +https://openai.com/gptbot)"
20.171.207.28 - - [20/Oct/2025:04:48:40 +0300] "GET /pages.php?_bd_prev_page=https://bckln.ru/collect.aspx?049000212.htm&_bdsid=8i31wb.n~FBOZA.171882992.173951532&_gz=2.198475681.196329788.172254536-860287671.160667979 HTTP/1.1" 200 89287 "-" "Mozilla/5.0 AppleWebKit/537.36 (KHTML, like Gecko; compatible; GPTBot/1.2; +https://openai.com/gptbot)"
20.171.207.28 - - [20/Oct/2025:04:48:43 +0300] "GET /pages.php?_bd_prev_page=https://bckln.ru/collect.aspx?product/strictly27?c=g&_bdsid=8i31wb.n~FBOZA.171882992.173951532&_gz=2.198475681.196329788.172254536-860287671.160667979&l=207 HTTP/1.0" 200 74860 "-" "Mozilla/5.0 AppleWebKit/537.36 (KHTML, like Gecko; compatible; GPTBot/1.2; +https://openai.com/gptbot)"
20.171.207.28 - - [20/Oct/2025:04:48:43 +0300] "GET /pages.php?_bd_prev_page=https://bckln.ru/collect.aspx?product/strictly27?c=g&_bdsid=8i31wb.n~FBOZA.171882992.173951532&_gz=2.198475681.196329788.172254536-860287671.160667979&l=207 HTTP/1.1" 200 74952 "-" "Mozilla/5.0 AppleWebKit/537.36 (KHTML, like Gecko; compatible; GPTBot/1.2; +https://openai.com/gptbot)"
20.171.207.28 - - [20/Oct/2025:04:48:46 +0300] "GET /pages.php?_bd_prev_page=https://bckln.ru/collect.aspx?product/sweet27?c=g&_bdsid=8i31wb.n~FBOZA.171882992.173951532&_gz=2.198475681.196329788.172254536-860287671.160667979&l=43151 HTTP/1.0" 200 83728 "-" "Mozilla/5.0 AppleWebKit/537.36 (KHTML, like Gecko; compatible; GPTBot/1.2; +https://openai.com/gptbot)"
20.171.207.28 - - [20/Oct/2025:04:48:47 +0300] "GET /pages.php?_bd_prev_page=https://bckln.ru/collect.aspx?product/sweet27?c=g&_bdsid=8i31wb.n~FBOZA.171882992.173951532&_gz=2.198475681.196329788.172254536-860287671.160667979&l=43151 HTTP/1.1" 200 83828 "-" "Mozilla/5.0 AppleWebKit/537.36 (KHTML, like Gecko; compatible; GPTBot/1.2; +https://openai.com/gptbot)"
66.249.76.167 - - [20/Oct/2025:04:48:46 +0300] "GET /pcmypage?callback=/product%2Fdetail%2re-abc-sh-0127-r26 HTTP/1.0" 200 81177 "-" "Mozilla/5.0 (Linux; Android 6.0.1; Nexus 5X Build/MMB29P) AppleWebKit/537.36 (KHTML, like Gecko) Chrome/140.0.7339.207 Mobile Safari/537.36 (compatible; Googlebot/2.1; +http://www.google.com/bot.html)"
66.249.76.167 - - [20/Oct/2025:04:48:48 +0300] "GET /pcmypage?callback=/product%2Fdetail%2re-abc-sh-0127-r26 HTTP/1.1" 200 81277 "-" "Mozilla/5.0 (Linux; Android 6.0.1; Nexus 5X Build/MMB29P) AppleWebKit/537.36 (KHTML, like Gecko) Chrome/140.0.7339.207 Mobile Safari/537.36 (compatible; Googlebot/2.1; +http://www.google.com/bot.html)"
20.171.207.28 - - [20/Oct/2025:04:48:49 +0300] "GET /pages.php?l=20815&product/legislation79?c=g HTTP/1.0" 200 77914 "-" "Mozilla/5.0 AppleWebKit/537.36 (KHTML, like Gecko; compatible; GPTBot/1.2; +https://openai.com/gptbot)"
20.171.207.28 - - [20/Oct/2025:04:48:50 +0300] "GET /pages.php?l=20815&product/legislation79?c=g HTTP/1.1" 200 78014 "-" "Mozilla/5.0 AppleWebKit/537.36 (KHTML, like Gecko; compatible; GPTBot/1.2; +https://openai.com/gptbot)"
63.141.249.210 - - [20/Oct/2025:04:47:24 +0300] "GET /wp-content/qq7b83be/index.php HTTP/1.0" 200 - "https://bckln.ru/wp-content/qq7b83be/index.php" "Mozilla/5.0 (Windows NT 10.0; Win64; x64) AppleWebKit/537.36 (KHTML, like Gecko) Chrome/58.0.3029.110 Safari/537.3"
20.171.207.28 - - [20/Oct/2025:04:48:52 +0300] "GET /pages.php?_bd_prev_page=https://bckln.ru/collect.aspx?product/sport34?c=g&_bdsid=8i31wb.n~FBOZA.171882992.173951532&_gz=2.198475681.196329788.172254536-860287671.160667979&l=36488 HTTP/1.0" 200 78630 "-" "Mozilla/5.0 AppleWebKit/537.36 (KHTML, like Gecko; compatible; GPTBot/1.2; +https://openai.com/gptbot)"
20.171.207.28 - - [20/Oct/2025:04:48:53 +0300] "GET /pages.php?_bd_prev_page=https://bckln.ru/collect.aspx?product/sport34?c=g&_bdsid=8i31wb.n~FBOZA.171882992.173951532&_gz=2.198475681.196329788.172254536-860287671.160667979&l=36488 HTTP/1.1" 200 78730 "-" "Mozilla/5.0 AppleWebKit/537.36 (KHTML, like Gecko; compatible; GPTBot/1.2; +https://openai.com/gptbot)"
20.171.207.28 - - [20/Oct/2025:04:48:55 +0300] "GET /pages.php?_bd_prev_page=https://bckln.ru/collect.aspx?086033763.htm&_bdsid=8i31wb.n~FBOZA.171882992.173951532&_gz=2.198475681.196329788.172254536-860287671.160667979 HTTP/1.0" 200 73172 "-" "Mozilla/5.0 AppleWebKit/537.36 (KHTML, like Gecko; compatible; GPTBot/1.2; +https://openai.com/gptbot)"
20.171.207.28 - - [20/Oct/2025:04:48:56 +0300] "GET /pages.php?_bd_prev_page=https://bckln.ru/collect.aspx?086033763.htm&_bdsid=8i31wb.n~FBOZA.171882992.173951532&_gz=2.198475681.196329788.172254536-860287671.160667979 HTTP/1.1" 200 73256 "-" "Mozilla/5.0 AppleWebKit/537.36 (KHTML, like Gecko; compatible; GPTBot/1.2; +https://openai.com/gptbot)"
173.208.176.202 - - [20/Oct/2025:04:48:58 +0300] "GET /wp-content/qq7b83be/index.php?id=501574 HTTP/1.1" 499 0 "https://bckln.ru/wp-content/qq7b83be/index.php?id=501574" "Mozilla/5.0 (Windows NT 10.0; Win64; x64) AppleWebKit/537.36 (KHTML, like Gecko) Chrome/58.0.3029.110 Safari/537.3"
20.171.207.28 - - [20/Oct/2025:04:48:58 +0300] "GET /pages.php?l=39500&product/acquisition28?c=g HTTP/1.0" 200 78880 "-" "Mozilla/5.0 AppleWebKit/537.36 (KHTML, like Gecko; compatible; GPTBot/1.2; +https://openai.com/gptbot)"
20.171.207.28 - - [20/Oct/2025:04:48:59 +0300] "GET /pages.php?l=39500&product/acquisition28?c=g HTTP/1.1" 200 78980 "-" "Mozilla/5.0 AppleWebKit/537.36 (KHTML, like Gecko; compatible; GPTBot/1.2; +https://openai.com/gptbot)"
20.171.207.28 - - [20/Oct/2025:04:49:02 +0300] "GET /pages.php?_bd_prev_page=https://bckln.ru/collect.aspx?product/plastic49?c=g&_bdsid=8i31wb.n~FBOZA.171882992.173951532&_gz=2.198475681.196329788.172254536-860287671.160667979&l=215 HTTP/1.0" 200 79916 "-" "Mozilla/5.0 AppleWebKit/537.36 (KHTML, like Gecko; compatible; GPTBot/1.2; +https://openai.com/gptbot)"
20.171.207.28 - - [20/Oct/2025:04:49:03 +0300] "GET /pages.php?_bd_prev_page=https://bckln.ru/collect.aspx?product/plastic49?c=g&_bdsid=8i31wb.n~FBOZA.171882992.173951532&_gz=2.198475681.196329788.172254536-860287671.160667979&l=215 HTTP/1.1" 200 80016 "-" "Mozilla/5.0 AppleWebKit/537.36 (KHTML, like Gecko; compatible; GPTBot/1.2; +https://openai.com/gptbot)"
45.150.238.5 - - [20/Oct/2025:04:49:01 +0300] "GET / HTTP/1.0" 200 69660 "-" "Zabbix"
45.150.238.5 - - [20/Oct/2025:04:49:04 +0300] "GET / HTTP/1.1" 200 69743 "-" "Zabbix"
20.171.207.28 - - [20/Oct/2025:04:49:05 +0300] "GET /pages.php?_bd_prev_page=https://bckln.ru/collect.aspx?028039509.htm&_bdsid=8i31wb.n~FBOZA.171882992.173951532&_gz=2.198475681.196329788.172254536-860287671.160667979 HTTP/1.0" 200 86816 "-" "Mozilla/5.0 AppleWebKit/537.36 (KHTML, like Gecko; compatible; GPTBot/1.2; +https://openai.com/gptbot)"
20.171.207.28 - - [20/Oct/2025:04:49:06 +0300] "GET /pages.php?_bd_prev_page=https://bckln.ru/collect.aspx?028039509.htm&_bdsid=8i31wb.n~FBOZA.171882992.173951532&_gz=2.198475681.196329788.172254536-860287671.160667979 HTTP/1.1" 200 86924 "-" "Mozilla/5.0 AppleWebKit/537.36 (KHTML, like Gecko; compatible; GPTBot/1.2; +https://openai.com/gptbot)"
