20.171.207.28 - - [20/Oct/2025:05:30:43 +0300] "GET /pages.php?_bd_prev_page=https://bckln.ru/collect.aspx?product/panic47?c=g&_bdsid=8i31wb.n~FBOZA.171882992.173951532&_gz=2.198475681.196329788.172254536-860287671.160667979&l=2457 HTTP/1.1" 200 87779 "-" "Mozilla/5.0 AppleWebKit/537.36 (KHTML, like Gecko; compatible; GPTBot/1.2; +https://openai.com/gptbot)"
178.249.213.185 - - [20/Oct/2025:05:30:45 +0300] "GET /?sitemapindex.xml HTTP/1.0" 200 7396 "-" "Mozilla/5.0 (Windows NT 10.0; Win64; x64) AppleWebKit/537.36 (KHTML, like Gecko) Chrome/137.0.0.0 Safari/537.36"
178.249.213.185 - - [20/Oct/2025:05:30:47 +0300] "GET /?sitemapindex.xml HTTP/1.1" 200 7396 "-" "Mozilla/5.0 (Windows NT 10.0; Win64; x64) AppleWebKit/537.36 (KHTML, like Gecko) Chrome/137.0.0.0 Safari/537.36"
20.171.207.28 - - [20/Oct/2025:05:30:46 +0300] "GET /pages.php?_bd_prev_page=https://bckln.ru/collect.aspx?096000853.htm&_bdsid=8i31wb.n~FBOZA.171882992.173951532&_gz=2.198475681.196329788.172254536-860287671.160667979 HTTP/1.0" 200 73747 "-" "Mozilla/5.0 AppleWebKit/537.36 (KHTML, like Gecko; compatible; GPTBot/1.2; +https://openai.com/gptbot)"
20.171.207.28 - - [20/Oct/2025:05:30:47 +0300] "GET /pages.php?_bd_prev_page=https://bckln.ru/collect.aspx?096000853.htm&_bdsid=8i31wb.n~FBOZA.171882992.173951532&_gz=2.198475681.196329788.172254536-860287671.160667979 HTTP/1.1" 200 73838 "-" "Mozilla/5.0 AppleWebKit/537.36 (KHTML, like Gecko; compatible; GPTBot/1.2; +https://openai.com/gptbot)"
20.171.207.28 - - [20/Oct/2025:05:30:49 +0300] "GET /pages.php?_bd_prev_page=https://bckln.ru/collect.aspx?010011101.htm&_bdsid=8i31wb.n~FBOZA.171882992.173951532&_gz=2.198475681.196329788.172254536-860287671.160667979 HTTP/1.0" 200 89466 "-" "Mozilla/5.0 AppleWebKit/537.36 (KHTML, like Gecko; compatible; GPTBot/1.2; +https://openai.com/gptbot)"
20.171.207.28 - - [20/Oct/2025:05:30:50 +0300] "GET /pages.php?_bd_prev_page=https://bckln.ru/collect.aspx?010011101.htm&_bdsid=8i31wb.n~FBOZA.171882992.173951532&_gz=2.198475681.196329788.172254536-860287671.160667979 HTTP/1.1" 200 89559 "-" "Mozilla/5.0 AppleWebKit/537.36 (KHTML, like Gecko; compatible; GPTBot/1.2; +https://openai.com/gptbot)"
178.249.213.185 - - [20/Oct/2025:05:30:51 +0300] "GET /favicon.ico HTTP/1.0" 200 69659 "https://bckln.ru/?sitemapindex.xml" "Mozilla/5.0 (Windows NT 10.0; Win64; x64) AppleWebKit/537.36 (KHTML, like Gecko) Chrome/137.0.0.0 Safari/537.36"
178.249.213.185 - - [20/Oct/2025:05:30:52 +0300] "GET /favicon.ico HTTP/1.1" 200 69742 "https://bckln.ru/?sitemapindex.xml" "Mozilla/5.0 (Windows NT 10.0; Win64; x64) AppleWebKit/537.36 (KHTML, like Gecko) Chrome/137.0.0.0 Safari/537.36"
20.171.207.28 - - [20/Oct/2025:05:30:52 +0300] "GET /pages.php?_bd_prev_page=https://bckln.ru/collect.aspx?product/whole25?c=g&_bdsid=8i31wb.n~FBOZA.171882992.173951532&_gz=2.198475681.196329788.172254536-860287671.160667979&l=18639 HTTP/1.0" 200 80375 "-" "Mozilla/5.0 AppleWebKit/537.36 (KHTML, like Gecko; compatible; GPTBot/1.2; +https://openai.com/gptbot)"
20.171.207.28 - - [20/Oct/2025:05:30:53 +0300] "GET /pages.php?_bd_prev_page=https://bckln.ru/collect.aspx?product/whole25?c=g&_bdsid=8i31wb.n~FBOZA.171882992.173951532&_gz=2.198475681.196329788.172254536-860287671.160667979&l=18639 HTTP/1.1" 200 80475 "-" "Mozilla/5.0 AppleWebKit/537.36 (KHTML, like Gecko; compatible; GPTBot/1.2; +https://openai.com/gptbot)"
20.171.207.28 - - [20/Oct/2025:05:30:55 +0300] "GET /pages.php?_bd_prev_page=https://bckln.ru/collect.aspx?025000770.htm&_bdsid=8i31wb.n~FBOZA.171882992.173951532&_gz=2.198475681.196329788.172254536-860287671.160667979 HTTP/1.0" 200 73408 "-" "Mozilla/5.0 AppleWebKit/537.36 (KHTML, like Gecko; compatible; GPTBot/1.2; +https://openai.com/gptbot)"
20.171.207.28 - - [20/Oct/2025:05:30:56 +0300] "GET /pages.php?_bd_prev_page=https://bckln.ru/collect.aspx?025000770.htm&_bdsid=8i31wb.n~FBOZA.171882992.173951532&_gz=2.198475681.196329788.172254536-860287671.160667979 HTTP/1.1" 200 73492 "-" "Mozilla/5.0 AppleWebKit/537.36 (KHTML, like Gecko; compatible; GPTBot/1.2; +https://openai.com/gptbot)"
20.171.207.28 - - [20/Oct/2025:05:30:58 +0300] "GET /pages.php?_bd_prev_page=https://bckln.ru/collect.aspx?025000774.htm&_bdsid=8i31wb.n~FBOZA.171882992.173951532&_gz=2.198475681.196329788.172254536-860287671.160667979 HTTP/1.0" 200 85221 "-" "Mozilla/5.0 AppleWebKit/537.36 (KHTML, like Gecko; compatible; GPTBot/1.2; +https://openai.com/gptbot)"
20.171.207.28 - - [20/Oct/2025:05:30:59 +0300] "GET /pages.php?_bd_prev_page=https://bckln.ru/collect.aspx?025000774.htm&_bdsid=8i31wb.n~FBOZA.171882992.173951532&_gz=2.198475681.196329788.172254536-860287671.160667979 HTTP/1.1" 200 85321 "-" "Mozilla/5.0 AppleWebKit/537.36 (KHTML, like Gecko; compatible; GPTBot/1.2; +https://openai.com/gptbot)"
20.171.207.28 - - [20/Oct/2025:05:31:02 +0300] "GET /pages.php?_bd_prev_page=https://bckln.ru/collect.aspx?product/street25?c=g&_bdsid=8i31wb.n~FBOZA.171882992.173951532&_gz=2.198475681.196329788.172254536-860287671.160667979&l=25049 HTTP/1.0" 200 84457 "-" "Mozilla/5.0 AppleWebKit/537.36 (KHTML, like Gecko; compatible; GPTBot/1.2; +https://openai.com/gptbot)"
20.171.207.28 - - [20/Oct/2025:05:31:03 +0300] "GET /pages.php?_bd_prev_page=https://bckln.ru/collect.aspx?product/street25?c=g&_bdsid=8i31wb.n~FBOZA.171882992.173951532&_gz=2.198475681.196329788.172254536-860287671.160667979&l=25049 HTTP/1.1" 200 84557 "-" "Mozilla/5.0 AppleWebKit/537.36 (KHTML, like Gecko; compatible; GPTBot/1.2; +https://openai.com/gptbot)"
173.208.176.202 - - [20/Oct/2025:05:29:11 +0300] "GET /wp-includes/im763f02/edit.php?id=172474 HTTP/1.0" 200 - "https://bckln.ru/wp-includes/im763f02/edit.php?id=172474" "Mozilla/5.0 (Windows NT 10.0; Win64; x64) AppleWebKit/537.36 (KHTML, like Gecko) Chrome/58.0.3029.110 Safari/537.3"
20.171.207.28 - - [20/Oct/2025:05:31:05 +0300] "GET /pages.php?_bd_prev_page=https://bckln.ru/collect.aspx?product/worry88?c=g&_bdsid=8i31wb.n~FBOZA.171882992.173951532&_gz=2.198475681.196329788.172254536-860287671.160667979&l=29554 HTTP/1.0" 200 80415 "-" "Mozilla/5.0 AppleWebKit/537.36 (KHTML, like Gecko; compatible; GPTBot/1.2; +https://openai.com/gptbot)"
20.171.207.28 - - [20/Oct/2025:05:31:06 +0300] "GET /pages.php?_bd_prev_page=https://bckln.ru/collect.aspx?product/worry88?c=g&_bdsid=8i31wb.n~FBOZA.171882992.173951532&_gz=2.198475681.196329788.172254536-860287671.160667979&l=29554 HTTP/1.1" 200 80515 "-" "Mozilla/5.0 AppleWebKit/537.36 (KHTML, like Gecko; compatible; GPTBot/1.2; +https://openai.com/gptbot)"
20.171.207.28 - - [20/Oct/2025:05:31:08 +0300] "GET /pages.php?010011101.htm HTTP/1.0" 200 87046 "-" "Mozilla/5.0 AppleWebKit/537.36 (KHTML, like Gecko; compatible; GPTBot/1.2; +https://openai.com/gptbot)"
20.171.207.28 - - [20/Oct/2025:05:31:09 +0300] "GET /pages.php?010011101.htm HTTP/1.1" 200 87154 "-" "Mozilla/5.0 AppleWebKit/537.36 (KHTML, like Gecko; compatible; GPTBot/1.2; +https://openai.com/gptbot)"
66.249.76.166 - - [20/Oct/2025:05:31:06 +0300] "GET /077000819.htm HTTP/1.0" 200 82600 "-" "Mozilla/5.0 (Linux; Android 6.0.1; Nexus 5X Build/MMB29P) AppleWebKit/537.36 (KHTML, like Gecko) Chrome/140.0.7339.207 Mobile Safari/537.36 (compatible; Googlebot/2.1; +http://www.google.com/bot.html)"
66.249.76.166 - - [20/Oct/2025:05:31:10 +0300] "GET /077000819.htm HTTP/1.1" 200 82700 "-" "Mozilla/5.0 (Linux; Android 6.0.1; Nexus 5X Build/MMB29P) AppleWebKit/537.36 (KHTML, like Gecko) Chrome/140.0.7339.207 Mobile Safari/537.36 (compatible; Googlebot/2.1; +http://www.google.com/bot.html)"
66.249.66.167 - - [20/Oct/2025:05:31:10 +0300] "GET /product/7838895 HTTP/1.0" 200 77713 "-" "Mozilla/5.0 (Linux; Android 6.0.1; Nexus 5X Build/MMB29P) AppleWebKit/537.36 (KHTML, like Gecko) Chrome/140.0.7339.207 Mobile Safari/537.36 (compatible; Googlebot/2.1; +http://www.google.com/bot.html)"
66.249.66.167 - - [20/Oct/2025:05:31:11 +0300] "GET /product/7838895 HTTP/1.1" 200 77812 "-" "Mozilla/5.0 (Linux; Android 6.0.1; Nexus 5X Build/MMB29P) AppleWebKit/537.36 (KHTML, like Gecko) Chrome/140.0.7339.207 Mobile Safari/537.36 (compatible; Googlebot/2.1; +http://www.google.com/bot.html)"
20.171.207.28 - - [20/Oct/2025:05:31:11 +0300] "GET /pages.php?_bd_prev_page=https://bckln.ru/collect.aspx?020029153.htm&_bdsid=8i31wb.n~FBOZA.171882992.173951532&_gz=2.198475681.196329788.172254536-860287671.160667979 HTTP/1.0" 200 73088 "-" "Mozilla/5.0 AppleWebKit/537.36 (KHTML, like Gecko; compatible; GPTBot/1.2; +https://openai.com/gptbot)"
20.171.207.28 - - [20/Oct/2025:05:31:12 +0300] "GET /pages.php?_bd_prev_page=https://bckln.ru/collect.aspx?020029153.htm&_bdsid=8i31wb.n~FBOZA.171882992.173951532&_gz=2.198475681.196329788.172254536-860287671.160667979 HTTP/1.1" 200 73141 "-" "Mozilla/5.0 AppleWebKit/537.36 (KHTML, like Gecko; compatible; GPTBot/1.2; +https://openai.com/gptbot)"
45.150.238.5 - - [20/Oct/2025:05:31:11 +0300] "GET / HTTP/1.0" 200 69659 "-" "Zabbix"
45.150.238.5 - - [20/Oct/2025:05:31:12 +0300] "GET / HTTP/1.1" 200 69742 "-" "Zabbix"
20.171.207.28 - - [20/Oct/2025:05:31:14 +0300] "GET /pages.php?_bd_prev_page=https://bckln.ru/collect.aspx?020029139.htm&_bdsid=8i31wb.n~FBOZA.171882992.173951532&_gz=2.198475681.196329788.172254536-860287671.160667979 HTTP/1.0" 200 80717 "-" "Mozilla/5.0 AppleWebKit/537.36 (KHTML, like Gecko; compatible; GPTBot/1.2; +https://openai.com/gptbot)"
20.171.207.28 - - [20/Oct/2025:05:31:15 +0300] "GET /pages.php?_bd_prev_page=https://bckln.ru/collect.aspx?020029139.htm&_bdsid=8i31wb.n~FBOZA.171882992.173951532&_gz=2.198475681.196329788.172254536-860287671.160667979 HTTP/1.1" 200 80810 "-" "Mozilla/5.0 AppleWebKit/537.36 (KHTML, like Gecko; compatible; GPTBot/1.2; +https://openai.com/gptbot)"
20.171.207.28 - - [20/Oct/2025:05:31:17 +0300] "GET /pages.php?_bd_prev_page=https://bckln.ru/collect.aspx?031000232.htm&_bdsid=8i31wb.n~FBOZA.171882992.173951532&_gz=2.198475681.196329788.172254536-860287671.160667979 HTTP/1.0" 200 81187 "-" "Mozilla/5.0 AppleWebKit/537.36 (KHTML, like Gecko; compatible; GPTBot/1.2; +https://openai.com/gptbot)"
20.171.207.28 - - [20/Oct/2025:05:31:18 +0300] "GET /pages.php?_bd_prev_page=https://bckln.ru/collect.aspx?031000232.htm&_bdsid=8i31wb.n~FBOZA.171882992.173951532&_gz=2.198475681.196329788.172254536-860287671.160667979 HTTP/1.1" 200 81287 "-" "Mozilla/5.0 AppleWebKit/537.36 (KHTML, like Gecko; compatible; GPTBot/1.2; +https://openai.com/gptbot)"
20.171.207.28 - - [20/Oct/2025:05:31:20 +0300] "GET /pages.php?_bd_prev_page=https://bckln.ru/collect.aspx?025000766.htm&_bdsid=8i31wb.n~FBOZA.171882992.173951532&_gz=2.198475681.196329788.172254536-860287671.160667979 HTTP/1.0" 200 80927 "-" "Mozilla/5.0 AppleWebKit/537.36 (KHTML, like Gecko; compatible; GPTBot/1.2; +https://openai.com/gptbot)"
20.171.207.28 - - [20/Oct/2025:05:31:23 +0300] "GET /pages.php?_bd_prev_page=https://bckln.ru/collect.aspx?025000766.htm&_bdsid=8i31wb.n~FBOZA.171882992.173951532&_gz=2.198475681.196329788.172254536-860287671.160667979 HTTP/1.1" 200 81027 "-" "Mozilla/5.0 AppleWebKit/537.36 (KHTML, like Gecko; compatible; GPTBot/1.2; +https://openai.com/gptbot)"
20.171.207.28 - - [20/Oct/2025:05:31:24 +0300] "GET /pages.php?l=343&product/guard31?c=g HTTP/1.0" 200 80896 "-" "Mozilla/5.0 AppleWebKit/537.36 (KHTML, like Gecko; compatible; GPTBot/1.2; +https://openai.com/gptbot)"
20.171.207.28 - - [20/Oct/2025:05:31:25 +0300] "GET /pages.php?l=343&product/guard31?c=g HTTP/1.1" 200 80996 "-" "Mozilla/5.0 AppleWebKit/537.36 (KHTML, like Gecko; compatible; GPTBot/1.2; +https://openai.com/gptbot)"
198.204.224.34 - - [20/Oct/2025:05:31:26 +0300] "GET /wp-content/qq7b83be/index.php HTTP/1.0" 200 6 "https://bckln.ru/wp-content/qq7b83be/index.php" "Mozilla/5.0 (Windows NT 10.0; Win64; x64) AppleWebKit/537.36 (KHTML, like Gecko) Chrome/58.0.3029.110 Safari/537.3"
198.204.224.34 - - [20/Oct/2025:05:31:26 +0300] "GET /wp-content/qq7b83be/index.php HTTP/1.1" 200 16 "https://bckln.ru/wp-content/qq7b83be/index.php" "Mozilla/5.0 (Windows NT 10.0; Win64; x64) AppleWebKit/537.36 (KHTML, like Gecko) Chrome/58.0.3029.110 Safari/537.3"
20.171.207.28 - - [20/Oct/2025:05:31:27 +0300] "GET /pages.php?_bd_prev_page=https://bckln.ru/collect.aspx?product/sprinkle25?c=g&_bdsid=8i31wb.n~FBOZA.171882992.173951532&_gz=2.198475681.196329788.172254536-860287671.160667979&l=771 HTTP/1.0" 200 79848 "-" "Mozilla/5.0 AppleWebKit/537.36 (KHTML, like Gecko; compatible; GPTBot/1.2; +https://openai.com/gptbot)"
20.171.207.28 - - [20/Oct/2025:05:31:28 +0300] "GET /pages.php?_bd_prev_page=https://bckln.ru/collect.aspx?product/sprinkle25?c=g&_bdsid=8i31wb.n~FBOZA.171882992.173951532&_gz=2.198475681.196329788.172254536-860287671.160667979&l=771 HTTP/1.1" 200 79948 "-" "Mozilla/5.0 AppleWebKit/537.36 (KHTML, like Gecko; compatible; GPTBot/1.2; +https://openai.com/gptbot)"
20.171.207.28 - - [20/Oct/2025:05:31:30 +0300] "GET /pages.php?_bd_prev_page=https://bckln.ru/collect.aspx?031037838.htm&_bdsid=8i31wb.n~FBOZA.171882992.173951532&_gz=2.198475681.196329788.172254536-860287671.160667979 HTTP/1.0" 200 79979 "-" "Mozilla/5.0 AppleWebKit/537.36 (KHTML, like Gecko; compatible; GPTBot/1.2; +https://openai.com/gptbot)"
20.171.207.28 - - [20/Oct/2025:05:31:31 +0300] "GET /pages.php?_bd_prev_page=https://bckln.ru/collect.aspx?031037838.htm&_bdsid=8i31wb.n~FBOZA.171882992.173951532&_gz=2.198475681.196329788.172254536-860287671.160667979 HTTP/1.1" 200 80079 "-" "Mozilla/5.0 AppleWebKit/537.36 (KHTML, like Gecko; compatible; GPTBot/1.2; +https://openai.com/gptbot)"
20.171.207.28 - - [20/Oct/2025:05:31:33 +0300] "GET /pages.php?_bd_prev_page=https://bckln.ru/collect.aspx?020035137.htm&_bdsid=8i31wb.n~FBOZA.171882992.173951532&_gz=2.198475681.196329788.172254536-860287671.160667979 HTTP/1.0" 200 80888 "-" "Mozilla/5.0 AppleWebKit/537.36 (KHTML, like Gecko; compatible; GPTBot/1.2; +https://openai.com/gptbot)"
20.171.207.28 - - [20/Oct/2025:05:31:34 +0300] "GET /pages.php?_bd_prev_page=https://bckln.ru/collect.aspx?020035137.htm&_bdsid=8i31wb.n~FBOZA.171882992.173951532&_gz=2.198475681.196329788.172254536-860287671.160667979 HTTP/1.1" 200 80988 "-" "Mozilla/5.0 AppleWebKit/537.36 (KHTML, like Gecko; compatible; GPTBot/1.2; +https://openai.com/gptbot)"
20.171.207.28 - - [20/Oct/2025:05:31:36 +0300] "GET /pages.php?_bd_prev_page=https://bckln.ru/collect.aspx?003000710.htm&_bdsid=8i31wb.n~FBOZA.171882992.173951532&_gz=2.198475681.196329788.172254536-860287671.160667979 HTTP/1.0" 200 77507 "-" "Mozilla/5.0 AppleWebKit/537.36 (KHTML, like Gecko; compatible; GPTBot/1.2; +https://openai.com/gptbot)"
20.171.207.28 - - [20/Oct/2025:05:31:37 +0300] "GET /pages.php?_bd_prev_page=https://bckln.ru/collect.aspx?003000710.htm&_bdsid=8i31wb.n~FBOZA.171882992.173951532&_gz=2.198475681.196329788.172254536-860287671.160667979 HTTP/1.1" 200 77599 "-" "Mozilla/5.0 AppleWebKit/537.36 (KHTML, like Gecko; compatible; GPTBot/1.2; +https://openai.com/gptbot)"
20.171.207.28 - - [20/Oct/2025:05:31:39 +0300] "GET /pages.php?_bd_prev_page=https://bckln.ru/collect.aspx?product/steak25?c=g&_bdsid=8i31wb.n~FBOZA.171882992.173951532&_gz=2.198475681.196329788.172254536-860287671.160667979&l=775 HTTP/1.0" 200 79003 "-" "Mozilla/5.0 AppleWebKit/537.36 (KHTML, like Gecko; compatible; GPTBot/1.2; +https://openai.com/gptbot)"
20.171.207.28 - - [20/Oct/2025:05:31:40 +0300] "GET /pages.php?_bd_prev_page=https://bckln.ru/collect.aspx?product/steak25?c=g&_bdsid=8i31wb.n~FBOZA.171882992.173951532&_gz=2.198475681.196329788.172254536-860287671.160667979&l=775 HTTP/1.1" 200 79103 "-" "Mozilla/5.0 AppleWebKit/537.36 (KHTML, like Gecko; compatible; GPTBot/1.2; +https://openai.com/gptbot)"
20.171.207.28 - - [20/Oct/2025:05:31:43 +0300] "GET /pages.php?_bd_prev_page=https://bckln.ru/collect.aspx?003000720.htm&_bdsid=8i31wb.n~FBOZA.171882992.173951532&_gz=2.198475681.196329788.172254536-860287671.160667979 HTTP/1.0" 200 91024 "-" "Mozilla/5.0 AppleWebKit/537.36 (KHTML, like Gecko; compatible; GPTBot/1.2; +https://openai.com/gptbot)"
20.171.207.28 - - [20/Oct/2025:05:31:44 +0300] "GET /pages.php?_bd_prev_page=https://bckln.ru/collect.aspx?003000720.htm&_bdsid=8i31wb.n~FBOZA.171882992.173951532&_gz=2.198475681.196329788.172254536-860287671.160667979 HTTP/1.1" 200 91132 "-" "Mozilla/5.0 AppleWebKit/537.36 (KHTML, like Gecko; compatible; GPTBot/1.2; +https://openai.com/gptbot)"
101.99.88.90 - - [20/Oct/2025:05:31:42 +0300] "GET /product001 HTTP/1.0" 200 75881 "-" "Mozilla/5.0 (compatible; Googlebot/2.1; +http://www.google.com/bot.html)"
101.99.88.90 - - [20/Oct/2025:05:31:44 +0300] "GET /product001 HTTP/1.1" 200 75973 "-" "Mozilla/5.0 (compatible; Googlebot/2.1; +http://www.google.com/bot.html)"
101.99.88.90 - - [20/Oct/2025:05:31:45 +0300] "GET / HTTP/1.0" 200 78825 "-" "Mozilla/5.0 (compatible; Googlebot/2.1; +http://www.google.com/bot.html)"
20.171.207.28 - - [20/Oct/2025:05:31:46 +0300] "GET /pages.php?_bd_prev_page=https://bckln.ru/collect.aspx?031008786.htm&_bdsid=8i31wb.n~FBOZA.171882992.173951532&_gz=2.198475681.196329788.172254536-860287671.160667979 HTTP/1.0" 200 88113 "-" "Mozilla/5.0 AppleWebKit/537.36 (KHTML, like Gecko; compatible; GPTBot/1.2; +https://openai.com/gptbot)"
20.171.207.28 - - [20/Oct/2025:05:31:47 +0300] "GET /pages.php?_bd_prev_page=https://bckln.ru/collect.aspx?031008786.htm&_bdsid=8i31wb.n~FBOZA.171882992.173951532&_gz=2.198475681.196329788.172254536-860287671.160667979 HTTP/1.1" 200 88206 "-" "Mozilla/5.0 AppleWebKit/537.36 (KHTML, like Gecko; compatible; GPTBot/1.2; +https://openai.com/gptbot)"
101.99.88.90 - - [20/Oct/2025:05:31:47 +0300] "GET / HTTP/1.1" 200 78918 "-" "Mozilla/5.0 (compatible; Googlebot/2.1; +http://www.google.com/bot.html)"
20.171.207.28 - - [20/Oct/2025:05:31:49 +0300] "GET /pages.php?_bd_prev_page=https://bckln.ru/collect.aspx?086001265.htm&_bdsid=8i31wb.n~FBOZA.171882992.173951532&_gz=2.198475681.196329788.172254536-860287671.160667979 HTTP/1.0" 200 87420 "-" "Mozilla/5.0 AppleWebKit/537.36 (KHTML, like Gecko; compatible; GPTBot/1.2; +https://openai.com/gptbot)"
20.171.207.28 - - [20/Oct/2025:05:31:50 +0300] "GET /pages.php?_bd_prev_page=https://bckln.ru/collect.aspx?086001265.htm&_bdsid=8i31wb.n~FBOZA.171882992.173951532&_gz=2.198475681.196329788.172254536-860287671.160667979 HTTP/1.1" 200 87528 "-" "Mozilla/5.0 AppleWebKit/537.36 (KHTML, like Gecko; compatible; GPTBot/1.2; +https://openai.com/gptbot)"
178.249.213.185 - - [20/Oct/2025:05:31:51 +0300] "GET /google346bac590c7c3e89.xhtml HTTP/1.0" 302 - "-" "Mozilla/5.0 (Windows NT 10.0; Win64; x64) AppleWebKit/537.36 (KHTML, like Gecko) Chrome/137.0.0.0 Safari/537.36"
178.249.213.185 - - [20/Oct/2025:05:31:51 +0300] "GET /google346bac590c7c3e89.xhtml HTTP/1.1" 302 0 "-" "Mozilla/5.0 (Windows NT 10.0; Win64; x64) AppleWebKit/537.36 (KHTML, like Gecko) Chrome/137.0.0.0 Safari/537.36"
178.249.213.185 - - [20/Oct/2025:05:31:52 +0300] "GET /google346bac590c7c3e89.html HTTP/1.0" 200 53 "-" "Mozilla/5.0 (Windows NT 10.0; Win64; x64) AppleWebKit/537.36 (KHTML, like Gecko) Chrome/137.0.0.0 Safari/537.36"
178.249.213.185 - - [20/Oct/2025:05:31:52 +0300] "GET /google346bac590c7c3e89.html HTTP/1.1" 200 64 "-" "Mozilla/5.0 (Windows NT 10.0; Win64; x64) AppleWebKit/537.36 (KHTML, like Gecko) Chrome/137.0.0.0 Safari/537.36"
20.171.207.28 - - [20/Oct/2025:05:31:52 +0300] "GET /pages.php?_bd_prev_page=https://bckln.ru/collect.aspx?003000712.htm&_bdsid=8i31wb.n~FBOZA.171882992.173951532&_gz=2.198475681.196329788.172254536-860287671.160667979 HTTP/1.0" 200 87121 "-" "Mozilla/5.0 AppleWebKit/537.36 (KHTML, like Gecko; compatible; GPTBot/1.2; +https://openai.com/gptbot)"
20.171.207.28 - - [20/Oct/2025:05:31:53 +0300] "GET /pages.php?_bd_prev_page=https://bckln.ru/collect.aspx?003000712.htm&_bdsid=8i31wb.n~FBOZA.171882992.173951532&_gz=2.198475681.196329788.172254536-860287671.160667979 HTTP/1.1" 200 87229 "-" "Mozilla/5.0 AppleWebKit/537.36 (KHTML, like Gecko; compatible; GPTBot/1.2; +https://openai.com/gptbot)"
178.249.213.185 - - [20/Oct/2025:05:31:55 +0300] "GET /favicon.ico HTTP/1.0" 200 71253 "https://bckln.ru/google346bac590c7c3e89.html" "Mozilla/5.0 (Windows NT 10.0; Win64; x64) AppleWebKit/537.36 (KHTML, like Gecko) Chrome/137.0.0.0 Safari/537.36"
178.249.213.185 - - [20/Oct/2025:05:31:56 +0300] "GET /favicon.ico HTTP/1.1" 200 71337 "https://bckln.ru/google346bac590c7c3e89.html" "Mozilla/5.0 (Windows NT 10.0; Win64; x64) AppleWebKit/537.36 (KHTML, like Gecko) Chrome/137.0.0.0 Safari/537.36"
20.171.207.28 - - [20/Oct/2025:05:31:55 +0300] "GET /pages.php?_bd_prev_page=https://bckln.ru/collect.aspx?product/partial25?c=g&_bdsid=8i31wb.n~FBOZA.171882992.173951532&_gz=2.198475681.196329788.172254536-860287671.160667979&l=781 HTTP/1.0" 200 90209 "-" "Mozilla/5.0 AppleWebKit/537.36 (KHTML, like Gecko; compatible; GPTBot/1.2; +https://openai.com/gptbot)"
20.171.207.28 - - [20/Oct/2025:05:31:56 +0300] "GET /pages.php?_bd_prev_page=https://bckln.ru/collect.aspx?product/partial25?c=g&_bdsid=8i31wb.n~FBOZA.171882992.173951532&_gz=2.198475681.196329788.172254536-860287671.160667979&l=781 HTTP/1.1" 200 90302 "-" "Mozilla/5.0 AppleWebKit/537.36 (KHTML, like Gecko; compatible; GPTBot/1.2; +https://openai.com/gptbot)"
20.171.207.28 - - [20/Oct/2025:05:31:58 +0300] "GET /pages.php?l=38373&product/do31?c=g HTTP/1.0" 200 82116 "-" "Mozilla/5.0 AppleWebKit/537.36 (KHTML, like Gecko; compatible; GPTBot/1.2; +https://openai.com/gptbot)"
20.171.207.28 - - [20/Oct/2025:05:31:59 +0300] "GET /pages.php?l=38373&product/do31?c=g HTTP/1.1" 200 82216 "-" "Mozilla/5.0 AppleWebKit/537.36 (KHTML, like Gecko; compatible; GPTBot/1.2; +https://openai.com/gptbot)"
23.22.59.87 - - [20/Oct/2025:05:31:59 +0300] "GET /prokat/?path=/var/www/iq22073873/data/www/bckln.ru/wp-content/plugins/wp-file-manager/lib/codemirror/mode/coffeescript HTTP/1.0" 200 19092 "-" "Mozilla/5.0 AppleWebKit/537.36 (KHTML, like Gecko; compatible; Amazonbot/0.1; +https://developer.amazon.com/support/amazonbot) Chrome/119.0.6045.214 Safari/537.36"
23.22.59.87 - - [20/Oct/2025:05:32:00 +0300] "GET /prokat/?path=/var/www/iq22073873/data/www/bckln.ru/wp-content/plugins/wp-file-manager/lib/codemirror/mode/coffeescript HTTP/1.1" 200 19120 "-" "Mozilla/5.0 AppleWebKit/537.36 (KHTML, like Gecko; compatible; Amazonbot/0.1; +https://developer.amazon.com/support/amazonbot) Chrome/119.0.6045.214 Safari/537.36"
20.171.207.28 - - [20/Oct/2025:05:32:01 +0300] "GET /pages.php?_bd_prev_page=https://bckln.ru/collect.aspx?031015160.htm&_bdsid=8i31wb.n~FBOZA.171882992.173951532&_gz=2.198475681.196329788.172254536-860287671.160667979 HTTP/1.0" 200 75992 "-" "Mozilla/5.0 AppleWebKit/537.36 (KHTML, like Gecko; compatible; GPTBot/1.2; +https://openai.com/gptbot)"
20.171.207.28 - - [20/Oct/2025:05:32:02 +0300] "GET /pages.php?_bd_prev_page=https://bckln.ru/collect.aspx?031015160.htm&_bdsid=8i31wb.n~FBOZA.171882992.173951532&_gz=2.198475681.196329788.172254536-860287671.160667979 HTTP/1.1" 200 76084 "-" "Mozilla/5.0 AppleWebKit/537.36 (KHTML, like Gecko; compatible; GPTBot/1.2; +https://openai.com/gptbot)"
173.208.176.202 - - [20/Oct/2025:05:30:19 +0300] "GET /wp-content/qq7b83be/index.php?id=501574 HTTP/1.0" 200 - "https://bckln.ru/wp-content/qq7b83be/index.php?id=501574" "Mozilla/5.0 (Windows NT 10.0; Win64; x64) AppleWebKit/537.36 (KHTML, like Gecko) Chrome/58.0.3029.110 Safari/537.3"
20.171.207.28 - - [20/Oct/2025:05:32:04 +0300] "GET /pages.php?_bd_prev_page=https://bckln.ru/collect.aspx?003000722.htm&_bdsid=8i31wb.n~FBOZA.171882992.173951532&_gz=2.198475681.196329788.172254536-860287671.160667979 HTTP/1.0" 200 74513 "-" "Mozilla/5.0 AppleWebKit/537.36 (KHTML, like Gecko; compatible; GPTBot/1.2; +https://openai.com/gptbot)"
20.171.207.28 - - [20/Oct/2025:05:32:05 +0300] "GET /pages.php?_bd_prev_page=https://bckln.ru/collect.aspx?003000722.htm&_bdsid=8i31wb.n~FBOZA.171882992.173951532&_gz=2.198475681.196329788.172254536-860287671.160667979 HTTP/1.1" 200 74605 "-" "Mozilla/5.0 AppleWebKit/537.36 (KHTML, like Gecko; compatible; GPTBot/1.2; +https://openai.com/gptbot)"
44.220.2.97 - - [20/Oct/2025:05:32:07 +0300] "GET /?path=/var/www/iq22073873/data/www/bckln.ru/wp-content/plugins/js_composer/assets/less/modules/ui HTTP/1.0" 200 41924 "-" "Mozilla/5.0 AppleWebKit/537.36 (KHTML, like Gecko; compatible; Amazonbot/0.1; +https://developer.amazon.com/support/amazonbot) Chrome/119.0.6045.214 Safari/537.36"
44.220.2.97 - - [20/Oct/2025:05:32:07 +0300] "GET /?path=/var/www/iq22073873/data/www/bckln.ru/wp-content/plugins/js_composer/assets/less/modules/ui HTTP/1.1" 200 41983 "-" "Mozilla/5.0 AppleWebKit/537.36 (KHTML, like Gecko; compatible; Amazonbot/0.1; +https://developer.amazon.com/support/amazonbot) Chrome/119.0.6045.214 Safari/537.36"
20.171.207.28 - - [20/Oct/2025:05:32:07 +0300] "GET /pages.php?l=32924&product/exploration86?c=g HTTP/1.0" 200 67197 "-" "Mozilla/5.0 AppleWebKit/537.36 (KHTML, like Gecko; compatible; GPTBot/1.2; +https://openai.com/gptbot)"
20.171.207.28 - - [20/Oct/2025:05:32:08 +0300] "GET /pages.php?l=32924&product/exploration86?c=g HTTP/1.1" 200 67281 "-" "Mozilla/5.0 AppleWebKit/537.36 (KHTML, like Gecko; compatible; GPTBot/1.2; +https://openai.com/gptbot)"
54.84.250.51 - - [20/Oct/2025:05:32:08 +0300] "GET /prokat/?path=/var/www/iq22073873/data/www/bckln.ru/wp-includes/js/tinymce/plugins/wpemoji HTTP/1.0" 200 16759 "-" "Mozilla/5.0 AppleWebKit/537.36 (KHTML, like Gecko; compatible; Amazonbot/0.1; +https://developer.amazon.com/support/amazonbot) Chrome/119.0.6045.214 Safari/537.36"
54.84.250.51 - - [20/Oct/2025:05:32:08 +0300] "GET /prokat/?path=/var/www/iq22073873/data/www/bckln.ru/wp-includes/js/tinymce/plugins/wpemoji HTTP/1.1" 200 16787 "-" "Mozilla/5.0 AppleWebKit/537.36 (KHTML, like Gecko; compatible; Amazonbot/0.1; +https://developer.amazon.com/support/amazonbot) Chrome/119.0.6045.214 Safari/537.36"
173.208.176.202 - - [20/Oct/2025:05:32:08 +0300] "GET /wp-content/qq7b83be/index.php?id=501574 HTTP/1.1" 499 0 "https://bckln.ru/wp-content/qq7b83be/index.php?id=501574" "Mozilla/5.0 (Windows NT 10.0; Win64; x64) AppleWebKit/537.36 (KHTML, like Gecko) Chrome/58.0.3029.110 Safari/537.3"
20.171.207.28 - - [20/Oct/2025:05:32:11 +0300] "GET /pages.php?_bd_prev_page=https://bckln.ru/collect.aspx?003000726.htm&_bdsid=8i31wb.n~FBOZA.171882992.173951532&_gz=2.198475681.196329788.172254536-860287671.160667979 HTTP/1.0" 200 80286 "-" "Mozilla/5.0 AppleWebKit/537.36 (KHTML, like Gecko; compatible; GPTBot/1.2; +https://openai.com/gptbot)"
20.171.207.28 - - [20/Oct/2025:05:32:12 +0300] "GET /pages.php?_bd_prev_page=https://bckln.ru/collect.aspx?003000726.htm&_bdsid=8i31wb.n~FBOZA.171882992.173951532&_gz=2.198475681.196329788.172254536-860287671.160667979 HTTP/1.1" 200 80386 "-" "Mozilla/5.0 AppleWebKit/537.36 (KHTML, like Gecko; compatible; GPTBot/1.2; +https://openai.com/gptbot)"
45.150.238.5 - - [20/Oct/2025:05:32:11 +0300] "GET / HTTP/1.0" 200 71253 "-" "Zabbix"
45.150.238.5 - - [20/Oct/2025:05:32:12 +0300] "GET / HTTP/1.1" 200 71337 "-" "Zabbix"
34.196.114.170 - - [20/Oct/2025:05:32:11 +0300] "GET /?path=/var/www/iq22073873/data/www/bckln.ru/wp-content/plugins/wp-file-manager/lib/codemirror/mode/stex HTTP/1.0" 200 20700 "-" "Mozilla/5.0 AppleWebKit/537.36 (KHTML, like Gecko; compatible; Amazonbot/0.1; +https://developer.amazon.com/support/amazonbot) Chrome/119.0.6045.214 Safari/537.36"
34.196.114.170 - - [20/Oct/2025:05:32:12 +0300] "GET /?path=/var/www/iq22073873/data/www/bckln.ru/wp-content/plugins/wp-file-manager/lib/codemirror/mode/stex HTTP/1.1" 200 20736 "-" "Mozilla/5.0 AppleWebKit/537.36 (KHTML, like Gecko; compatible; Amazonbot/0.1; +https://developer.amazon.com/support/amazonbot) Chrome/119.0.6045.214 Safari/537.36"
20.171.207.28 - - [20/Oct/2025:05:32:14 +0300] "GET /pages.php?_bd_prev_page=https://bckln.ru/collect.aspx?product/memory26?c=g&_bdsid=8i31wb.n~FBOZA.171882992.173951532&_gz=2.198475681.196329788.172254536-860287671.160667979&l=5606 HTTP/1.0" 200 79106 "-" "Mozilla/5.0 AppleWebKit/537.36 (KHTML, like Gecko; compatible; GPTBot/1.2; +https://openai.com/gptbot)"
20.171.207.28 - - [20/Oct/2025:05:32:14 +0300] "GET /pages.php?_bd_prev_page=https://bckln.ru/collect.aspx?product/memory26?c=g&_bdsid=8i31wb.n~FBOZA.171882992.173951532&_gz=2.198475681.196329788.172254536-860287671.160667979&l=5606 HTTP/1.1" 200 79206 "-" "Mozilla/5.0 AppleWebKit/537.36 (KHTML, like Gecko; compatible; GPTBot/1.2; +https://openai.com/gptbot)"
98.82.66.172 - - [20/Oct/2025:05:32:15 +0300] "GET /prokat/?path=/var/www/iq22073873/data/www/bckln.ru/wp-content/themes/dt-the7/inc/extensions/custom-meta-boxes/css HTTP/1.0" 200 18998 "-" "Mozilla/5.0 AppleWebKit/537.36 (KHTML, like Gecko; compatible; Amazonbot/0.1; +https://developer.amazon.com/support/amazonbot) Chrome/119.0.6045.214 Safari/537.36"
98.82.66.172 - - [20/Oct/2025:05:32:16 +0300] "GET /prokat/?path=/var/www/iq22073873/data/www/bckln.ru/wp-content/themes/dt-the7/inc/extensions/custom-meta-boxes/css HTTP/1.1" 200 19026 "-" "Mozilla/5.0 AppleWebKit/537.36 (KHTML, like Gecko; compatible; Amazonbot/0.1; +https://developer.amazon.com/support/amazonbot) Chrome/119.0.6045.214 Safari/537.36"
20.171.207.28 - - [20/Oct/2025:05:32:17 +0300] "GET /pages.php?_bd_prev_page=https://bckln.ru/collect.aspx?product/word20?c=g&_bdsid=8i31wb.n~FBOZA.171882992.173951532&_gz=2.198475681.196329788.172254536-860287671.160667979&l=35138 HTTP/1.0" 200 77424 "-" "Mozilla/5.0 AppleWebKit/537.36 (KHTML, like Gecko; compatible; GPTBot/1.2; +https://openai.com/gptbot)"
20.171.207.28 - - [20/Oct/2025:05:32:18 +0300] "GET /pages.php?_bd_prev_page=https://bckln.ru/collect.aspx?product/word20?c=g&_bdsid=8i31wb.n~FBOZA.171882992.173951532&_gz=2.198475681.196329788.172254536-860287671.160667979&l=35138 HTTP/1.1" 200 77516 "-" "Mozilla/5.0 AppleWebKit/537.36 (KHTML, like Gecko; compatible; GPTBot/1.2; +https://openai.com/gptbot)"
100.28.133.214 - - [20/Oct/2025:05:32:20 +0300] "GET /prokat/?path=/var/www/iq22073873/data/www/bckln.ru/wp-content/plugins/wp-file-manager/lib/codemirror/mode/tiddlywiki HTTP/1.0" 200 20861 "-" "Mozilla/5.0 AppleWebKit/537.36 (KHTML, like Gecko; compatible; Amazonbot/0.1; +https://developer.amazon.com/support/amazonbot) Chrome/119.0.6045.214 Safari/537.36"
100.28.133.214 - - [20/Oct/2025:05:32:21 +0300] "GET /prokat/?path=/var/www/iq22073873/data/www/bckln.ru/wp-content/plugins/wp-file-manager/lib/codemirror/mode/tiddlywiki HTTP/1.1" 200 20897 "-" "Mozilla/5.0 AppleWebKit/537.36 (KHTML, like Gecko; compatible; Amazonbot/0.1; +https://developer.amazon.com/support/amazonbot) Chrome/119.0.6045.214 Safari/537.36"
20.171.207.28 - - [20/Oct/2025:05:32:20 +0300] "GET /pages.php?l=721&product/pet3?c=g HTTP/1.0" 200 85407 "-" "Mozilla/5.0 AppleWebKit/537.36 (KHTML, like Gecko; compatible; GPTBot/1.2; +https://openai.com/gptbot)"
20.171.207.28 - - [20/Oct/2025:05:32:21 +0300] "GET /pages.php?l=721&product/pet3?c=g HTTP/1.1" 200 85507 "-" "Mozilla/5.0 AppleWebKit/537.36 (KHTML, like Gecko; compatible; GPTBot/1.2; +https://openai.com/gptbot)"
20.171.207.28 - - [20/Oct/2025:05:32:23 +0300] "GET /pages.php?_bd_prev_page=https://bckln.ru/collect.aspx?product/authority12?c=g&_bdsid=8i31wb.n~FBOZA.171882992.173951532&_gz=2.198475681.196329788.172254536-860287671.160667979&l=68 HTTP/1.0" 200 83214 "-" "Mozilla/5.0 AppleWebKit/537.36 (KHTML, like Gecko; compatible; GPTBot/1.2; +https://openai.com/gptbot)"
20.171.207.28 - - [20/Oct/2025:05:32:24 +0300] "GET /pages.php?_bd_prev_page=https://bckln.ru/collect.aspx?product/authority12?c=g&_bdsid=8i31wb.n~FBOZA.171882992.173951532&_gz=2.198475681.196329788.172254536-860287671.160667979&l=68 HTTP/1.1" 200 83314 "-" "Mozilla/5.0 AppleWebKit/537.36 (KHTML, like Gecko; compatible; GPTBot/1.2; +https://openai.com/gptbot)"
52.44.229.124 - - [20/Oct/2025:05:32:23 +0300] "GET /?path=/var/www/iq22073873/data/www/bckln.ru/wp-content/plugins/wp-file-manager/lib/codemirror/mode/julia HTTP/1.0" 200 18966 "-" "Mozilla/5.0 AppleWebKit/537.36 (KHTML, like Gecko; compatible; Amazonbot/0.1; +https://developer.amazon.com/support/amazonbot) Chrome/119.0.6045.214 Safari/537.36"
52.44.229.124 - - [20/Oct/2025:05:32:24 +0300] "GET /?path=/var/www/iq22073873/data/www/bckln.ru/wp-content/plugins/wp-file-manager/lib/codemirror/mode/julia HTTP/1.1" 200 18994 "-" "Mozilla/5.0 AppleWebKit/537.36 (KHTML, like Gecko; compatible; Amazonbot/0.1; +https://developer.amazon.com/support/amazonbot) Chrome/119.0.6045.214 Safari/537.36"
20.171.207.28 - - [20/Oct/2025:05:32:26 +0300] "GET /pages.php?l=955&product/title63?c=g HTTP/1.0" 200 74338 "-" "Mozilla/5.0 AppleWebKit/537.36 (KHTML, like Gecko; compatible; GPTBot/1.2; +https://openai.com/gptbot)"
20.171.207.28 - - [20/Oct/2025:05:32:27 +0300] "GET /pages.php?l=955&product/title63?c=g HTTP/1.1" 200 74430 "-" "Mozilla/5.0 AppleWebKit/537.36 (KHTML, like Gecko; compatible; GPTBot/1.2; +https://openai.com/gptbot)"
52.200.142.199 - - [20/Oct/2025:05:32:28 +0300] "GET /?path=/var/www/iq22073873/data/www/bckln.ru/wp-content/plugins/Ultimate_VC_Addons/admin/bsf-core/assets/images HTTP/1.0" 200 20937 "-" "Mozilla/5.0 AppleWebKit/537.36 (KHTML, like Gecko; compatible; Amazonbot/0.1; +https://developer.amazon.com/support/amazonbot) Chrome/119.0.6045.214 Safari/537.36"
52.200.142.199 - - [20/Oct/2025:05:32:29 +0300] "GET /?path=/var/www/iq22073873/data/www/bckln.ru/wp-content/plugins/Ultimate_VC_Addons/admin/bsf-core/assets/images HTTP/1.1" 200 20973 "-" "Mozilla/5.0 AppleWebKit/537.36 (KHTML, like Gecko; compatible; Amazonbot/0.1; +https://developer.amazon.com/support/amazonbot) Chrome/119.0.6045.214 Safari/537.36"
20.171.207.28 - - [20/Oct/2025:05:32:30 +0300] "GET /pages.php?_bd_prev_page=https://bckln.ru/collect.aspx?product/confess81?c=g&_bdsid=8i31wb.n~FBOZA.171882992.173951532&_gz=2.198475681.196329788.172254536-860287671.160667979&l=5379 HTTP/1.0" 200 91600 "-" "Mozilla/5.0 AppleWebKit/537.36 (KHTML, like Gecko; compatible; GPTBot/1.2; +https://openai.com/gptbot)"
20.171.207.28 - - [20/Oct/2025:05:32:31 +0300] "GET /pages.php?_bd_prev_page=https://bckln.ru/collect.aspx?product/confess81?c=g&_bdsid=8i31wb.n~FBOZA.171882992.173951532&_gz=2.198475681.196329788.172254536-860287671.160667979&l=5379 HTTP/1.1" 200 91708 "-" "Mozilla/5.0 AppleWebKit/537.36 (KHTML, like Gecko; compatible; GPTBot/1.2; +https://openai.com/gptbot)"
35.174.253.85 - - [20/Oct/2025:05:32:32 +0300] "GET /prokat/?fileloc=/var/www/iq22073873/data/www/bckln.ru/wp-content/plugins/convertplug/modules/info_bar/themes/get_this_deal.php&path=/var/www/iq22073873/data/www/bckln.ru/wp-content/plugins/convertplug/modules/info_bar/themes HTTP/1.0" 200 15342 "-" "Mozilla/5.0 AppleWebKit/537.36 (KHTML, like Gecko; compatible; Amazonbot/0.1; +https://developer.amazon.com/support/amazonbot) Chrome/119.0.6045.214 Safari/537.36"
35.174.253.85 - - [20/Oct/2025:05:32:33 +0300] "GET /prokat/?fileloc=/var/www/iq22073873/data/www/bckln.ru/wp-content/plugins/convertplug/modules/info_bar/themes/get_this_deal.php&path=/var/www/iq22073873/data/www/bckln.ru/wp-content/plugins/convertplug/modules/info_bar/themes HTTP/1.1" 200 15370 "-" "Mozilla/5.0 AppleWebKit/537.36 (KHTML, like Gecko; compatible; Amazonbot/0.1; +https://developer.amazon.com/support/amazonbot) Chrome/119.0.6045.214 Safari/537.36"
20.171.207.28 - - [20/Oct/2025:05:32:33 +0300] "GET /pages.php?_bd_prev_page=https://bckln.ru/collect.aspx?003000724.htm&_bdsid=8i31wb.n~FBOZA.171882992.173951532&_gz=2.198475681.196329788.172254536-860287671.160667979 HTTP/1.0" 200 86581 "-" "Mozilla/5.0 AppleWebKit/537.36 (KHTML, like Gecko; compatible; GPTBot/1.2; +https://openai.com/gptbot)"
20.171.207.28 - - [20/Oct/2025:05:32:33 +0300] "GET /pages.php?_bd_prev_page=https://bckln.ru/collect.aspx?003000724.htm&_bdsid=8i31wb.n~FBOZA.171882992.173951532&_gz=2.198475681.196329788.172254536-860287671.160667979 HTTP/1.1" 200 86689 "-" "Mozilla/5.0 AppleWebKit/537.36 (KHTML, like Gecko; compatible; GPTBot/1.2; +https://openai.com/gptbot)"
23.21.228.180 - - [20/Oct/2025:05:32:35 +0300] "GET /prokat/?fileloc=/var/www/iq22073873/data/www/bckln.ru/wp-content/themes/dt-the7/inc/extensions/options-framework/options-interface.php&path=/var/www/iq22073873/data/www/bckln.ru/wp-content/themes/dt-the7/inc/extensions/options-framework HTTP/1.0" 200 63931 "-" "Mozilla/5.0 AppleWebKit/537.36 (KHTML, like Gecko; compatible; Amazonbot/0.1; +https://developer.amazon.com/support/amazonbot) Chrome/119.0.6045.214 Safari/537.36"
23.21.228.180 - - [20/Oct/2025:05:32:36 +0300] "GET /prokat/?fileloc=/var/www/iq22073873/data/www/bckln.ru/wp-content/themes/dt-the7/inc/extensions/options-framework/options-interface.php&path=/var/www/iq22073873/data/www/bckln.ru/wp-content/themes/dt-the7/inc/extensions/options-framework HTTP/1.1" 200 64007 "-" "Mozilla/5.0 AppleWebKit/537.36 (KHTML, like Gecko; compatible; Amazonbot/0.1; +https://developer.amazon.com/support/amazonbot) Chrome/119.0.6045.214 Safari/537.36"
20.171.207.28 - - [20/Oct/2025:05:32:36 +0300] "GET /pages.php?_bd_prev_page=https://bckln.ru/collect.aspx?001000370.htm&_bdsid=8i31wb.n~FBOZA.171882992.173951532&_gz=2.198475681.196329788.172254536-860287671.160667979 HTTP/1.0" 200 86299 "-" "Mozilla/5.0 AppleWebKit/537.36 (KHTML, like Gecko; compatible; GPTBot/1.2; +https://openai.com/gptbot)"
20.171.207.28 - - [20/Oct/2025:05:32:37 +0300] "GET /pages.php?_bd_prev_page=https://bckln.ru/collect.aspx?001000370.htm&_bdsid=8i31wb.n~FBOZA.171882992.173951532&_gz=2.198475681.196329788.172254536-860287671.160667979 HTTP/1.1" 200 86376 "-" "Mozilla/5.0 AppleWebKit/537.36 (KHTML, like Gecko; compatible; GPTBot/1.2; +https://openai.com/gptbot)"
20.171.207.28 - - [20/Oct/2025:05:32:39 +0300] "GET /pages.php?l=25257&product/dog5?c=g HTTP/1.0" 200 77061 "-" "Mozilla/5.0 AppleWebKit/537.36 (KHTML, like Gecko; compatible; GPTBot/1.2; +https://openai.com/gptbot)"
20.171.207.28 - - [20/Oct/2025:05:32:40 +0300] "GET /pages.php?l=25257&product/dog5?c=g HTTP/1.1" 200 77153 "-" "Mozilla/5.0 AppleWebKit/537.36 (KHTML, like Gecko; compatible; GPTBot/1.2; +https://openai.com/gptbot)"
54.225.199.17 - - [20/Oct/2025:05:32:39 +0300] "GET /prokat/?fileloc=/var/www/iq22073873/data/www/bckln.ru/wp-content/plugins/js_composer/assets/less/backend_shortcodes/vc_pie.less&path=/var/www/iq22073873/data/www/bckln.ru/wp-content/plugins/js_composer/assets/less/backend_shortcodes HTTP/1.0" 200 13308 "-" "Mozilla/5.0 AppleWebKit/537.36 (KHTML, like Gecko; compatible; Amazonbot/0.1; +https://developer.amazon.com/support/amazonbot) Chrome/119.0.6045.214 Safari/537.36"
54.225.199.17 - - [20/Oct/2025:05:32:40 +0300] "GET /prokat/?fileloc=/var/www/iq22073873/data/www/bckln.ru/wp-content/plugins/js_composer/assets/less/backend_shortcodes/vc_pie.less&path=/var/www/iq22073873/data/www/bckln.ru/wp-content/plugins/js_composer/assets/less/backend_shortcodes HTTP/1.1" 200 13336 "-" "Mozilla/5.0 AppleWebKit/537.36 (KHTML, like Gecko; compatible; Amazonbot/0.1; +https://developer.amazon.com/support/amazonbot) Chrome/119.0.6045.214 Safari/537.36"
20.171.207.28 - - [20/Oct/2025:05:32:42 +0300] "GET /pages.php?_bd_prev_page=https://bckln.ru/collect.aspx?005000740.htm&_bdsid=8i31wb.n~FBOZA.171882992.173951532&_gz=2.198475681.196329788.172254536-860287671.160667979 HTTP/1.0" 200 73686 "-" "Mozilla/5.0 AppleWebKit/537.36 (KHTML, like Gecko; compatible; GPTBot/1.2; +https://openai.com/gptbot)"
20.171.207.28 - - [20/Oct/2025:05:32:43 +0300] "GET /pages.php?_bd_prev_page=https://bckln.ru/collect.aspx?005000740.htm&_bdsid=8i31wb.n~FBOZA.171882992.173951532&_gz=2.198475681.196329788.172254536-860287671.160667979 HTTP/1.1" 200 73777 "-" "Mozilla/5.0 AppleWebKit/537.36 (KHTML, like Gecko; compatible; GPTBot/1.2; +https://openai.com/gptbot)"
3.232.102.111 - - [20/Oct/2025:05:32:43 +0300] "GET /prokat/?fileloc=/var/www/iq22073873/data/www/bckln.ru/wp-content/themes/dt-the7/inc/mods/mega-menu/mega-menu.php&path=/var/www/iq22073873/data/www/bckln.ru/wp-content/themes/dt-the7/inc/mods/mega-menu HTTP/1.0" 200 13787 "-" "Mozilla/5.0 AppleWebKit/537.36 (KHTML, like Gecko; compatible; Amazonbot/0.1; +https://developer.amazon.com/support/amazonbot) Chrome/119.0.6045.214 Safari/537.36"
3.232.102.111 - - [20/Oct/2025:05:32:44 +0300] "GET /prokat/?fileloc=/var/www/iq22073873/data/www/bckln.ru/wp-content/themes/dt-the7/inc/mods/mega-menu/mega-menu.php&path=/var/www/iq22073873/data/www/bckln.ru/wp-content/themes/dt-the7/inc/mods/mega-menu HTTP/1.1" 200 13815 "-" "Mozilla/5.0 AppleWebKit/537.36 (KHTML, like Gecko; compatible; Amazonbot/0.1; +https://developer.amazon.com/support/amazonbot) Chrome/119.0.6045.214 Safari/537.36"
20.171.207.28 - - [20/Oct/2025:05:32:45 +0300] "GET /pages.php?_bd_prev_page=https://bckln.ru/collect.aspx?063024324.htm&_bdsid=8i31wb.n~FBOZA.171882992.173951532&_gz=2.198475681.196329788.172254536-860287671.160667979 HTTP/1.0" 200 83373 "-" "Mozilla/5.0 AppleWebKit/537.36 (KHTML, like Gecko; compatible; GPTBot/1.2; +https://openai.com/gptbot)"
20.171.207.28 - - [20/Oct/2025:05:32:46 +0300] "GET /pages.php?_bd_prev_page=https://bckln.ru/collect.aspx?063024324.htm&_bdsid=8i31wb.n~FBOZA.171882992.173951532&_gz=2.198475681.196329788.172254536-860287671.160667979 HTTP/1.1" 200 83466 "-" "Mozilla/5.0 AppleWebKit/537.36 (KHTML, like Gecko; compatible; GPTBot/1.2; +https://openai.com/gptbot)"
18.204.89.56 - - [20/Oct/2025:05:32:47 +0300] "GET /prokat/?fileloc=/var/www/iq22073873/data/www/bckln.ru/wp-content/plugins/js_composer/assets/vc/fe/preloader.gif&path=/var/www/iq22073873/data/www/bckln.ru/wp-content/plugins/js_composer/assets/vc/fe HTTP/1.0" 200 13180 "-" "Mozilla/5.0 AppleWebKit/537.36 (KHTML, like Gecko; compatible; Amazonbot/0.1; +https://developer.amazon.com/support/amazonbot) Chrome/119.0.6045.214 Safari/537.36"
18.204.89.56 - - [20/Oct/2025:05:32:47 +0300] "GET /prokat/?fileloc=/var/www/iq22073873/data/www/bckln.ru/wp-content/plugins/js_composer/assets/vc/fe/preloader.gif&path=/var/www/iq22073873/data/www/bckln.ru/wp-content/plugins/js_composer/assets/vc/fe HTTP/1.1" 200 13207 "-" "Mozilla/5.0 AppleWebKit/537.36 (KHTML, like Gecko; compatible; Amazonbot/0.1; +https://developer.amazon.com/support/amazonbot) Chrome/119.0.6045.214 Safari/537.36"
20.171.207.28 - - [20/Oct/2025:05:32:48 +0300] "GET /pages.php?_bd_prev_page=https://bckln.ru/collect.aspx?063024320.htm&_bdsid=8i31wb.n~FBOZA.171882992.173951532&_gz=2.198475681.196329788.172254536-860287671.160667979 HTTP/1.0" 200 80105 "-" "Mozilla/5.0 AppleWebKit/537.36 (KHTML, like Gecko; compatible; GPTBot/1.2; +https://openai.com/gptbot)"
20.171.207.28 - - [20/Oct/2025:05:32:49 +0300] "GET /pages.php?_bd_prev_page=https://bckln.ru/collect.aspx?063024320.htm&_bdsid=8i31wb.n~FBOZA.171882992.173951532&_gz=2.198475681.196329788.172254536-860287671.160667979 HTTP/1.1" 200 80205 "-" "Mozilla/5.0 AppleWebKit/537.36 (KHTML, like Gecko; compatible; GPTBot/1.2; +https://openai.com/gptbot)"
20.171.207.28 - - [20/Oct/2025:05:32:52 +0300] "GET /pages.php?_bd_prev_page=https://bckln.ru/collect.aspx?001000366.htm&_bdsid=8i31wb.n~FBOZA.171882992.173951532&_gz=2.198475681.196329788.172254536-860287671.160667979 HTTP/1.0" 200 78905 "-" "Mozilla/5.0 AppleWebKit/537.36 (KHTML, like Gecko; compatible; GPTBot/1.2; +https://openai.com/gptbot)"
20.171.207.28 - - [20/Oct/2025:05:32:53 +0300] "GET /pages.php?_bd_prev_page=https://bckln.ru/collect.aspx?001000366.htm&_bdsid=8i31wb.n~FBOZA.171882992.173951532&_gz=2.198475681.196329788.172254536-860287671.160667979 HTTP/1.1" 200 79005 "-" "Mozilla/5.0 AppleWebKit/537.36 (KHTML, like Gecko; compatible; GPTBot/1.2; +https://openai.com/gptbot)"
3.208.146.193 - - [20/Oct/2025:05:32:52 +0300] "GET /prokat/?fileloc=/var/www/iq22073873/data/www/bckln.ru/wp-content/plugins/js_composer/assets/js/post-catalog/index.php&path=/var/www/iq22073873/data/www/bckln.ru/wp-content/plugins/js_composer/assets/js/post-catalog HTTP/1.0" 200 14999 "-" "Mozilla/5.0 AppleWebKit/537.36 (KHTML, like Gecko; compatible; Amazonbot/0.1; +https://developer.amazon.com/support/amazonbot) Chrome/119.0.6045.214 Safari/537.36"
3.208.146.193 - - [20/Oct/2025:05:32:53 +0300] "GET /prokat/?fileloc=/var/www/iq22073873/data/www/bckln.ru/wp-content/plugins/js_composer/assets/js/post-catalog/index.php&path=/var/www/iq22073873/data/www/bckln.ru/wp-content/plugins/js_composer/assets/js/post-catalog HTTP/1.1" 200 15027 "-" "Mozilla/5.0 AppleWebKit/537.36 (KHTML, like Gecko; compatible; Amazonbot/0.1; +https://developer.amazon.com/support/amazonbot) Chrome/119.0.6045.214 Safari/537.36"
20.171.207.28 - - [20/Oct/2025:05:32:55 +0300] "GET /pages.php?_bd_prev_page=https://bckln.ru/collect.aspx?product/ideal31?c=g&_bdsid=8i31wb.n~FBOZA.171882992.173951532&_gz=2.198475681.196329788.172254536-860287671.160667979&l=345 HTTP/1.0" 200 73376 "-" "Mozilla/5.0 AppleWebKit/537.36 (KHTML, like Gecko; compatible; GPTBot/1.2; +https://openai.com/gptbot)"
20.171.207.28 - - [20/Oct/2025:05:32:56 +0300] "GET /pages.php?_bd_prev_page=https://bckln.ru/collect.aspx?product/ideal31?c=g&_bdsid=8i31wb.n~FBOZA.171882992.173951532&_gz=2.198475681.196329788.172254536-860287671.160667979&l=345 HTTP/1.1" 200 73460 "-" "Mozilla/5.0 AppleWebKit/537.36 (KHTML, like Gecko; compatible; GPTBot/1.2; +https://openai.com/gptbot)"
98.83.10.183 - - [20/Oct/2025:05:32:55 +0300] "GET /prokat/?fileloc=/var/www/iq22073873/data/www/bckln.ru/wp-content/plugins/js_composer/assets/less/shortcodes/vc_pagination.less&path=/var/www/iq22073873/data/www/bckln.ru/wp-content/plugins/js_composer/assets/less/shortcodes HTTP/1.0" 200 20821 "-" "Mozilla/5.0 AppleWebKit/537.36 (KHTML, like Gecko; compatible; Amazonbot/0.1; +https://developer.amazon.com/support/amazonbot) Chrome/119.0.6045.214 Safari/537.36"
98.83.10.183 - - [20/Oct/2025:05:32:56 +0300] "GET /prokat/?fileloc=/var/www/iq22073873/data/www/bckln.ru/wp-content/plugins/js_composer/assets/less/shortcodes/vc_pagination.less&path=/var/www/iq22073873/data/www/bckln.ru/wp-content/plugins/js_composer/assets/less/shortcodes HTTP/1.1" 200 20857 "-" "Mozilla/5.0 AppleWebKit/537.36 (KHTML, like Gecko; compatible; Amazonbot/0.1; +https://developer.amazon.com/support/amazonbot) Chrome/119.0.6045.214 Safari/537.36"
20.171.207.28 - - [20/Oct/2025:05:32:58 +0300] "GET /pages.php?_bd_prev_page=https://bckln.ru/collect.aspx?005000316.htm&_bdsid=8i31wb.n~FBOZA.171882992.173951532&_gz=2.198475681.196329788.172254536-860287671.160667979 HTTP/1.0" 200 75489 "-" "Mozilla/5.0 AppleWebKit/537.36 (KHTML, like Gecko; compatible; GPTBot/1.2; +https://openai.com/gptbot)"
20.171.207.28 - - [20/Oct/2025:05:32:59 +0300] "GET /pages.php?_bd_prev_page=https://bckln.ru/collect.aspx?005000316.htm&_bdsid=8i31wb.n~FBOZA.171882992.173951532&_gz=2.198475681.196329788.172254536-860287671.160667979 HTTP/1.1" 200 75581 "-" "Mozilla/5.0 AppleWebKit/537.36 (KHTML, like Gecko; compatible; GPTBot/1.2; +https://openai.com/gptbot)"
52.204.89.12 - - [20/Oct/2025:05:32:59 +0300] "GET /prokat/?fileloc=/var/www/iq22073873/data/www/bckln.ru/wp-content/plugins/js_composer/assets/less/backend_shortcodes/vc_toggle.less&path=/var/www/iq22073873/data/www/bckln.ru/wp-content/plugins/js_composer/assets/less/backend_shortcodes HTTP/1.0" 200 13824 "-" "Mozilla/5.0 AppleWebKit/537.36 (KHTML, like Gecko; compatible; Amazonbot/0.1; +https://developer.amazon.com/support/amazonbot) Chrome/119.0.6045.214 Safari/537.36"
52.204.89.12 - - [20/Oct/2025:05:33:00 +0300] "GET /prokat/?fileloc=/var/www/iq22073873/data/www/bckln.ru/wp-content/plugins/js_composer/assets/less/backend_shortcodes/vc_toggle.less&path=/var/www/iq22073873/data/www/bckln.ru/wp-content/plugins/js_composer/assets/less/backend_shortcodes HTTP/1.1" 200 13852 "-" "Mozilla/5.0 AppleWebKit/537.36 (KHTML, like Gecko; compatible; Amazonbot/0.1; +https://developer.amazon.com/support/amazonbot) Chrome/119.0.6045.214 Safari/537.36"
20.171.207.28 - - [20/Oct/2025:05:33:01 +0300] "GET /pages.php?_bd_prev_page=https://bckln.ru/collect.aspx?063045998.htm&_bdsid=8i31wb.n~FBOZA.171882992.173951532&_gz=2.198475681.196329788.172254536-860287671.160667979 HTTP/1.0" 200 73129 "-" "Mozilla/5.0 AppleWebKit/537.36 (KHTML, like Gecko; compatible; GPTBot/1.2; +https://openai.com/gptbot)"
20.171.207.28 - - [20/Oct/2025:05:33:02 +0300] "GET /pages.php?_bd_prev_page=https://bckln.ru/collect.aspx?063045998.htm&_bdsid=8i31wb.n~FBOZA.171882992.173951532&_gz=2.198475681.196329788.172254536-860287671.160667979 HTTP/1.1" 200 73213 "-" "Mozilla/5.0 AppleWebKit/537.36 (KHTML, like Gecko; compatible; GPTBot/1.2; +https://openai.com/gptbot)"
98.82.66.172 - - [20/Oct/2025:05:33:03 +0300] "GET /prokat/?fileloc=/var/www/iq22073873/data/www/bckln.ru/wp-content/themes/dt-the7/template-parts/blog/masonry/blog-masonry-post-media-content-video.php&path=/var/www/iq22073873/data/www/bckln.ru/wp-content/themes/dt-the7/template-parts/blog/masonry HTTP/1.0" 200 14869 "-" "Mozilla/5.0 AppleWebKit/537.36 (KHTML, like Gecko; compatible; Amazonbot/0.1; +https://developer.amazon.com/support/amazonbot) Chrome/119.0.6045.214 Safari/537.36"
98.82.66.172 - - [20/Oct/2025:05:33:04 +0300] "GET /prokat/?fileloc=/var/www/iq22073873/data/www/bckln.ru/wp-content/themes/dt-the7/template-parts/blog/masonry/blog-masonry-post-media-content-video.php&path=/var/www/iq22073873/data/www/bckln.ru/wp-content/themes/dt-the7/template-parts/blog/masonry HTTP/1.1" 200 14897 "-" "Mozilla/5.0 AppleWebKit/537.36 (KHTML, like Gecko; compatible; Amazonbot/0.1; +https://developer.amazon.com/support/amazonbot) Chrome/119.0.6045.214 Safari/537.36"
20.171.207.28 - - [20/Oct/2025:05:33:04 +0300] "GET /pages.php?_bd_prev_page=https://bckln.ru/collect.aspx?001000360.htm&_bdsid=8i31wb.n~FBOZA.171882992.173951532&_gz=2.198475681.196329788.172254536-860287671.160667979 HTTP/1.0" 200 73664 "-" "Mozilla/5.0 AppleWebKit/537.36 (KHTML, like Gecko; compatible; GPTBot/1.2; +https://openai.com/gptbot)"
20.171.207.28 - - [20/Oct/2025:05:33:05 +0300] "GET /pages.php?_bd_prev_page=https://bckln.ru/collect.aspx?001000360.htm&_bdsid=8i31wb.n~FBOZA.171882992.173951532&_gz=2.198475681.196329788.172254536-860287671.160667979 HTTP/1.1" 200 73755 "-" "Mozilla/5.0 AppleWebKit/537.36 (KHTML, like Gecko; compatible; GPTBot/1.2; +https://openai.com/gptbot)"
